000
CXUS51 KGYX 030157
CF6GYX
PRELIMINARY LOCAL CLIMATOLOGICAL DATA (WS FORM: F-6)
STATION: GRAY ME
MONTH: OCTOBER
YEAR: 2020
LATITUDE: 43 53 N
LONGITUDE: 70 15 W
TEMPERATURE IN F: :PCPN: SNOW: WIND :SUNSHINE: SKY :PK WND
================================================================================
1 2 3 4 5 6A 6B 7 8 9 10 11 12 13 14 15 16 17 18
12Z AVG MX 2MIN
DY MAX MIN AVG DEP HDD CDD WTR SNW DPTH SPD SPD DIR MIN PSBL S-S WX SPD DR
================================================================================
1 70 48 59 5 6 0 0.00 0.0 0 M M M M M M M M
2 56 46 51 -3 14 0 0.05 0.0 0 M M M M M M M M
3 62 43 53 0 12 0 0.07 0.0 0 M M M M M M M M
4 61 42 52 -1 13 0 T 0.0 0 M M M M M M M M
5 63 47 55 2 10 0 T 0.0 0 M M M M M M M M
6 62 49 56 4 9 0 T 0.0 0 M M M M M M M M
7 67 51 59 7 6 0 0.12 0.0 0 M M M M M M M M
8 55 39 47 -5 18 0 0.00 0.0 0 M M M M M M M M
9 56 33 45 -6 20 0 0.00 0.0 0 M M M M M M M M
10 76 46 61 10 4 0 0.06 0.0 0 M M M M M M M M
11 56 38 47 -4 18 0 0.00 0.0 0 M M M M M M M M
12 50 33 42 -8 23 0 0.00 0.0 0 M M M M M M M M
13 48 40 44 -6 21 0 1.93 0.0 0 M M M M M M M M
14 67 46 57 7 8 0 0.01 0.0 0 M M M M M M M M
15 66 44 55 6 10 0 0.00 0.0 0 M M M M M M M M
16 64 51 58 9 7 0 0.47 0.0 0 M M M M M M M M
17 51 40 46 -3 19 0 1.41 0.0 0 M M M M M M M M
18 57 33 45 -3 20 0 0.00 0.0 0 M M M M M M M M
19 59 35 47 -1 18 0 T 0.0 0 M M M M M M M M
20 61 46 54 6 11 0 0.04 0.0 0 M M M M M M M M
21 54 47 51 4 14 0 0.05 0.0 0 M M M M M M M M
22 66 50 58 11 7 0 0.01 0.0 0 M M M M M M M M
23 57 50 54 7 11 0 0.00 0.0 0 M M M M M M M M
24 60 40 50 4 15 0 T 0.0 0 M M M M M M M M
25 48 35 42 -4 23 0 0.00 0.0 0 M M M M M M M M
26 44 34 39 -7 26 0 0.17 0.0 0 M M M M M M M M
27 51 37 44 -2 21 0 0.01 0.0 0 M M M M M M M M
28 37 32 35 -10 30 0 0.09 T 0 M M M M M M M M
29 44 34 39 -6 26 0 0.37 0.0 0 M M M M M M M M
30 35 30 33 -12 32 0 T T 0 M M M M M M M M
31 44 24 34 -10 31 0 0.00 0.0 0 M M M M M M M M
================================================================================
SM 1747 1263 503 0 4.86 T M M M
================================================================================
AV 56.4 40.7 M FASTST M M 6 MAX(MPH)
MISC ----> M M M M
================================================================================
NOTES:
# LAST OF SEVERAL OCCURRENCES
COLUMN 17 PEAK WIND IN M.P.H.
PRELIMINARY LOCAL CLIMATOLOGICAL DATA (WS FORM: F-6) , PAGE 2
STATION: GRAY ME
MONTH: OCTOBER
YEAR: 2020
LATITUDE: 43 53 N
LONGITUDE: 70 15 W
[TEMPERATURE DATA] [PRECIPITATION DATA] SYMBOLS USED IN COLUMN 16
AVERAGE MONTHLY: 48.6 TOTAL FOR MONTH: 4.86 1 = FOG OR MIST
DPTR FM NORMAL: -0.6 DPTR FM NORMAL: -0.28 2 = FOG REDUCING VISIBILITY
HIGHEST: 76 ON 10 GRTST 24HR 1.93 ON 13-13 TO 1/4 MILE OR LESS
LOWEST: 24 ON 31 3 = THUNDER
SNOW, ICE PELLETS, HAIL 4 = ICE PELLETS
TOTAL MONTH: T 5 = HAIL
GRTST 24HR T ON 30-30 6 = FREEZING RAIN OR DRIZZLE
GRTST DEPTH: 0 7 = DUSTSTORM OR SANDSTORM:
VSBY 1/2 MILE OR LESS
8 = SMOKE OR HAZE
[NO. OF DAYS WITH] [WEATHER - DAYS WITH] 9 = BLOWING SNOW
X = TORNADO
MAX 32 OR BELOW: 0 0.01 INCH OR MORE: 15
MAX 90 OR ABOVE: 0 0.10 INCH OR MORE: 6
MIN 32 OR BELOW: 3 0.50 INCH OR MORE: 2
MIN 0 OR BELOW: 0 1.00 INCH OR MORE: 2
[HDD (BASE 65) ]
TOTAL THIS MO. 503 CLEAR (SCALE 0-3) 0
DPTR FM NORMAL 7 PTCLDY (SCALE 4-7) 0
TOTAL FM JUL 1 682 CLOUDY (SCALE 8-10) 0
DPTR FM NORMAL -18
[CDD (BASE 65) ]
TOTAL THIS MO. 0
DPTR FM NORMAL -2 [PRESSURE DATA]
TOTAL FM JAN 1 548 HIGHEST SLP M ON M
DPTR FM NORMAL 159 LOWEST SLP M ON M
[REMARKS]
#FINAL-10-20#