000
CXUS54 KHGX 011603
CF6HOU
PRELIMINARY LOCAL CLIMATOLOGICAL DATA (WS FORM: F-6)
STATION: HOUSTON/HOBBY AIRPORT
MONTH: JANUARY
YEAR: 2021
LATITUDE: 29 38 N
LONGITUDE: 95 17 W
TEMPERATURE IN F: :PCPN: SNOW: WIND :SUNSHINE: SKY :PK WND
================================================================================
1 2 3 4 5 6A 6B 7 8 9 10 11 12 13 14 15 16 17 18
12Z AVG MX 2MIN
DY MAX MIN AVG DEP HDD CDD WTR SNW DPTH SPD SPD DIR MIN PSBL S-S WX SPD DR
================================================================================
1 56 40 48 -6 17 0 0.00 0.0 0 10.8 21 250 M M 5 27 240
2 59 41 50 -4 15 0 0.00 0.0 0 6.6 17 340 M M 3 22 310
3 69 42 56 2 9 0 0.00 0.0 0 8.7 17 180 M M 2 22 200
4 76 48 62 8 3 0 0.00 0.0 0 4.1 17 230 M M 1 1 22 230
5 70 50 60 6 5 0 0.00 0.0 0 7.4 16 120 M M 3 1 21 110
6 76 53 65 11 0 0 0.41 0.0 0 13.1 26 310 M M 7 13 36 310
7 61 45 53 -1 12 0 0.00 0.0 0 13.2 21 320 M M 2 8 27 310
8 55 41 48 -6 17 0 0.00 0.0 0 8.3 16 340 M M 5 21 330
9 56 38 47 -7 18 0 T 0.0 0 5.2 13 90 M M 5 14 80
10 50 37 44 -10 21 0 1.14 T 0 15.8 24 20 M M 10 1 32 20
11 47 36 42 -12 23 0 0.00 0.0 0 12.6 21 340 M M 9 26 340
12 51 33 42 -12 23 0 0.00 0.0 0 3.9 9 250 M M 5 18 12 250
13 61 38 50 -4 15 0 0.00 0.0 0 6.2 14 220 M M 1 16 200
14 75 40 58 4 7 0 0.00 0.0 0 9.9 24 270 M M 0 31 210
15 62 43 53 -1 12 0 0.00 0.0 0 12.7 28 290 M M 0 37 300
16 61 41 51 -3 14 0 0.00 0.0 0 6.8 16 310 M M 2 8 23 260
17 69 38 54 0 11 0 0.00 0.0 0 4.8 14 320 M M 2 18 330
18 71 41 56 2 9 0 T 0.0 0 8.2 20 170 M M 5 25 140
19 76 60 68 14 0 3 0.00 0.0 0 9.7 20 140 M M 7 24 170
20 64 59 62 8 3 0 0.00 0.0 0 7.0 14 120 M M 10 128 17 130
21 71 61 66 12 0 1 0.06 0.0 0 5.6 10 220 M M 10 12 12 220
22 72 63 68 14 0 3 0.01 0.0 0 5.2 10 50 M M 9 1 13 50
23 66 61 64 10 1 0 0.07 0.0 0 10.4 20 100 M M 10 18 25 100
24 79 61 70 16 0 5 0.01 0.0 0 12.0 22 160 M M 10 12 30 170
25 81 67 74 20 0 9 0.01 0.0 0 11.1 22 160 M M 9 1 35 160
26 78 60 69 15 0 4 0.00 0.0 0 7.4 15 90 M M 8 18 40
27 70 51 61 7 4 0 0.00 0.0 0 16.2 28 350 M M 7 35 360
28 62 42 52 -3 13 0 0.00 0.0 0 8.4 17 40 M M 6 23 50
29 65 43 54 -1 11 0 0.00 0.0 0 7.7 17 130 M M 5 22 110
30 76 56 66 11 0 1 T 0.0 0 13.1 26 190 M M 9 34 190
31 70 52 61 6 4 0 0.00 0.0 0 13.8 23 340 M M 2 29 330
================================================================================
SM 2055 1481 267 26 1.71 T 285.9 M 169
================================================================================
AV 66.3 47.8 9.2 FASTST M M 5 MAX(MPH)
MISC ----> # 28 290 37 300
================================================================================
NOTES:
# LAST OF SEVERAL OCCURRENCES
COLUMN 17 PEAK WIND IN M.P.H.
PRELIMINARY LOCAL CLIMATOLOGICAL DATA (WS FORM: F-6) , PAGE 2
STATION: HOUSTON/HOBBY AIRPORT
MONTH: JANUARY
YEAR: 2021
LATITUDE: 29 38 N
LONGITUDE: 95 17 W
[TEMPERATURE DATA] [PRECIPITATION DATA] SYMBOLS USED IN COLUMN 16
AVERAGE MONTHLY: 57.0 TOTAL FOR MONTH: 1.71 1 = FOG OR MIST
DPTR FM NORMAL: 2.9 DPTR FM NORMAL: -2.16 2 = FOG REDUCING VISIBILITY
HIGHEST: 81 ON 25 GRTST 24HR 1.50 ON 31- 1 TO 1/4 MILE OR LESS
LOWEST: 33 ON 12 3 = THUNDER
SNOW, ICE PELLETS, HAIL 4 = ICE PELLETS
TOTAL MONTH: T 5 = HAIL
GRTST 24HR T ON 10-10 6 = FREEZING RAIN OR DRIZZLE
GRTST DEPTH: 0 7 = DUSTSTORM OR SANDSTORM:
VSBY 1/2 MILE OR LESS
8 = SMOKE OR HAZE
[NO. OF DAYS WITH] [WEATHER - DAYS WITH] 9 = BLOWING SNOW
X = TORNADO
MAX 32 OR BELOW: 0 0.01 INCH OR MORE: 7
MAX 90 OR ABOVE: 0 0.10 INCH OR MORE: 2
MIN 32 OR BELOW: 0 0.50 INCH OR MORE: 1
MIN 0 OR BELOW: 0 1.00 INCH OR MORE: 1
[HDD (BASE 65) ]
TOTAL THIS MO. 267 CLEAR (SCALE 0-3) 11
DPTR FM NORMAL -88 PTCLDY (SCALE 4-7) 11
TOTAL FM JUL 1 573 CLOUDY (SCALE 8-10) 9
DPTR FM NORMAL -262
[CDD (BASE 65) ]
TOTAL THIS MO. 26
DPTR FM NORMAL 10 [PRESSURE DATA]
TOTAL FM JAN 1 26 HIGHEST SLP 30.59 ON 28
DPTR FM NORMAL 10 LOWEST SLP 29.68 ON 25
[REMARKS]
#FINAL-01-21#