000
CXUS54 KBMX 011010
CF6MGM
PRELIMINARY LOCAL CLIMATOLOGICAL DATA (WS FORM: F-6)
STATION: MONTGOMERY
MONTH: MAY
YEAR: 2021
LATITUDE: 32 17 N
LONGITUDE: 86 24 W
TEMPERATURE IN F: :PCPN: SNOW: WIND :SUNSHINE: SKY :PK WND
================================================================================
1 2 3 4 5 6A 6B 7 8 9 10 11 12 13 14 15 16 17 18
12Z AVG MX 2MIN
DY MAX MIN AVG DEP HDD CDD WTR SNW DPTH SPD SPD DIR MIN PSBL S-S WX SPD DR
================================================================================
1 83 55 69 -1 0 4 0.00 0.0 0 3.1 14 50 M M 0 17 50
2 81 62 72 2 0 7 0.06 0.0 0 6.9 15 150 M M 1 20 140
3 89 71 80 10 0 15 0.72 0.0 0 8.7 28 210 M M 7 13 39 220
4 91 66 79 9 0 14 0.76 0.0 M 9.9 38 290 M M 6 13 58 280
5 77 64 71 0 0 6 0.00 0.0 0 6.3 13 290 M M 7 17 250
6 77 55 66 -5 0 1 0.00 0.0 0 6.4 15 330 M M 0 25 300
7 76 50 63 -8 2 0 0.00 0.0 0 6.5 18 310 M M 0 26 320
8 81 48 65 -7 0 0 0.00 0.0 0 3.5 9 170 M M 0 16 180
9 88 55 72 0 0 7 0.00 0.0 0 7.6 20 210 M M 1 26 210
10 82 65 74 2 0 9 0.22 0.0 0 5.3 20 330 M M 6 26 330
11 82 68 75 3 0 10 0.00 0.0 0 4.6 20 230 M M 5 26 240
12 71 58 65 -8 0 0 0.39 0.0 0 8.0 16 70 M M 10 1 21 50
13 75 53 64 -9 1 0 0.00 0.0 0 7.2 15 60 M M 5 23 10
14 79 50 65 -8 0 0 0.00 0.0 0 1.7 13 50 M M 1 17 50
15 81 52 67 -6 0 2 0.00 0.0 0 3.1 12 130 M M 1 16 80
16 83 55 69 -5 0 4 0.00 0.0 0 4.2 13 130 M M 0 17 170
17 85 56 71 -3 0 6 0.00 0.0 0 6.5 16 130 M M 1 22 130
18 85 69 77 3 0 12 0.02 0.0 M 10.8 22 110 M M 2 29 110
19 86 67 77 3 0 12 0.00 0.0 0 12.1 22 100 M M 2 26 110
20 86 66 76 1 0 11 0.00 0.0 0 12.3 21 80 M M 0 27 100
21 88 62 75 0 0 10 0.00 0.0 0 9.2 22 120 M M 1 28 110
22 86 62 74 -1 0 9 0.00 0.0 0 5.8 14 110 M M 0 20 80
23 90 62 76 0 0 11 0.00 0.0 0 2.3 9 60 M M 1 13 70
24 92 63 78 2 0 13 0.00 0.0 0 3.4 9 280 M M 0 13 260
25 91 65 78 2 0 13 0.00 0.0 0 3.7 12 200 M M 1 13 220
26 89 63 76 0 0 11 0.00 0.0 0 4.2 13 290 M M 1 20 280
27 91 71 81 4 0 16 0.01 0.0 0 5.2 12 260 M M 5 17 260
28 91 70 81 4 0 16 0.27 0.0 0 8.0 24 330 M M 4 13 31 330
29 80 60 70 -7 0 5 0.00 0.0 0 8.4 18 310 M M 2 1 22 300
30 81 56 69 -8 0 4 0.00 0.0 0 6.2 13 40 M M 0 20 30
31 87 57 72 -6 0 7 0.00 0.0 0 5.3 14 110 M M 1 18 110
================================================================================
SM 2604 1876 3 235 2.45 0.0 196.4 M 71
================================================================================
AV 84.0 60.5 6.3 FASTST M M 2 MAX(MPH)
MISC ----> 38 290 58 280
================================================================================
NOTES:
# LAST OF SEVERAL OCCURRENCES
COLUMN 17 PEAK WIND IN M.P.H.
PRELIMINARY LOCAL CLIMATOLOGICAL DATA (WS FORM: F-6) , PAGE 2
STATION: MONTGOMERY
MONTH: MAY
YEAR: 2021
LATITUDE: 32 17 N
LONGITUDE: 86 24 W
[TEMPERATURE DATA] [PRECIPITATION DATA] SYMBOLS USED IN COLUMN 16
AVERAGE MONTHLY: 72.3 TOTAL FOR MONTH: 2.45 1 = FOG OR MIST
DPTR FM NORMAL: -1.3 DPTR FM NORMAL: -1.43 2 = FOG REDUCING VISIBILITY
HIGHEST: 92 ON 24 GRTST 24HR 0.77 ON 3- 4 TO 1/4 MILE OR LESS
LOWEST: 48 ON 8 3 = THUNDER
SNOW, ICE PELLETS, HAIL 4 = ICE PELLETS
TOTAL MONTH: 0.0 INCH 5 = HAIL
GRTST 24HR 0.0 6 = FREEZING RAIN OR DRIZZLE
GRTST DEPTH: 0 7 = DUSTSTORM OR SANDSTORM:
VSBY 1/2 MILE OR LESS
8 = SMOKE OR HAZE
[NO. OF DAYS WITH] [WEATHER - DAYS WITH] 9 = BLOWING SNOW
X = TORNADO
MAX 32 OR BELOW: 0 0.01 INCH OR MORE: 8
MAX 90 OR ABOVE: 6 0.10 INCH OR MORE: 5
MIN 32 OR BELOW: 0 0.50 INCH OR MORE: 2
MIN 0 OR BELOW: 0 1.00 INCH OR MORE: 0
[HDD (BASE 65) ]
TOTAL THIS MO. 3 CLEAR (SCALE 0-3) 22
DPTR FM NORMAL -5 PTCLDY (SCALE 4-7) 8
TOTAL FM JUL 1 1799 CLOUDY (SCALE 8-10) 1
DPTR FM NORMAL -197
[CDD (BASE 65) ]
TOTAL THIS MO. 235
DPTR FM NORMAL -42 [PRESSURE DATA]
TOTAL FM JAN 1 385 HIGHEST SLP M ON M
DPTR FM NORMAL -40 LOWEST SLP 29.77 ON 4
[REMARKS]
#FINAL-05-21#