000
CXUS54 KLIX 020112
CF6MSY
PRELIMINARY LOCAL CLIMATOLOGICAL DATA (WS FORM: F-6)
STATION: NEW ORLEANS
MONTH: JULY
YEAR: 2023
LATITUDE: 29 58 N
LONGITUDE: 90 15 W
TEMPERATURE IN F: :PCPN: SNOW: WIND :SUNSHINE: SKY :PK WND
================================================================================
1 2 3 4 5 6A 6B 7 8 9 10 11 12 13 14 15 16 17 18
12Z AVG MX 2MIN
DY MAX MIN AVG DEP HDD CDD WTR SNW DPTH SPD SPD DIR MIN PSBL S-S WX SPD DR
================================================================================
1 97 78 88 4 0 23 0.00 0.0 M 4.7 12 150 M M 2 38 17 140
2 96 81 89 5 0 24 0.00 0.0 M 7.4 15 160 M M 3 22 160
3 94 79 87 3 0 22 T 0.0 M 5.3 14 170 M M 5 18 170
4 92 80 86 2 0 21 T 0.0 M 6.6 17 170 M M 7 3 25 170
5 96 78 87 3 0 22 0.30 0.0 M 5.0 17 300 M M 7 3 25 190
6 94 78 86 2 0 21 0.02 0.0 M 4.5 17 360 M M 7 1 26 340
7 89 77 83 -1 0 18 T 0.0 M 3.7 9 230 M M 7 17 230
8 94 78 86 2 0 21 T 0.0 M 5.6 16 90 M M 5 3 23 80
9 94 79 87 3 0 22 0.04 0.0 M 6.7 20 160 M M 6 13 29 160
10 95 78 87 3 0 22 0.02 0.0 M 7.1 21 290 M M 7 13 26 290
11 95 78 87 3 0 22 0.37 0.0 M 6.0 23 240 M M 6 3 28 210
12 M 80 M M M M T 0.0 M 6.7 18 280 M M 5 3 24 280
13 96 82 89 5 0 24 0.07 0.0 M 7.1 17 250 M M 6 8 24 150
14 95 80 88 4 0 23 T 0.0 M 6.9 16 260 M M 7 22 260
15 98 79 89 5 0 24 0.00 0.0 M 6.8 13 280 M M 5 8 20 210
16 98 76 87 3 0 22 0.42 0.0 M 7.7 33 350 M M 6 13 52 360
17 95 76 86 2 0 21 T 0.0 M 3.8 15 150 M M 6 3 19 150
18 96 78 87 3 0 22 T 0.0 M 4.2 13 130 M M 3 3 17 130
19 97 79 88 4 0 23 0.00 0.0 M 4.7 12 180 M M 3 8 16 160
20 98 79 89 5 0 24 0.00 0.0 M 4.5 12 40 M M 2 16 30
21 98 80 89 5 0 24 0.00 0.0 M 5.1 14 190 M M 3 20 180
22 96 75 86 2 0 21 1.03 0.0 M 6.9 24 330 M M 6 138 36 310
23 92 73 83 -1 0 18 1.04 0.0 M 4.9 32 260 M M 7 13 43 260
24 94 76 85 1 0 20 0.00 0.0 M 6.1 14 60 M M 2 20 50
25 94 75 85 1 0 20 0.00 0.0 M 3.0 12 140 M M 2 17 360
26 95 75 85 1 0 20 0.00 0.0 M 4.9 12 170 M M 1 3 17 180
27 95 77 86 2 0 21 0.00 0.0 M 5.8 21 130 M M 3 3 28 130
28 94 76 85 1 0 20 T 0.0 M 4.1 16 50 M M 3 3 22 60
29 96 75 86 2 0 21 0.00 0.0 M 4.9 12 180 M M 3 3 24 360
30 99 78 89 5 0 24 0.00 0.0 M 5.6 18 100 M M 3 3 24 110
31 101 81 91 7 0 26 0.00 0.0 M 7.4 15 140 M M 5 3 20 290
================================================================================
SM 2863 2414 0 656 3.31 0.0 173.7 M 143
================================================================================
AV 95.4 77.9 5.6 FASTST M M 5 MAX(MPH)
MISC ----> 33 350 52 360
================================================================================
NOTES:
# LAST OF SEVERAL OCCURRENCES
COLUMN 17 PEAK WIND IN M.P.H.
PRELIMINARY LOCAL CLIMATOLOGICAL DATA (WS FORM: F-6) , PAGE 2
STATION: NEW ORLEANS
MONTH: JULY
YEAR: 2023
LATITUDE: 29 58 N
LONGITUDE: 90 15 W
[TEMPERATURE DATA] [PRECIPITATION DATA] SYMBOLS USED IN COLUMN 16
AVERAGE MONTHLY: 86.7 TOTAL FOR MONTH: 3.31 1 = FOG OR MIST
DPTR FM NORMAL: 2.8 DPTR FM NORMAL: -3.48 2 = FOG REDUCING VISIBILITY
HIGHEST: 101 ON 31 GRTST 24HR 2.07 ON 22-23 TO 1/4 MILE OR LESS
LOWEST: 73 ON 23 3 = THUNDER
SNOW, ICE PELLETS, HAIL 4 = ICE PELLETS
TOTAL MONTH: 0.0 INCH 5 = HAIL
GRTST 24HR 0.0 6 = FREEZING RAIN OR DRIZZLE
GRTST DEPTH: M ON M 7 = DUSTSTORM OR SANDSTORM:
VSBY 1/2 MILE OR LESS
8 = SMOKE OR HAZE
[NO. OF DAYS WITH] [WEATHER - DAYS WITH] 9 = BLOWING SNOW
X = TORNADO
MAX 32 OR BELOW: 0 0.01 INCH OR MORE: 9
MAX 90 OR ABOVE: 29 0.10 INCH OR MORE: 5
MIN 32 OR BELOW: 0 0.50 INCH OR MORE: 2
MIN 0 OR BELOW: 0 1.00 INCH OR MORE: 2
[HDD (BASE 65) ]
TOTAL THIS MO. 0 CLEAR (SCALE 0-3) 11
DPTR FM NORMAL 0 PTCLDY (SCALE 4-7) 20
TOTAL FM JUL 1 0 CLOUDY (SCALE 8-10) 0
DPTR FM NORMAL 0
[CDD (BASE 65) ]
TOTAL THIS MO. 656
DPTR FM NORMAL 69 [PRESSURE DATA]
TOTAL FM JAN 1 2218 HIGHEST SLP 30.18 ON 25
DPTR FM NORMAL 422 LOWEST SLP 29.85 ON 22
[REMARKS]
#FINAL-07-23#