000
CXUS55 KBOI 011002
CF6MUO
PRELIMINARY LOCAL CLIMATOLOGICAL DATA (WS FORM: F-6)
STATION: MOUNTAIN HOME AFB
MONTH: DECEMBER
YEAR: 2021
LATITUDE: 43 2 N
LONGITUDE: 115 52 W
TEMPERATURE IN F: :PCPN: SNOW: WIND :SUNSHINE: SKY :PK WND
================================================================================
1 2 3 4 5 6A 6B 7 8 9 10 11 12 13 14 15 16 17 18
12Z AVG MX 2MIN
DY MAX MIN AVG DEP HDD CDD WTR SNW DPTH SPD SPD DIR MIN PSBL S-S WX SPD DR
================================================================================
1 54 29 42 10 23 0 0.00 M M 5.2 13 100 M M 3 18 M M
2 54 32 43 11 22 0 0.00 M M 8.2 15 130 M M 0 M M
3 49 26 38 6 27 0 T M M 3.0 9 130 M M 1 12 M M
4 52 29 41 9 24 0 0.00 M M 7.9 14 110 M M 1 1 M M
5 49 29 39 8 26 0 0.00 M M 14.5 28 340 M M 1 35 320
6 38 28 33 2 32 0 T M M 3.4 8 10 M M 10 1 M M
7 48 29 39 8 26 0 T M M 4.4 12 340 M M 7 12 M M
8 46 30 38 7 27 0 T M M 9.4 21 120 M M 8 12 24 100
9 38 24 31 1 34 0 0.00 M M 9.8 24 340 M M 4 25 320
10 34 15 25 -5 40 0 T M M 6.7 12 360 M M 3 1 M M
11 38 26 32 2 33 0 T M M 14.4 22 130 M M 0 M M
12 43 34 39 9 26 0 0.00 M M 14.1 21 120 M M 0 M M
13 51 39 45 15 20 0 0.00 M M 20.1 28 110 M M 4 37 130
14 50 28 39 10 26 0 0.08 M M 14.8 26 320 M M 7 32 330
15 34 18 26 -3 39 0 T M M 10.8 21 330 M M 6 1 28 330
16 33 25 29 0 36 0 T M M 9.8 23 110 M M 8 1 M M
17 37 18 28 -1 37 0 0.00 M M 6.1 16 330 M M 7 M M
18 33 18 26 -3 39 0 0.00 M M 17.7 22 120 M M 6 M M
19 35 25 30 1 35 0 T M M 18.7 25 120 M M 7 30 120
20 42 25 34 5 31 0 T M M 11.0 18 100 M M 6 M M
21 41 20 31 2 34 0 0.00 M M 7.3 13 130 M M 1 M M
22 41 28 35 6 30 0 T M M 14.8 21 110 M M 4 M M
23 45 34 40 11 25 0 T M M 11.1 23 350 M M 4 28 350
24 36 26 31 2 34 0 0.07 M M 10.5 22 310 M M 5 12 30 310
25 36 22 29 0 36 0 T M M 13.2 23 110 M M 6 1 M M
26 35 26 31 2 34 0 0.02 M M 11.8 28 240 M M 6 12 33 250
27 28 14 21 -8 44 0 T M M 7.3 13 290 M M 7 1 M M
28 23 9 16 -13 49 0 T M M 5.8 15 100 M M 8 M M
29 26 12 19 -10 46 0 T M M 12.9 21 110 M M 8 12 M M
30 25 13 19 -10 46 0 T M M 7.4 14 120 M M 9 126 M M
31 27 12 20 -9 45 0 T M M 11.5 21 300 M M 5 24 290
================================================================================
SM 1221 743 1026 0 0.17 M 323.6 M 152
================================================================================
AV 39.4 24.0 10.4 FASTST M M 5 MAX(MPH)
MISC ----> # 28 340 37 130
================================================================================
NOTES:
# LAST OF SEVERAL OCCURRENCES
COLUMN 17 PEAK WIND IN M.P.H.
PRELIMINARY LOCAL CLIMATOLOGICAL DATA (WS FORM: F-6) , PAGE 2
STATION: MOUNTAIN HOME AFB
MONTH: DECEMBER
YEAR: 2021
LATITUDE: 43 2 N
LONGITUDE: 115 52 W
[TEMPERATURE DATA] [PRECIPITATION DATA] SYMBOLS USED IN COLUMN 16
AVERAGE MONTHLY: 31.7 TOTAL FOR MONTH: 0.17 1 = FOG OR MIST
DPTR FM NORMAL: 2.0 DPTR FM NORMAL: -1.39 2 = FOG REDUCING VISIBILITY
HIGHEST: 54 ON 2, 1 GRTST 24HR 0.08 ON 14-14 TO 1/4 MILE OR LESS
LOWEST: 9 ON 28 3 = THUNDER
SNOW, ICE PELLETS, HAIL 4 = ICE PELLETS
TOTAL MONTH: M 5 = HAIL
GRTST 24HR M ON M 6 = FREEZING RAIN OR DRIZZLE
GRTST DEPTH: M ON M 7 = DUSTSTORM OR SANDSTORM:
VSBY 1/2 MILE OR LESS
8 = SMOKE OR HAZE
[NO. OF DAYS WITH] [WEATHER - DAYS WITH] 9 = BLOWING SNOW
X = TORNADO
MAX 32 OR BELOW: 5 0.01 INCH OR MORE: 3
MAX 90 OR ABOVE: 0 0.10 INCH OR MORE: 0
MIN 32 OR BELOW: 28 0.50 INCH OR MORE: 0
MIN 0 OR BELOW: 0 1.00 INCH OR MORE: 0
[HDD (BASE 65) ]
TOTAL THIS MO. 1026 CLEAR (SCALE 0-3) 9
DPTR FM NORMAL -63 PTCLDY (SCALE 4-7) 19
TOTAL FM JUL 1 2183 CLOUDY (SCALE 8-10) 3
DPTR FM NORMAL -241
[CDD (BASE 65) ]
TOTAL THIS MO. 0
DPTR FM NORMAL 0 [PRESSURE DATA]
TOTAL FM JAN 1 1196 HIGHEST SLP M ON M
DPTR FM NORMAL 283 LOWEST SLP M ON M
[REMARKS]
#FINAL-12-21#