000
CXUS54 KBRO 010900
CF6PIL
PRELIMINARY LOCAL CLIMATOLOGICAL DATA (WS FORM: F-6)
STATION: BAYVIEW
MONTH: FEBRUARY
YEAR: 2022
LATITUDE: 26 10 N
LONGITUDE: 97 20 W
TEMPERATURE IN F: :PCPN: SNOW: WIND :SUNSHINE: SKY :PK WND
================================================================================
1 2 3 4 5 6A 6B 7 8 9 10 11 12 13 14 15 16 17 18
12Z AVG MX 2MIN
DY MAX MIN AVG DEP HDD CDD WTR SNW DPTH SPD SPD DIR MIN PSBL S-S WX SPD DR
================================================================================
1 67 56 62 -1 3 0 0.00 0.0 0 7.3 13 50 M M 3 12 18 10
2 78 64 71 8 0 6 T 0.0 0 12.0 26 140 M M 8 12 35 140
3 71 37 54 -9 11 0 0.06 0.0 0 19.6 31 330 M M 10 1 40 320
4 44 33 39 -24 26 0 T 0.0 0 19.9 31 330 M M 10 41 340
5 53 35 44 -19 21 0 0.00 0.0 0 12.1 21 340 M M 4 28 330
6 63 40 52 -11 13 0 0.41 0.0 0 6.2 12 330 M M 7 1 15 330
7 59 49 54 -10 11 0 1.12 0.0 0 11.5 23 360 M M 9 1 31 10
8 64 45 55 -9 10 0 0.00 0.0 0 6.9 14 50 M M 0 20 360
9 70 40 55 -9 10 0 0.00 0.0 0 4.9 15 100 M M 0 19 100
10 70 47 59 -5 6 0 0.00 0.0 0 5.5 16 40 M M 6 22 40
11 74 57 66 2 0 1 0.00 0.0 0 5.6 16 160 M M 8 18 21 150
12 75 47 61 -3 4 0 0.41 0.0 0 12.0 35 10 M M 7 13 49 20
13 60 40 50 -14 15 0 0.00 0.0 0 11.5 22 330 M M 0 29 340
14 67 41 54 -11 11 0 0.00 0.0 0 7.3 17 100 M M 1 25 100
15 75 47 61 -4 4 0 0.00 0.0 0 10.5 24 150 M M 2 1 33 140
16 76 65 71 6 0 6 0.01 0.0 0 19.9 35 160 M M 7 1 49 180
17 82 57 70 5 0 5 T 0.0 0 16.6 31 170 M M 1 8 47 170
18 57 43 50 -15 15 0 T 0.0 0 14.9 28 10 M M 4 36 360
19 68 50 59 -6 6 0 0.00 0.0 0 9.2 20 40 M M 4 28 20
20 73 56 65 -1 0 0 0.02 0.0 0 6.2 14 110 M M 9 18 18 110
21 80 68 74 8 0 9 T 0.0 0 18.4 28 170 M M 7 1 38 180
22 84 70 77 11 0 12 T 0.0 0 18.2 28 180 M M 6 18 40 190
23 78 50 64 -2 1 0 T 0.0 0 15.8 31 10 M M 10 18 40 10
24 52 40 46 -20 19 0 0.02 0.0 0 13.8 21 350 M M 10 1 28 360
25 48 41 45 -21 20 0 0.03 0.0 0 18.4 25 340 M M 10 1 31 330
26 49 41 45 -22 20 0 T 0.0 0 15.1 21 330 M M 10 1 28 330
27 53 45 49 -18 16 0 0.02 0.0 0 12.6 23 330 M M 10 1 29 320
28 65 45 55 -12 10 0 0.00 0.0 0 9.1 17 10 M M 2 22 360
================================================================================
SM 1855 1349 252 39 2.10 0.0 341.0 M 165
================================================================================
AV 66.3 48.2 12.2 FASTST M M 6 MAX(MPH)
MISC ----> # 35 10 # 49 20
================================================================================
NOTES:
# LAST OF SEVERAL OCCURRENCES
COLUMN 17 PEAK WIND IN M.P.H.
PRELIMINARY LOCAL CLIMATOLOGICAL DATA (WS FORM: F-6) , PAGE 2
STATION: BAYVIEW
MONTH: FEBRUARY
YEAR: 2022
LATITUDE: 26 10 N
LONGITUDE: 97 20 W
[TEMPERATURE DATA] [PRECIPITATION DATA] SYMBOLS USED IN COLUMN 16
AVERAGE MONTHLY: 57.2 TOTAL FOR MONTH: 2.10 1 = FOG OR MIST
DPTR FM NORMAL: -7.6 DPTR FM NORMAL: 0.94 2 = FOG REDUCING VISIBILITY
HIGHEST: 84 ON 22 GRTST 24HR 1.48 ON 6- 7 TO 1/4 MILE OR LESS
LOWEST: 33 ON 4 3 = THUNDER
SNOW, ICE PELLETS, HAIL 4 = ICE PELLETS
TOTAL MONTH: 0.0 INCH 5 = HAIL
GRTST 24HR 0.0 6 = FREEZING RAIN OR DRIZZLE
GRTST DEPTH: 0 7 = DUSTSTORM OR SANDSTORM:
VSBY 1/2 MILE OR LESS
8 = SMOKE OR HAZE
[NO. OF DAYS WITH] [WEATHER - DAYS WITH] 9 = BLOWING SNOW
X = TORNADO
MAX 32 OR BELOW: 0 0.01 INCH OR MORE: 9
MAX 90 OR ABOVE: 0 0.10 INCH OR MORE: 3
MIN 32 OR BELOW: 0 0.50 INCH OR MORE: 1
MIN 0 OR BELOW: 0 1.00 INCH OR MORE: 1
[HDD (BASE 65) ]
TOTAL THIS MO. 252 CLEAR (SCALE 0-3) 7
DPTR FM NORMAL 149 PTCLDY (SCALE 4-7) 11
TOTAL FM JUL 1 504 CLOUDY (SCALE 8-10) 10
DPTR FM NORMAL 22
[CDD (BASE 65) ]
TOTAL THIS MO. 39
DPTR FM NORMAL -57 [PRESSURE DATA]
TOTAL FM JAN 1 84 HIGHEST SLP 30.64 ON 4
DPTR FM NORMAL -65 LOWEST SLP 29.67 ON 2
[REMARKS]
#FINAL-02-22#