000
CXUS56 KLOX 011255
CF6SBA
PRELIMINARY LOCAL CLIMATOLOGICAL DATA (WS FORM: F-6)
STATION: SANTA BARBARA AIRPORT CA
MONTH: FEBRUARY
YEAR: 2023
LATITUDE: 34 25 N
LONGITUDE: 119 50 W
TEMPERATURE IN F: :PCPN: SNOW: WIND :SUNSHINE: SKY :PK WND
================================================================================
1 2 3 4 5 6A 6B 7 8 9 10 11 12 13 14 15 16 17 18
12Z AVG MX 2MIN
DY MAX MIN AVG DEP HDD CDD WTR SNW DPTH SPD SPD DIR MIN PSBL S-S WX SPD DR
================================================================================
1 63 37 50 -3 15 0 0.00 M M 3.4 15 250 M M 0 17 250
2 65 38 52 -1 13 0 0.00 M M 3.1 14 100 M M 0 16 90
3 68 45 57 4 8 0 0.00 M M 4.8 17 250 M M 0 22 260
4 66 42 54 1 11 0 0.03 M M 4.0 14 260 M M 2 1 17 260
5 66 51 59 6 6 0 0.11 M M 11.5 28 330 M M 3 1 34 270
6 68 43 56 3 9 0 0.00 M M 6.2 18 320 M M 0 22 320
7 66 37 52 -1 13 0 0.00 M M 2.8 12 240 M M 1 14 270
8 70 40 55 2 10 0 0.00 M M 2.3 10 250 M M 0 14 230
9 80 41 61 8 4 0 0.00 M M 2.8 12 260 M M 0 13 260
10 71 44 58 5 7 0 0.00 M M 2.7 10 240 M M 0 8 12 250
11 62 44 53 0 12 0 0.00 M M 8.7 24 250 M M 2 30 260
12 65 40 53 0 12 0 0.00 M M 4.4 16 340 M M 1 21 300
13 62 46 54 0 11 0 0.00 M M 5.8 14 250 M M 5 17 70
14 64 45 55 1 10 0 0.00 M M 11.1 24 280 M M 3 35 250
15 58 37 48 -6 17 0 0.00 M M 5.6 15 360 M M 0 22 80
16 62 32 47 -7 18 0 0.00 M M 2.3 9 250 M M 0 11 220
17 64 37 51 -3 14 0 0.00 M M 2.5 14 260 M M 0 15 260
18 65 36 51 -3 14 0 0.00 M M 1.2 9 200 M M 0 12 200
19 65 36 51 -3 14 0 0.00 M M 3.1 9 140 M M 0 11 140
20 68 39 54 0 11 0 0.00 M M 2.9 10 240 M M M 13 240
21 67 40 54 0 11 0 T M M 9.9 30 330 M M 2 49 290
22 57 44 51 -3 14 0 T M M 14.7 31 310 M M 5 44 310
23 55 39 47 -7 18 0 0.26 M M 5.5 15 330 M M 7 1 18 130
24 58 46 52 -2 13 0 1.64 M M 14.8 28 260 M M 10 18 36 270
25 52 38 45 -9 20 0 0.78 M M 6.1 16 230 M M 8 18 20 260
26 57 36 47 -8 18 0 0.00 M M 5.1 16 240 M M 5 21 260
27 57 45 51 -4 14 0 0.37 M M 6.0 13 130 M M 8 18 16 110
28 58 40 49 -6 16 0 0.38 M M 5.4 17 250 M M 5 18 22 260
================================================================================
SM 1779 1138 353 0 3.57 M 158.7 M 67
================================================================================
AV 63.5 40.6 5.7 FASTST M M 2 MAX(MPH)
MISC ----> 31 310 49 290
================================================================================
NOTES:
# LAST OF SEVERAL OCCURRENCES
COLUMN 17 PEAK WIND IN M.P.H.
PRELIMINARY LOCAL CLIMATOLOGICAL DATA (WS FORM: F-6) , PAGE 2
STATION: SANTA BARBARA AIRPORT CA
MONTH: FEBRUARY
YEAR: 2023
LATITUDE: 34 25 N
LONGITUDE: 119 50 W
[TEMPERATURE DATA] [PRECIPITATION DATA] SYMBOLS USED IN COLUMN 16
AVERAGE MONTHLY: 52.1 TOTAL FOR MONTH: 3.57 1 = FOG OR MIST
DPTR FM NORMAL: -1.6 DPTR FM NORMAL: -0.29 2 = FOG REDUCING VISIBILITY
HIGHEST: 80 ON 9 GRTST 24HR 1.69 ON 24-25 TO 1/4 MILE OR LESS
LOWEST: 32 ON 16 3 = THUNDER
SNOW, ICE PELLETS, HAIL 4 = ICE PELLETS
TOTAL MONTH: M 5 = HAIL
GRTST 24HR M ON M 6 = FREEZING RAIN OR DRIZZLE
GRTST DEPTH: M ON M 7 = DUSTSTORM OR SANDSTORM:
VSBY 1/2 MILE OR LESS
8 = SMOKE OR HAZE
[NO. OF DAYS WITH] [WEATHER - DAYS WITH] 9 = BLOWING SNOW
X = TORNADO
MAX 32 OR BELOW: 0 0.01 INCH OR MORE: 7
MAX 90 OR ABOVE: 0 0.10 INCH OR MORE: 6
MIN 32 OR BELOW: 1 0.50 INCH OR MORE: 2
MIN 0 OR BELOW: 0 1.00 INCH OR MORE: 1
[HDD (BASE 65) ]
TOTAL THIS MO. 353 CLEAR (SCALE 0-3) 18
DPTR FM NORMAL 37 PTCLDY (SCALE 4-7) 7
TOTAL FM JUL 1 1514 CLOUDY (SCALE 8-10) 3
DPTR FM NORMAL -35
[CDD (BASE 65) ]
TOTAL THIS MO. 0
DPTR FM NORMAL 0 [PRESSURE DATA]
TOTAL FM JAN 1 0 HIGHEST SLP 30.33 ON 2
DPTR FM NORMAL 0 LOWEST SLP 29.68 ON 21
[REMARKS]
#FINAL-02-23#