000
CXUS56 KSLC 270810
CF6SLC
PRELIMINARY LOCAL CLIMATOLOGICAL DATA (WS FORM: F-6)
STATION: SALT LAKE CITY UT
MONTH: APRIL
YEAR: 2024
LATITUDE: 40 46 N
LONGITUDE: 111 58 W
TEMPERATURE IN F: :PCPN: SNOW: WIND :SUNSHINE: SKY :PK WND
================================================================================
1 2 3 4 5 6A 6B 7 8 9 10 11 12 13 14 15 16 17 18
12Z AVG MX 2MIN
DY MAX MIN AVG DEP HDD CDD WTR SNW DPTH SPD SPD DIR MIN PSBL S-S WX SPD DR
================================================================================
1 51 38 45 -4 20 0 0.01 0.0 0 8.6 21 330 M M 7 1 25 300
2 60 35 48 -1 17 0 0.00 0.0 0 5.9 12 330 M M 1 17 330
3 70 43 57 8 8 0 0.00 0.0 0 9.5 17 160 M M 1 23 160
4 73 54 64 15 1 0 0.00 0.0 0 18.4 32 170 M M 3 44 180
5 64 37 51 1 14 0 T 0.0 0 14.0 36 180 M M 4 50 170
6 45 32 39 -11 26 0 0.11 0.8 T 10.3 26 310 M M 9 15 36 290
7 50 36 43 -7 22 0 0.00 0.0 0 6.4 16 300 M M 6 22 310
8 51 34 43 -7 22 0 0.00 0.0 M 7.7 17 280 M M 4 23 280
9 57 35 46 -4 19 0 0.00 0.0 0 5.9 15 340 M M 1 21 300
10 63 42 53 3 12 0 0.00 0.0 0 5.9 14 320 M M 3 20 340
11 73 42 58 7 7 0 0.00 0.0 0 7.0 14 160 M M 1 16 160
12 81 56 69 18 0 4 0.00 0.0 0 14.2 24 170 M M 0 34 180
13 77 55 66 15 0 1 0.00 0.0 M 12.7 26 170 M M 1 35 160
14 72 53 63 12 2 0 0.00 0.0 0 10.8 32 330 M M 3 42 330
15 53 42 48 -3 17 0 0.23 0.0 0 8.3 20 150 M M 10 1 27 150
16 64 45 55 3 10 0 0.00 0.0 0 6.0 12 360 M M 6 16 350
17 59 42 51 -1 14 0 T 0.0 0 10.4 21 320 M M 6 30 330
18 56 34 45 -7 20 0 0.00 0.0 0 6.3 16 330 M M 2 22 330
19 63 40 52 0 13 0 0.00 0.0 0 5.4 13 310 M M 6 20 330
20 69 45 57 4 8 0 0.00 0.0 0 4.7 14 360 M M 6 20 340
21 79 47 63 10 2 0 0.00 0.0 0 8.0 15 340 M M 5 22 290
22 71 48 60 7 5 0 0.00 0.0 0 5.9 13 360 M M 7 18 350
23 75 52 64 10 1 0 T 0.0 0 8.0 17 320 M M 6 27 10
24 78 58 68 14 0 3 0.00 0.0 0 9.6 21 170 M M 7 32 310
25 68 52 60 6 5 0 0.00 0.0 0 9.1 25 310 M M 7 36 290
26 54 48 51 -3 14 0 0.88 0.0 0 3.9 12 180 M M 9 19 310
================================================================================
SM 1676 1145 279 8 1.23 0.8 222.9 M 121
================================================================================
AV 64.5 44.0 8.6 FASTST M M 5 MAX(MPH)
MISC ----> 36 180 50 170
================================================================================
NOTES:
# LAST OF SEVERAL OCCURRENCES
COLUMN 17 PEAK WIND IN M.P.H.
PRELIMINARY LOCAL CLIMATOLOGICAL DATA (WS FORM: F-6) , PAGE 2
STATION: SALT LAKE CITY UT
MONTH: APRIL
YEAR: 2024
LATITUDE: 40 46 N
LONGITUDE: 111 58 W
[TEMPERATURE DATA] [PRECIPITATION DATA] SYMBOLS USED IN COLUMN 16
AVERAGE MONTHLY: 54.3 TOTAL FOR MONTH: 1.23 1 = FOG OR MIST
DPTR FM NORMAL: 2.9 DPTR FM NORMAL: -0.65 2 = FOG REDUCING VISIBILITY
HIGHEST: 81 ON 12 GRTST 24HR 0.88 ON 26-26 TO 1/4 MILE OR LESS
LOWEST: 32 ON 6 3 = THUNDER
SNOW, ICE PELLETS, HAIL 4 = ICE PELLETS
TOTAL MONTH: 0.8 INCH 5 = HAIL
GRTST 24HR 0.8 ON 6- 6 6 = FREEZING RAIN OR DRIZZLE
GRTST DEPTH: T 7 = DUSTSTORM OR SANDSTORM:
VSBY 1/2 MILE OR LESS
8 = SMOKE OR HAZE
[NO. OF DAYS WITH] [WEATHER - DAYS WITH] 9 = BLOWING SNOW
X = TORNADO
MAX 32 OR BELOW: 0 0.01 INCH OR MORE: 4
MAX 90 OR ABOVE: 0 0.10 INCH OR MORE: 3
MIN 32 OR BELOW: 1 0.50 INCH OR MORE: 1
MIN 0 OR BELOW: 0 1.00 INCH OR MORE: 0
[HDD (BASE 65) ]
TOTAL THIS MO. 279 CLEAR (SCALE 0-3) 8
DPTR FM NORMAL -81 PTCLDY (SCALE 4-7) 15
TOTAL FM JUL 1 4334 CLOUDY (SCALE 8-10) 3
DPTR FM NORMAL -572
[CDD (BASE 65) ]
TOTAL THIS MO. 8
DPTR FM NORMAL 8 [PRESSURE DATA]
TOTAL FM JAN 1 8 HIGHEST SLP M ON M
DPTR FM NORMAL 8 LOWEST SLP 29.34 ON 5
[REMARKS]