000
CXUS54 KJAN 011510
CF6TVR
PRELIMINARY LOCAL CLIMATOLOGICAL DATA (WS FORM: F-6)
STATION: VICKSBURG
MONTH: FEBRUARY
YEAR: 2022
LATITUDE: 32 20 N
LONGITUDE: 91 2 W
TEMPERATURE IN F: :PCPN: SNOW: WIND :SUNSHINE: SKY :PK WND
================================================================================
1 2 3 4 5 6A 6B 7 8 9 10 11 12 13 14 15 16 17 18
12Z AVG MX 2MIN
DY MAX MIN AVG DEP HDD CDD WTR SNW DPTH SPD SPD DIR MIN PSBL S-S WX SPD DR
================================================================================
1 68 46 57 8 8 0 0.02 0.0 0 10.7 24 140 M M 6 36 150
2 73 53 63 14 2 0 T 0.0 0 5.8 17 140 M M 6 26 150
3 53 33 43 -6 22 0 0.79 0.0 0 9.2 20 360 M M 10 1 28 350
4 35 29 32 -18 33 0 0.00 M 0 7.4 14 360 M M 10 23 310
5 49 26 38 -12 27 0 0.00 0.0 0 4.9 12 360 M M 2 18 17 330
6 55 24 40 -10 25 0 0.00 0.0 0 2.4 8 140 M M 0 12 80
7 59 30 45 -5 20 0 0.00 0.0 0 3.7 13 360 M M 0 18 350
8 64 25 45 -5 20 0 0.00 0.0 0 1.2 8 170 M M 0 18 11 190
9 70 32 51 1 14 0 0.00 0.0 0 2.9 10 290 M M 0 19 280
10 73 35 54 3 11 0 0.00 0.0 0 2.8 12 170 M M 0 18 170
11 74 43 59 8 6 0 0.00 0.0 0 2.8 13 180 M M 0 24 240
12 61 37 49 -2 16 0 T 0.0 0 10.4 25 10 M M 3 35 360
13 56 27 42 -9 23 0 0.00 0.0 0 4.4 17 10 M M 0 25 350
14 70 27 49 -3 16 0 0.00 0.0 0 1.9 9 170 M M 0 17 140
15 73 34 54 2 11 0 0.00 0.0 0 7.2 20 160 M M 0 28 170
16 81 48 65 13 0 0 0.00 0.0 0 14.4 24 180 M M 3 36 180
17 80 47 64 12 1 0 0.86 0.0 0 14.1 32 180 M M 8 138 46 180
18 48 29 39 -13 26 0 0.00 0.0 0 9.8 20 20 M M 6 25 360
19 63 26 45 -8 20 0 0.00 0.0 0 2.3 15 10 M M 0 18 23 350
20 69 32 51 -2 14 0 0.00 0.0 0 5.1 15 170 M M 4 21 170
21 76 59 68 15 0 3 0.12 0.0 0 9.1 16 180 M M 9 13 23 190
22 85 67 76 22 0 11 0.79 0.0 0 9.0 20 180 M M 6 138 32 200
23 67 41 54 0 11 0 0.07 0.0 0 9.8 23 360 M M 10 18 31 10
24 56 41 49 -5 16 0 0.02 0.0 0 5.8 13 310 M M 10 18 24 320
25 45 38 42 -12 23 0 0.02 0.0 0 12.9 21 20 M M 10 1 29 10
26 45 37 41 -13 24 0 0.06 0.0 0 8.3 15 30 M M 10 18 20 20
27 45 37 41 -14 24 0 0.20 0.0 0 5.7 14 10 M M 9 1 20 10
28 63 30 47 -8 18 0 0.00 0.0 0 4.0 13 10 M M 0 18 19 360
================================================================================
SM 1756 1033 431 14 2.95 0.0 188.0 M 122
================================================================================
AV 62.7 36.9 6.7 FASTST M M 4 MAX(MPH)
MISC ----> 32 180 46 180
================================================================================
NOTES:
# LAST OF SEVERAL OCCURRENCES
COLUMN 17 PEAK WIND IN M.P.H.
PRELIMINARY LOCAL CLIMATOLOGICAL DATA (WS FORM: F-6) , PAGE 2
STATION: VICKSBURG
MONTH: FEBRUARY
YEAR: 2022
LATITUDE: 32 20 N
LONGITUDE: 91 2 W
[TEMPERATURE DATA] [PRECIPITATION DATA] SYMBOLS USED IN COLUMN 16
AVERAGE MONTHLY: 49.8 TOTAL FOR MONTH: 2.95 1 = FOG OR MIST
DPTR FM NORMAL: -2.0 DPTR FM NORMAL: -2.16 2 = FOG REDUCING VISIBILITY
HIGHEST: 85 ON 22 GRTST 24HR 0.86 ON 17-17 TO 1/4 MILE OR LESS
LOWEST: 24 ON 6 3 = THUNDER
SNOW, ICE PELLETS, HAIL 4 = ICE PELLETS
TOTAL MONTH: 0.0 INCH 5 = HAIL
GRTST 24HR 0.0 6 = FREEZING RAIN OR DRIZZLE
GRTST DEPTH: 0 7 = DUSTSTORM OR SANDSTORM:
VSBY 1/2 MILE OR LESS
8 = SMOKE OR HAZE
[NO. OF DAYS WITH] [WEATHER - DAYS WITH] 9 = BLOWING SNOW
X = TORNADO
MAX 32 OR BELOW: 0 0.01 INCH OR MORE: 10
MAX 90 OR ABOVE: 0 0.10 INCH OR MORE: 5
MIN 32 OR BELOW: 12 0.50 INCH OR MORE: 3
MIN 0 OR BELOW: 0 1.00 INCH OR MORE: 0
[HDD (BASE 65) ]
TOTAL THIS MO. 431 CLEAR (SCALE 0-3) 14
DPTR FM NORMAL 49 PTCLDY (SCALE 4-7) 6
TOTAL FM JUL 1 1527 CLOUDY (SCALE 8-10) 8
DPTR FM NORMAL -269
[CDD (BASE 65) ]
TOTAL THIS MO. 14
DPTR FM NORMAL 2 [PRESSURE DATA]
TOTAL FM JAN 1 26 HIGHEST SLP 30.61 ON 5
DPTR FM NORMAL 16 LOWEST SLP 29.76 ON 17
[REMARKS]
#FINAL-02-22#