000
CXUS54 KCRP 281300
CF6ALI
PRELIMINARY LOCAL CLIMATOLOGICAL DATA (WS FORM: F-6)

                                          STATION:   ALICE
                                          MONTH:     MAY
                                          YEAR:      2017
                                          LATITUDE:   27 44 N
                                          LONGITUDE:  98  1 W

  TEMPERATURE IN F:       :PCPN:    SNOW:  WIND      :SUNSHINE: SKY     :PK WND
================================================================================
1   2   3   4   5  6A  6B    7    8   9   10  11  12  13   14  15   16   17  18
                                     12Z  AVG MX 2MIN
DY MAX MIN AVG DEP HDD CDD  WTR  SNW DPTH SPD SPD DIR MIN PSBL S-S WX    SPD DR
================================================================================

 1  93  50  72  -4   0   7 0.00  0.0    0  7.1 22 140   M    M   0        27 120
 2  90  56  73  -4   0   8    T  0.0    0  9.5 23 130   M    M   3        29 130
 3  95  68  82   5   0  17 0.04  0.0    0  9.3 33  30   M    M   6 18     42  10
 4  85  54  70  -7   0   5 0.00  0.0    0 10.4 23 330   M    M   1        30 320
 5  88  52  70  -7   0   5 0.00  0.0    0  6.2 15 340   M    M   0        21 310
 6  92  50  71  -7   0   6 0.00  0.0    0  7.8 20 140   M    M   0        25 150
 7  88  55  72  -6   0   7 0.00  0.0    0 10.6 21 130   M    M   0        28 140
 8  83  65  74  -4   0   9    T  0.0    0 11.9 23 150   M    M   7        30 140
 9  85  71  78   0   0  13    T  0.0    0 15.0 28 130   M    M   9        35 140
10  89  74  82   4   0  17 0.00  0.0    0 16.3 28 130   M    M   7        34 120
11  90  69  80   1   0  15    T  0.0    0 10.3 22 160   M    M   8 1      28 150
12  96  65  81   2   0  16 0.00  0.0    0  8.3 21 340   M    M   3 12     26 330
13  92  59  76  -3   0  11 0.00  0.0    0  6.7 16 130   M    M   0        19 130
14  93  62  78  -1   0  13 0.00  0.0    0  9.4 21 120   M    M   0        26 120
15  91  63  77  -3   0  12 0.00  0.0    0 11.4 22 130   M    M   6        27 120
16  87  75  81   1   0  16    T  0.0    0 16.2 28 130   M    M  10        34 140
17  92  75  84   4   0  19    T  0.0    0 10.4 20 150   M    M   8 18     25 140
18  95  76  86   6   0  21 0.00  0.0    0 15.9 28 130   M    M   8 18     35 130
19  95  77  86   6   0  21 0.00  0.0    0 17.1 28 130   M    M   6        35 120
20  91  77  84   4   0  19 0.03  0.0    0 11.5 29 160   M    M   7 3      34 160
21  89  74  82   1   0  17 0.03  0.0    0  9.9 17 110   M    M   6 1      23  90
22  88  69  79  -2   0  14 0.12  0.0    0  7.4 15  20   M    M   7 1      19  10
23  90  66  78  -3   0  13    T  0.0    0  8.3 25  10   M    M   7 3      36  30
24  91  56  74  -7   0   9 0.00  0.0    0  7.1 13 150   M    M   1        17 360
25  95  57  76  -5   0  11 0.00  0.0    0 13.3 24 140   M    M   1        30 130
26  97  78  88   7   0  23 0.00  0.0    0 14.0 23 170   M    M   8 18     30 160
27  98  79  89   7   0  24 0.00  0.0    0 13.1 24 120   M    M   5 18     30 130
================================================================================
SM 2458 1772         0 368  0.22     0.0 294.4          M      124
================================================================================
AV 91.0 65.6                              10.9 FASTST   M    M   5    MAX(MPH)
                                 MISC ---->  # 33  30               # 42   10
================================================================================
NOTES:
# LAST OF SEVERAL OCCURRENCES

COLUMN 17 PEAK WIND IN M.P.H.

PRELIMINARY LOCAL CLIMATOLOGICAL DATA (WS FORM: F-6) , PAGE 2

                                          STATION:  ALICE
                                          MONTH:    MAY
                                          YEAR:     2017
                                          LATITUDE:   27 44 N
                                          LONGITUDE:  98  1 W

[TEMPERATURE DATA]      [PRECIPITATION DATA]       SYMBOLS USED IN COLUMN 16

AVERAGE MONTHLY: 78.3   TOTAL FOR MONTH:   0.22    1 = FOG OR MIST
DPTR FM NORMAL:  -0.9   DPTR FM NORMAL:   -2.83    2 = FOG REDUCING VISIBILITY
HIGHEST:    98 ON 27    GRTST 24HR  0.12 ON 22-22      TO 1/4 MILE OR LESS
LOWEST:     50 ON  6, 1                            3 = THUNDER
                        SNOW, ICE PELLETS, HAIL    4 = ICE PELLETS
                        TOTAL MONTH:   0.0 INCH    5 = HAIL
                        GRTST 24HR     0.0         6 = FREEZING RAIN OR DRIZZLE
                        GRTST DEPTH:   0           7 = DUSTSTORM OR SANDSTORM:
                                                       VSBY 1/2 MILE OR LESS
                                                   8 = SMOKE OR HAZE
[NO. OF DAYS WITH]      [WEATHER - DAYS WITH]      9 = BLOWING SNOW
                                                   X = TORNADO
MAX 32 OR BELOW:   0    0.01 INCH OR MORE:   4
MAX 90 OR ABOVE:  18    0.10 INCH OR MORE:   1
MIN 32 OR BELOW:   0    0.50 INCH OR MORE:   0
MIN  0 OR BELOW:   0    1.00 INCH OR MORE:   0

[HDD (BASE 65) ]
TOTAL THIS MO.     0    CLEAR  (SCALE 0-3)  11
DPTR FM NORMAL     0    PTCLDY (SCALE 4-7)  13
TOTAL FM JUL 1   366    CLOUDY (SCALE 8-10)  3
DPTR FM NORMAL  -535

[CDD (BASE 65) ]
TOTAL THIS MO.   368
DPTR FM NORMAL   -15    [PRESSURE DATA]
TOTAL FM JAN 1  1189    HIGHEST SLP M ON M
DPTR FM NORMAL   346    LOWEST  SLP 29.65 ON 17

[REMARKS]
