000
CXUS54 KCRP 261300
CF6ALI
PRELIMINARY LOCAL CLIMATOLOGICAL DATA (WS FORM: F-6)

                                          STATION:   ALICE
                                          MONTH:     JULY
                                          YEAR:      2017
                                          LATITUDE:   27 44 N
                                          LONGITUDE:  98  1 W

  TEMPERATURE IN F:       :PCPN:    SNOW:  WIND      :SUNSHINE: SKY     :PK WND
================================================================================
1   2   3   4   5  6A  6B    7    8   9   10  11  12  13   14  15   16   17  18
                                     12Z  AVG MX 2MIN
DY MAX MIN AVG DEP HDD CDD  WTR  SNW DPTH SPD SPD DIR MIN PSBL S-S WX    SPD DR
================================================================================

 1  98  77  88   3   0  23 0.00  0.0    0 14.4 26 130   M    M   5 1      34 140
 2  99  77  88   3   0  23 0.00  0.0    0 11.4 24 140   M    M   3        31 140
 3 101  75  88   3   0  23    T  0.0    0 12.9 25 140   M    M   3        34 140
 4 100  77  89   4   0  24 0.00  0.0    0 13.9 25 130   M    M   2        37 140
 5 100  75  88   3   0  23 0.00  0.0    0 11.0 22 140   M    M   1        28 140
 6  97  71  84  -1   0  19 0.00  0.0    0  7.8 23 110   M    M   1 1      28 110
 7  95  73  84  -1   0  19 0.22  0.0    0  6.4 24 150   M    M   2 13     29 150
 8  98  69  84  -1   0  19 0.00  0.0    0  4.8 23 170   M    M   1 123    28 160
 9  99  69  84  -1   0  19 0.00  0.0    0  7.6 20 180   M    M   0        26 190
10 101  70  86   1   0  21 0.01  0.0    0 10.9 22 150   M    M   1        29 140
11  96  72  84  -1   0  19 0.00  0.0    0 11.0 22 120   M    M   1        26 120
12  94  75  85   0   0  20 0.00  0.0    0 11.0 23 150   M    M   1        30 120
13  94  74  84  -1   0  19 0.04  0.0    0  9.0 22 150   M    M   1 138    28 150
14 100  73  87   2   0  22 0.00  0.0    0  7.0 21 130   M    M   5 12     29 120
15 100  71  86   0   0  21 0.34  0.0    0  6.5 28  50   M    M   3 123    38  60
16  96  75  86   0   0  21    T  0.0    0  5.7 17 110   M    M   3        22 110
17  95  73  84  -2   0  19 0.43  0.0    0  6.3 23 170   M    M   3 1      27 160
18  98  73  86   0   0  21 0.00  0.0    0  9.0 22 140   M    M   2        27 140
19 101  74  88   2   0  23    T  0.0    0  8.0 23 140   M    M   1 13     30 150
20 102  75  89   3   0  24 0.00  0.0    0 10.5 22 130   M    M   1 1      28 130
21 100  72  86   0   0  21 0.00  0.0    0 10.7 23 140   M    M   1 12     28 130
22 101  73  87   1   0  22    T  0.0    0 12.2 24 130   M    M   1 1      30 130
23 103  77  90   4   0  25    T  0.0    0 14.3 24 140   M    M   0        31 160
24 100  76  88   2   0  23 0.00  0.0    0 13.8 26 130   M    M   3 1      33 140
25  99  75  87   1   0  22 0.00  0.0    0 10.2 25 130   M    M   4 3      30 130
================================================================================
SM 2467 1841         0 535  1.04     0.0 246.3          M       49
================================================================================
AV 98.7 73.6                               9.9 FASTST   M    M   2    MAX(MPH)
                                 MISC ---->  # 28  50               # 38   60
================================================================================
NOTES:
# LAST OF SEVERAL OCCURRENCES

COLUMN 17 PEAK WIND IN M.P.H.

PRELIMINARY LOCAL CLIMATOLOGICAL DATA (WS FORM: F-6) , PAGE 2

                                          STATION:  ALICE
                                          MONTH:    JULY
                                          YEAR:     2017
                                          LATITUDE:   27 44 N
                                          LONGITUDE:  98  1 W

[TEMPERATURE DATA]      [PRECIPITATION DATA]       SYMBOLS USED IN COLUMN 16

AVERAGE MONTHLY: 86.2   TOTAL FOR MONTH:   1.04    1 = FOG OR MIST
DPTR FM NORMAL:   0.7   DPTR FM NORMAL:   -1.09    2 = FOG REDUCING VISIBILITY
HIGHEST:   103 ON 23    GRTST 24HR  0.43 ON 17-17      TO 1/4 MILE OR LESS
LOWEST:     69 ON  9, 8                            3 = THUNDER
                        SNOW, ICE PELLETS, HAIL    4 = ICE PELLETS
                        TOTAL MONTH:   0.0 INCH    5 = HAIL
                        GRTST 24HR     0.0         6 = FREEZING RAIN OR DRIZZLE
                        GRTST DEPTH:   0           7 = DUSTSTORM OR SANDSTORM:
                                                       VSBY 1/2 MILE OR LESS
                                                   8 = SMOKE OR HAZE
[NO. OF DAYS WITH]      [WEATHER - DAYS WITH]      9 = BLOWING SNOW
                                                   X = TORNADO
MAX 32 OR BELOW:   0    0.01 INCH OR MORE:   5
MAX 90 OR ABOVE:  25    0.10 INCH OR MORE:   3
MIN 32 OR BELOW:   0    0.50 INCH OR MORE:   0
MIN  0 OR BELOW:   0    1.00 INCH OR MORE:   0

[HDD (BASE 65) ]
TOTAL THIS MO.     0    CLEAR  (SCALE 0-3)  22
DPTR FM NORMAL     0    PTCLDY (SCALE 4-7)   3
TOTAL FM JUL 1     0    CLOUDY (SCALE 8-10)  0
DPTR FM NORMAL     0

[CDD (BASE 65) ]
TOTAL THIS MO.   535
DPTR FM NORMAL    26    [PRESSURE DATA]
TOTAL FM JAN 1  2382    HIGHEST SLP M ON M
DPTR FM NORMAL   391    LOWEST  SLP 29.83 ON 23

[REMARKS]
