000
CXUS55 KRIW 010901
CF6CPR
PRELIMINARY LOCAL CLIMATOLOGICAL DATA (WS FORM: F-6)

                                          STATION:   CASPER WY
                                          MONTH:     SEPTEMBER
                                          YEAR:      2014
                                          LATITUDE:   42 55 N
                                          LONGITUDE: 106 28 W

  TEMPERATURE IN F:       :PCPN:    SNOW:  WIND      :SUNSHINE: SKY     :PK WND
================================================================================
1   2   3   4   5  6A  6B    7    8   9   10  11  12  13   14  15   16   17  18
                                     12Z  AVG MX 2MIN
DY MAX MIN AVG DEP HDD CDD  WTR  SNW DPTH SPD SPD DIR MIN PSBL S-S WX    SPD DR
================================================================================

 1  73  40  57  -8   8   0 0.00  0.0    0  7.6 17 360   M    M   2        22 210
 2  85  35  60  -4   5   0 0.00  0.0    0 12.0 29 240   M    M   0        38 240
 3  91  51  71   7   0   6 0.00  0.0    0 17.9 36 260   M    M   1        44 260
 4  68  44  56  -7   9   0    T  0.0    0 10.6 20  40   M    M   1 3      23  50
 5  73  47  60  -3   5   0    T  0.0    0  7.6 18  70   M    M   5        23  80
 6  81  38  60  -2   5   0 0.00  0.0    0  4.8 20 210   M    M   2 12     26 220
 7  85  49  67   5   0   2    T  0.0    0 11.9 36 210   M    M   0 3      50 210
 8  86  50  68   6   0   3    T  0.0    0 14.6 45 250   M    M   2 3      64 250
 9  68  49  59  -2   6   0    T  0.0    0  9.3 24 200   M    M   4        29 200
10  70  41  56  -5   9   0 0.04  0.0    0 10.7 28  20   M    M   8 1      36  30
11  41  26  34 -26  31   0 0.15  1.0    M 12.7 24  20   M    M  10 128    30  20
12  59  25  42 -18  23   0    T    T    0  9.6 18 200   M    M   2 1      25 220
13  67  32  50  -9  15   0 0.00  0.0    0  8.8 16  90   M    M   0        20  70
14  81  31  56  -3   9   0 0.00  0.0    0  9.0 21 320   M    M   0        28 310
15  85  30  58   0   7   0    T  0.0    0  4.9 28 240   M    M   0        37 230
16  87  41  64   6   1   0    T  0.0    0  9.4 33 290   M    M   1        44 300
17  85  50  68  11   0   3 0.00  0.0    0  9.7 24 290   M    M   1        33 280
18  92  43  68  11   0   3 0.00  0.0    0 10.4 25 210   M    M   0        32 240
19  85  50  68  12   0   3 0.02  0.0    0 10.3 23 280   M    M   1        29 300
20  79  44  62   6   3   0 0.00  0.0    0  8.6 17  30   M    M   0        21  50
21  77  38  58   3   7   0 0.00  0.0    0  6.8 17  90   M    M   0        23  50
22  74  48  61   6   4   0 0.00  0.0    0 12.7 29 220   M    M   2 3      36 210
23  80  46  63   9   2   0    T  0.0    0  9.6 23 320   M    M   2        30 310
24  86  38  62   8   3   0 0.00  0.0    0  7.1 23 220   M    M   0        28 220
25  90  44  67  14   0   2 0.00  0.0    0  8.3 22 210   M    M   0        26 210
26  90  54  72  19   0   7 0.00  0.0    0 11.4 23 220   M    M   0        29 210
27  75  47  61   9   4   0    T  0.0    0 11.7 25  20   M    M   2        32  30
28  54  45  50  -2  15   0 0.12  0.0    0 12.8 23  40   M    M  10 1      28  40
29  65  44  55   4  10   0 0.31  0.0    0  6.1 22 280   M    M   5 1      28 290
30  66  45  56   5   9   0 0.00  0.0    0 12.8 24 280   M    M   7        30 270
================================================================================
SM 2298 1265       190  29  0.64     1.0 299.7          M       68
================================================================================
AV 76.6 42.2                              10.0 FASTST   M    M   2    MAX(MPH)
                                 MISC ---->  # 45 250               # 64  250
================================================================================
NOTES:
# LAST OF SEVERAL OCCURRENCES

COLUMN 17 PEAK WIND IN M.P.H.

PRELIMINARY LOCAL CLIMATOLOGICAL DATA (WS FORM: F-6) , PAGE 2

                                          STATION:  CASPER WY
                                          MONTH:    SEPTEMBER
                                          YEAR:     2014
                                          LATITUDE:   42 55 N
                                          LONGITUDE: 106 28 W

[TEMPERATURE DATA]      [PRECIPITATION DATA]       SYMBOLS USED IN COLUMN 16

AVERAGE MONTHLY: 59.4   TOTAL FOR MONTH:   0.64    1 = FOG OR MIST
DPTR FM NORMAL:   1.5   DPTR FM NORMAL:   -0.44    2 = FOG REDUCING VISIBILITY
HIGHEST:    92 ON 18    GRTST 24HR  0.43 ON 28-29      TO 1/4 MILE OR LESS
LOWEST:     25 ON 12                               3 = THUNDER
                        SNOW, ICE PELLETS, HAIL    4 = ICE PELLETS
                        TOTAL MONTH:   1.0 INCH    5 = HAIL
                        GRTST 24HR   1.0 ON 11-11  6 = FREEZING RAIN OR DRIZZLE
                        GRTST DEPTH:   0           7 = DUSTSTORM OR SANDSTORM:
                                                       VSBY 1/2 MILE OR LESS
                                                   8 = SMOKE OR HAZE
[NO. OF DAYS WITH]      [WEATHER - DAYS WITH]      9 = BLOWING SNOW
                                                   X = TORNADO
MAX 32 OR BELOW:   0    0.01 INCH OR MORE:   5
MAX 90 OR ABOVE:   4    0.10 INCH OR MORE:   3
MIN 32 OR BELOW:   5    0.50 INCH OR MORE:   0
MIN  0 OR BELOW:   0    1.00 INCH OR MORE:   0

[HDD (BASE 65) ]
TOTAL THIS MO.   190    CLEAR  (SCALE 0-3)  23
DPTR FM NORMAL   -49    PTCLDY (SCALE 4-7)   5
TOTAL FM JUL 1   237    CLOUDY (SCALE 8-10)  2
DPTR FM NORMAL   -48

[CDD (BASE 65) ]
TOTAL THIS MO.    29
DPTR FM NORMAL     4    [PRESSURE DATA]
TOTAL FM JAN 1   357    HIGHEST SLP M ON M
DPTR FM NORMAL   -65    LOWEST  SLP 29.70 ON  3

[REMARKS]
#FINAL-09-14#
