000
CXUS53 KAPX 280631
CF6GLR
PRELIMINARY LOCAL CLIMATOLOGICAL DATA (WS FORM: F-6)

                                          STATION:   GAYLORD
                                          MONTH:     DECEMBER
                                          YEAR:      2014
                                          LATITUDE:   45  0 N
                                          LONGITUDE:  84 42 W

  TEMPERATURE IN F:       :PCPN:    SNOW:  WIND      :SUNSHINE: SKY     :PK WND
================================================================================
1   2   3   4   5  6A  6B    7    8   9   10  11  12  13   14  15   16   17  18
                                     12Z  AVG MX 2MIN
DY MAX MIN AVG DEP HDD CDD  WTR  SNW DPTH SPD SPD DIR MIN PSBL S-S WX    SPD DR
================================================================================

 1  22   7  15 -12  50   0    T    M    M  9.1 22 280   M    M   9        29 280
 2  26   4  15 -12  50   0    T    M    M 10.4 21 160   M    M   7 1      29 160
 3  28  20  24  -2  41   0    T    M    M 14.6 24 260   M    M  10 1      32 260
 4  26  19  23  -3  42   0    T    M    M  5.6 12 280   M    M   9        21 300
 5  33  21  27   1  38   0 0.00    M    M  6.8 17 170   M    M   9 1      22 170
 6  33  20  27   2  38   0 0.00    M    M  4.0 10 330   M    M   4 1      18 350
 7  32   9  21  -4  44   0 0.00    M    M  7.5 20 160   M    M   1        24 180
 8  33  27  30   5  35   0 0.08    M    M  9.7 20 190   M    M   7 18     25 160
 9  32  22  27   3  38   0    T    M    M  5.8 10  40   M    M  10 12     16  20
10  26   6  16  -8  49   0 0.00    M    M  4.7 12  50   M    M   5 1      15  50
11  33   9  21  -3  44   0 0.00    M    M  6.2 15 300   M    M   1        23 310
12  30  28  29   5  36   0 0.00    M    M  8.1 13 260   M    M  10 12      M  M
13  36  30  33  10  32   0 0.00    M    M 13.5 20 250   M    M  10 12     25 250
14  40  35  38  15  27   0 0.01    M    M  5.2 15 270   M    M  10 12     21 260
15  44  39  42  19  23   0 0.01    M    M  6.2 12 190   M    M  10 12     15 170
16  42  35  39  17  26   0 0.20    M    M  3.3 10 160   M    M  10 12     14 190
17  35  23  29   7  36   0 0.11    M    M  7.5 15 290   M    M  10 1      22 300
18  24   5  15  -7  50   0 0.00    M    M  3.1  9  40   M    M   5 1      14  20
19  28  -1  14  -8  51   0 0.00    M    M  1.0  7 250   M    M   0 1       8 300
20  26   4  15  -6  50   0 0.00    M    M  0.9  7 190   M    M   9 12      9  30
21  30  18  24   3  41   0 0.00    M    M  6.8 15 170   M    M  10 1      19 190
22  33  25  29   8  36   0    T    M    M 10.5 17 130   M    M   8 18     24 190
23  37  30  34  13  31   0 0.20    M    M  7.7 14 130   M    M  10 126    21 110
24  35  32  34  14  31   0 0.14    M    M  3.2 13 290   M    M  10 12     20 280
25  34  31  33  13  32   0 0.03    M    M 12.7 23 240   M    M  10        30 240
26  36  33  35  15  30   0 0.00    M    M  6.7 14 220   M    M  10 1      19 220
27  43  28  36  16  29   0 0.29    M    M 10.3 29 250   M    M  10 12     36 230
================================================================================
SM  877  559      1030   0  1.07    M    191.1          M      214
================================================================================
AV 32.5 20.7                               7.1 FASTST   M    M   8    MAX(MPH)
                                 MISC ---->  # 29 250               # 36  230
================================================================================
NOTES:
# LAST OF SEVERAL OCCURRENCES

COLUMN 17 PEAK WIND IN M.P.H.

PRELIMINARY LOCAL CLIMATOLOGICAL DATA (WS FORM: F-6) , PAGE 2

                                          STATION:  GAYLORD
                                          MONTH:    DECEMBER
                                          YEAR:     2014
                                          LATITUDE:   45  0 N
                                          LONGITUDE:  84 42 W

[TEMPERATURE DATA]      [PRECIPITATION DATA]       SYMBOLS USED IN COLUMN 16

AVERAGE MONTHLY: 26.6   TOTAL FOR MONTH:   1.07    1 = FOG OR MIST
DPTR FM NORMAL:   3.5   DPTR FM NORMAL:   -0.46    2 = FOG REDUCING VISIBILITY
HIGHEST:    44 ON 15    GRTST 24HR  0.29 ON 26-27      TO 1/4 MILE OR LESS
LOWEST:     -1 ON 19                               3 = THUNDER
                        SNOW, ICE PELLETS, HAIL    4 = ICE PELLETS
                        TOTAL MONTH:    M          5 = HAIL
                        GRTST 24HR    M  ON   M    6 = FREEZING RAIN OR DRIZZLE
                        GRTST DEPTH:  M  ON   M    7 = DUSTSTORM OR SANDSTORM:
                                                       VSBY 1/2 MILE OR LESS
                                                   8 = SMOKE OR HAZE
[NO. OF DAYS WITH]      [WEATHER - DAYS WITH]      9 = BLOWING SNOW
                                                   X = TORNADO
MAX 32 OR BELOW:  12    0.01 INCH OR MORE:   9
MAX 90 OR ABOVE:   0    0.10 INCH OR MORE:   5
MIN 32 OR BELOW:  23    0.50 INCH OR MORE:   0
MIN  0 OR BELOW:   1    1.00 INCH OR MORE:   0

[HDD (BASE 65) ]
TOTAL THIS MO.  1030    CLEAR  (SCALE 0-3)   3
DPTR FM NORMAL  -101    PTCLDY (SCALE 4-7)   6
TOTAL FM JUL 1  3191    CLOUDY (SCALE 8-10) 18
DPTR FM NORMAL    87

[CDD (BASE 65) ]
TOTAL THIS MO.     0
DPTR FM NORMAL     0    [PRESSURE DATA]
TOTAL FM JAN 1   175    HIGHEST SLP M ON M
DPTR FM NORMAL   -66    LOWEST  SLP 29.19 ON 24

[REMARKS]
