000
CXUS53 KAPX 220631
CF6GLR
PRELIMINARY LOCAL CLIMATOLOGICAL DATA (WS FORM: F-6)

                                          STATION:   GAYLORD
                                          MONTH:     AUGUST
                                          YEAR:      2014
                                          LATITUDE:   45  0 N
                                          LONGITUDE:  84 42 W

  TEMPERATURE IN F:       :PCPN:    SNOW:  WIND      :SUNSHINE: SKY     :PK WND
================================================================================
1   2   3   4   5  6A  6B    7    8   9   10  11  12  13   14  15   16   17  18
                                     12Z  AVG MX 2MIN
DY MAX MIN AVG DEP HDD CDD  WTR  SNW DPTH SPD SPD DIR MIN PSBL S-S WX    SPD DR
================================================================================

 1  78  52  65  -1   0   0 0.00    M    M  2.1  9 270   M    M   4 1      14 280
 2  79  53  66   0   0   1 0.00    M    M  2.9 12  50   M    M   2 1      14  50
 3  81  53  67   1   0   2 0.00    M    M  4.2 15 230   M    M   3 13     19 230
 4  77  60  69   3   0   4 0.00    M    M  4.5 12 290   M    M   5 1      19 300
 5  76  52  64  -2   1   0 0.00    M    M  3.5 13  40   M    M   4        17  30
 6  76  45  61  -5   4   0 0.00    M    M  3.0 12 360   M    M   0        17  20
 7  79  48  64  -1   1   0 0.00    M    M  3.7 10  50   M    M   2        14  40
 8  80  56  68   3   0   3 0.00    M    M  3.4 10 160   M    M   2        13 160
 9  81  51  66   1   0   1 0.00    M    M  2.6 12  60   M    M   0        15  50
10  82  52  67   2   0   2 0.00    M    M  4.2 15 180   M    M   0        21 160
11  78  61  70   5   0   5 0.54    M    M  7.0 18  60   M    M   4 1      25  50
12  64  54  59  -6   6   0 0.49    M    M  8.3 18  40   M    M  10 1      26  50
13  68  49  59  -6   6   0 0.00    M    M  7.5 16 300   M    M   2        24 320
14  62  45  54 -11  11   0 0.00    M    M  6.8 18 270   M    M   0        27 290
15  71  43  57  -8   8   0 0.00    M    M  7.7 16 250   M    M   0        23 250
16  69  56  63  -1   2   0 1.23    M    M  7.4 15 230   M    M   5 13     21 280
17  68  50  59  -5   6   0 0.00    M    M  3.5  9  50   M    M   7 12     13  50
18  73  53  63  -1   2   0 0.00    M    M  8.3 14 160   M    M   7 12     19 150
19  75  59  67   3   0   2 0.18    M    M  7.6 18 210   M    M   8 1      23 210
20  69  61  65   1   0   0    T    M    M  5.7 14 240   M    M  10 12     15 250
21  74  60  67   3   0   2 0.00    M    M  2.9  8 250   M    M   8 1      10 260
================================================================================
SM 1560 1113        47  22  2.44    M    106.8          M       83
================================================================================
AV 74.3 53.0                               5.1 FASTST   M    M   4    MAX(MPH)
                                 MISC ---->  # 18  60               # 27  290
================================================================================
NOTES:
# LAST OF SEVERAL OCCURRENCES

COLUMN 17 PEAK WIND IN M.P.H.

PRELIMINARY LOCAL CLIMATOLOGICAL DATA (WS FORM: F-6) , PAGE 2

                                          STATION:  GAYLORD
                                          MONTH:    AUGUST
                                          YEAR:     2014
                                          LATITUDE:   45  0 N
                                          LONGITUDE:  84 42 W

[TEMPERATURE DATA]      [PRECIPITATION DATA]       SYMBOLS USED IN COLUMN 16

AVERAGE MONTHLY: 63.6   TOTAL FOR MONTH:   2.44    1 = FOG OR MIST
DPTR FM NORMAL:  -1.4   DPTR FM NORMAL:   -0.08    2 = FOG REDUCING VISIBILITY
HIGHEST:    82 ON 10    GRTST 24HR  1.23 ON 16-16      TO 1/4 MILE OR LESS
LOWEST:     43 ON 15                               3 = THUNDER
                        SNOW, ICE PELLETS, HAIL    4 = ICE PELLETS
                        TOTAL MONTH:    M          5 = HAIL
                        GRTST 24HR    M  ON   M    6 = FREEZING RAIN OR DRIZZLE
                        GRTST DEPTH:  M  ON   M    7 = DUSTSTORM OR SANDSTORM:
                                                       VSBY 1/2 MILE OR LESS
                                                   8 = SMOKE OR HAZE
[NO. OF DAYS WITH]      [WEATHER - DAYS WITH]      9 = BLOWING SNOW
                                                   X = TORNADO
MAX 32 OR BELOW:   0    0.01 INCH OR MORE:   4
MAX 90 OR ABOVE:   0    0.10 INCH OR MORE:   4
MIN 32 OR BELOW:   0    0.50 INCH OR MORE:   2
MIN  0 OR BELOW:   0    1.00 INCH OR MORE:   1

[HDD (BASE 65) ]
TOTAL THIS MO.    47    CLEAR  (SCALE 0-3)  10
DPTR FM NORMAL    -3    PTCLDY (SCALE 4-7)   9
TOTAL FM JUL 1   166    CLOUDY (SCALE 8-10)  2
DPTR FM NORMAL    54

[CDD (BASE 65) ]
TOTAL THIS MO.    22
DPTR FM NORMAL   -29    [PRESSURE DATA]
TOTAL FM JAN 1   139    HIGHEST SLP M ON M
DPTR FM NORMAL   -71    LOWEST  SLP 29.59 ON 12

[REMARKS]
