000
CXGM50 PGUM 261850
CF6GUM
PRELIMINARY LOCAL CLIMATOLOGICAL DATA (WS FORM: F-6)

                                          STATION:   GUAM INTERNATIONAL AIRPORT
                                          MONTH:     FEBRUARY
                                          YEAR:      2015
                                          LATITUDE:   13 29 N
                                          LONGITUDE: 144-48 E

  TEMPERATURE IN F:       :PCPN:    SNOW:  WIND      :SUNSHINE: SKY     :PK WND
================================================================================
1   2   3   4   5  6A  6B    7    8   9   10  11  12  13   14  15   16   17  18
                                     12Z  AVG MX 2MIN
DY MAX MIN AVG DEP HDD CDD  WTR  SNW DPTH SPD SPD DIR MIN PSBL S-S WX    SPD DR
================================================================================

 1  90  74  82   2   0  17 0.00  0.0    0  9.9 20  40   M    M   2        25  20
 2  87  73  80   0   0  15 0.03  0.0    0 12.7 22  30   M    M   5        29  30
 3  86  76  81   1   0  16    T  0.0    0 13.7 24  30   M    M   6        30  10
 4  82  72  77  -3   0  12    T  0.0    0 13.3 28  40   M    M   8 1      33  30
 5  87  73  80   0   0  15 0.01  0.0    0 13.9 24  50   M    M   5        29  60
 6  89  72  81   1   0  16 0.00  0.0    0 10.8 20  50   M    M   2        24  50
 7  87  77  82   2   0  17 0.00  0.0    0 13.4 23  20   M    M   3        26  30
 8  88  75  82   2   0  17 0.01  0.0    0 13.2 22  50   M    M   5        28  50
 9  88  74  81   1   0  16 0.01  0.0    0 11.6 20  60   M    M   4 1      26  30
10  87  73  80   0   0  15    T  0.0    0 12.5 20 360   M    M   2        25 360
11  88  75  82   2   0  17 0.00  0.0    0 13.0 22  10   M    M   3        28  20
12  87  73  80   0   0  15 0.00  0.0    0 11.7 24 360   M    M   1        32 360
13  85  72  79  -1   0  14 0.00  0.0    0 10.3 18  20   M    M   1        26  40
14  87  73  80   0   0  15 0.00  0.0    0 13.7 24  40   M    M   4 8      31  50
15  86  75  81   1   0  16    T  0.0    0 15.1 26  40   M    M   5        31  20
16  86  72  79  -1   0  14    T  0.0    0 10.4 18  40   M    M   4        23  40
17  87  72  80   0   0  15 0.00  0.0    0  9.8 20  60   M    M   4        24  10
18  86  70  78  -2   0  13 0.00  0.0    0  9.8 20  30   M    M   3        25  40
19  87  71  79  -1   0  14 0.00  0.0    0  9.1 17  30   M    M   2        22  40
20  88  71  80   0   0  15    T  0.0    0 10.6 21  20   M    M   4        25  10
21  88  75  82   2   0  17 0.00  0.0    0 15.2 23  30   M    M   6        29  30
22  85  73  79  -1   0  14 0.01  0.0    0 16.1 31  70   M    M  10        37  70
23  86  74  80   0   0  15 0.02  0.0    0 15.9 24  50   M    M   8        31  40
24  86  76  81   1   0  16 0.07  0.0    0 14.5 24  70   M    M   6        30  70
25  86  77  82   2   0  17    T  0.0    0 13.2 22  60   M    M   3        28  60
26  87  76  82   2   0  17    T  0.0    0 15.2 25  70   M    M   3        32  60
================================================================================
SM 2256 1914         0 400  0.16     0.0 328.6          M      109
================================================================================
AV 86.8 73.6                              12.6 FASTST   M    M   4    MAX(MPH)
                                 MISC ---->  # 31  70               # 37   70
================================================================================
NOTES:
# LAST OF SEVERAL OCCURRENCES

COLUMN 17 PEAK WIND IN M.P.H.

PRELIMINARY LOCAL CLIMATOLOGICAL DATA (WS FORM: F-6) , PAGE 2

                                          STATION:  GUAM INTERNATIONAL AIRPORT
                                          MONTH:    FEBRUARY
                                          YEAR:     2015
                                          LATITUDE:   13 29 N
                                          LONGITUDE: 144-48 E

[TEMPERATURE DATA]      [PRECIPITATION DATA]       SYMBOLS USED IN COLUMN 16

AVERAGE MONTHLY: 80.2   TOTAL FOR MONTH:   0.16    1 = FOG OR MIST
DPTR FM NORMAL:   0.2   DPTR FM NORMAL:   -4.07    2 = FOG REDUCING VISIBILITY
HIGHEST:    90 ON  1    GRTST 24HR  0.07 ON 24-24      TO 1/4 MILE OR LESS
LOWEST:     70 ON 18                               3 = THUNDER
                        SNOW, ICE PELLETS, HAIL    4 = ICE PELLETS
                        TOTAL MONTH:   0.0 INCH    5 = HAIL
                        GRTST 24HR     0.0         6 = FREEZING RAIN OR DRIZZLE
                        GRTST DEPTH:   0           7 = DUSTSTORM OR SANDSTORM:
                                                       VSBY 1/2 MILE OR LESS
                                                   8 = SMOKE OR HAZE
[NO. OF DAYS WITH]      [WEATHER - DAYS WITH]      9 = BLOWING SNOW
                                                   X = TORNADO
MAX 32 OR BELOW:   0    0.01 INCH OR MORE:   7
MAX 90 OR ABOVE:   1    0.10 INCH OR MORE:   0
MIN 32 OR BELOW:   0    0.50 INCH OR MORE:   0
MIN  0 OR BELOW:   0    1.00 INCH OR MORE:   0

[HDD (BASE 65) ]
TOTAL THIS MO.     0    CLEAR  (SCALE 0-3)  11
DPTR FM NORMAL     0    PTCLDY (SCALE 4-7)  12
TOTAL FM JUL 1     0    CLOUDY (SCALE 8-10)  3
DPTR FM NORMAL     0

[CDD (BASE 65) ]
TOTAL THIS MO.   400
DPTR FM NORMAL    10    [PRESSURE DATA]
TOTAL FM JAN 1   917    HIGHEST SLP M ON M
DPTR FM NORMAL    56    LOWEST  SLP 29.78 ON M

[REMARKS]
