000
CXUS51 KCAR 300600
CF6MLT
PRELIMINARY LOCAL CLIMATOLOGICAL DATA (WS FORM: F-6)

                                          STATION:   MILLINOCKET ME
                                          MONTH:     MAY
                                          YEAR:      2016
                                          LATITUDE:   45 39 N
                                          LONGITUDE:  68 41 W

  TEMPERATURE IN F:       :PCPN:    SNOW:  WIND      :SUNSHINE: SKY     :PK WND
================================================================================
1   2   3   4   5  6A  6B    7    8   9   10  11  12  13   14  15   16   17  18
                                     12Z  AVG MX 2MIN
DY MAX MIN AVG DEP HDD CDD  WTR  SNW DPTH SPD SPD DIR MIN PSBL S-S WX    SPD DR
================================================================================

 1  63  28  46  -2  19   0    T    M    M  3.6 14 160   M    M   4        20 170
 2  46  38  42  -7  23   0 0.38    M    M  4.2 10  60   M    M   9 18     15 120
 3  50  38  44  -5  21   0    T    M    M  5.5 12 330   M    M  10 1      14 330
 4  53  42  48  -2  17   0 0.01    M    M  5.5 13 100   M    M  10        16 110
 5  49  40  45  -5  20   0 0.11    M    M  9.3 17  40   M    M  10 1      24  50
 6  70  43  57   7   8   0    T    M    M  6.8 16  60   M    M   6        24  20
 7  68  38  53   2  12   0 0.14    M    M  3.5 12 110   M    M   5 1      19 150
 8  58  35  47  -4  18   0 0.27    M    M  7.8 24 300   M    M  10 1      34 300
 9  46  34  40 -11  25   0    T    M    M 12.6 23 300   M    M   9        37 290
10  65  39  52   0  13   0 0.00    M    M 11.3 24 310   M    M   2        31 310
11  65  36  51  -1  14   0 0.00    M    M  8.3 20 310   M    M   0        27 310
12  80  39  60   8   5   0 0.00    M    M  5.5 14 300   M    M   0        19 270
13  76  44  60   8   5   0 0.42    M    M  5.6 15 170   M    M   3 1      24 170
14  75  55  65  12   0   0 0.15    M    M  3.8 16 310   M    M   5 1      23 290
15  56  39  48  -5  17   0 0.57    M    M 10.5 17 290   M    M   9 1      26 270
16  42  36  39 -14  26   0    T    M    M 13.8 23 290   M    M  10        36 310
17  55  40  48  -6  17   0 0.00    M    M  9.9 18 310   M    M   7        31 290
18  66  39  53  -1  12   0 0.00    M    M  2.5 14 320   M    M   5        19 310
19  68  47  58   4   7   0 0.00    M    M  1.7 15 320   M    M   9        19 330
20  76  43  60   5   5   0 0.00    M    M  3.8 15 320   M    M   4        21 300
21  80  47  64   9   1   0 0.00    M    M  3.1 14 190   M    M   1        25 180
22  76  48  62   7   3   0 0.00    M    M  2.8 14 340   M    M   2        20 340
23  80  45  63   8   2   0 0.00    M    M  4.4 16  60   M    M   0        22  40
24  72  49  61   5   4   0 0.00    M    M  2.3 13 100   M    M   3 1      16 100
25  79  55  67  11   0   2    T    M    M  5.1 12 250   M    M   6 3      19 240
26  75  54  65   9   0   0 0.00    M    M  5.8 15  80   M    M   4        20 300
27  62  50  56  -1   9   0 0.05    M    M  4.6 10 160   M    M   9 1      17 150
28  76  52  64   7   1   0    T    M    M  4.3 13  20   M    M   6 12     18  10
29  59  48  54  -3  11   0 0.15    M    M  3.7  9 170   M    M   9 1      14 160
================================================================================
SM 1886 1241       315   2  2.25    M    171.6          M      167
================================================================================
AV 65.0 42.8                               5.9 FASTST   M    M   6    MAX(MPH)
                                 MISC ---->  # 24 300               # 37  290
================================================================================
NOTES:
# LAST OF SEVERAL OCCURRENCES

COLUMN 17 PEAK WIND IN M.P.H.

PRELIMINARY LOCAL CLIMATOLOGICAL DATA (WS FORM: F-6) , PAGE 2

                                          STATION:  MILLINOCKET ME
                                          MONTH:    MAY
                                          YEAR:     2016
                                          LATITUDE:   45 39 N
                                          LONGITUDE:  68 41 W

[TEMPERATURE DATA]      [PRECIPITATION DATA]       SYMBOLS USED IN COLUMN 16

AVERAGE MONTHLY: 53.9   TOTAL FOR MONTH:   2.25    1 = FOG OR MIST
DPTR FM NORMAL:   0.9   DPTR FM NORMAL:   -0.85    2 = FOG REDUCING VISIBILITY
HIGHEST:    80 ON 23,21 GRTST 24HR  0.57 ON 15-15      TO 1/4 MILE OR LESS
LOWEST:     28 ON  1                               3 = THUNDER
                        SNOW, ICE PELLETS, HAIL    4 = ICE PELLETS
                        TOTAL MONTH:    M          5 = HAIL
                        GRTST 24HR    M  ON   M    6 = FREEZING RAIN OR DRIZZLE
                        GRTST DEPTH:  M  ON   M    7 = DUSTSTORM OR SANDSTORM:
                                                       VSBY 1/2 MILE OR LESS
                                                   8 = SMOKE OR HAZE
[NO. OF DAYS WITH]      [WEATHER - DAYS WITH]      9 = BLOWING SNOW
                                                   X = TORNADO
MAX 32 OR BELOW:   0    0.01 INCH OR MORE:  10
MAX 90 OR ABOVE:   0    0.10 INCH OR MORE:   8
MIN 32 OR BELOW:   1    0.50 INCH OR MORE:   1
MIN  0 OR BELOW:   0    1.00 INCH OR MORE:   0

[HDD (BASE 65) ]
TOTAL THIS MO.   315    CLEAR  (SCALE 0-3)   7
DPTR FM NORMAL   -39    PTCLDY (SCALE 4-7)  11
TOTAL FM JUL 1  7153    CLOUDY (SCALE 8-10) 11
DPTR FM NORMAL -1122

[CDD (BASE 65) ]
TOTAL THIS MO.     2
DPTR FM NORMAL     2    [PRESSURE DATA]
TOTAL FM JAN 1     2    HIGHEST SLP M ON M
DPTR FM NORMAL     2    LOWEST  SLP 29.38 ON M

[REMARKS]
