000
CXUS52 KMFL 011030
CF6APF
PRELIMINARY LOCAL CLIMATOLOGICAL DATA (WS FORM: F-6)
STATION: NAPLES
MONTH: JULY
YEAR: 2023
LATITUDE: 26 8 N
LONGITUDE: 81 46 W
TEMPERATURE IN F: :PCPN: SNOW: WIND :SUNSHINE: SKY :PK WND
================================================================================
1 2 3 4 5 6A 6B 7 8 9 10 11 12 13 14 15 16 17 18
12Z AVG MX 2MIN
DY MAX MIN AVG DEP HDD CDD WTR SNW DPTH SPD SPD DIR MIN PSBL S-S WX SPD DR
================================================================================
1 95 77 86 3 0 21 0.06 0.0 0 5.7 15 20 M M 3 13 19 30
2 92 78 85 2 0 20 0.00 0.0 0 5.0 14 70 M M 1 3 18 280
3 93 80 87 4 0 22 0.03 0.0 0 5.4 14 90 M M 2 13 18 280
4 96 80 88 5 0 23 0.02 0.0 0 5.0 14 290 M M 1 3 M M
5 96 82 89 6 0 24 0.89 0.0 0 4.7 17 220 M M 3 38 23 230
6 93 79 86 3 0 21 0.17 0.0 0 5.3 24 160 M M 2 138 30 160
7 92 76 84 1 0 19 0.66 0.0 0 6.4 21 230 M M 3 138 25 240
8 93 80 87 4 0 22 0.10 0.0 0 6.7 18 280 M M 3 13 25 280
9 93 81 87 4 0 22 0.00 0.0 0 6.3 15 280 M M 1 3 20 260
10 93 81 87 4 0 22 0.00 0.0 0 6.0 14 280 M M 2 18 240
11 94 83 89 6 0 24 0.00 0.0 0 5.5 15 280 M M 1 22 310
12 95 80 88 5 0 23 0.00 0.0 0 6.9 15 300 M M 1 3 18 290
13 95 81 88 5 0 23 0.00 0.0 0 5.7 13 280 M M 1 3 17 270
14 94 79 87 4 0 22 T 0.0 0 5.4 17 110 M M 1 3 21 110
15 93 79 86 3 0 21 0.29 0.0 0 4.7 20 200 M M 1 38 26 200
16 94 80 87 4 0 22 0.00 0.0 0 4.5 14 290 M M 1 3 18 230
17 95 80 88 5 0 23 0.00 M M 5.7 15 100 M M 2 3 18 110
18 94 77 86 3 0 21 0.42 0.0 0 5.6 15 80 M M 1 138 17 100
19 96 79 88 5 0 23 0.03 0.0 0 7.0 20 200 M M 2 38 23 200
20 94 79 87 4 0 22 0.00 0.0 0 6.1 14 240 M M 2 3 17 230
21 94 80 87 4 0 22 T 0.0 0 4.3 13 230 M M 2 3 15 230
22 95 83 89 6 0 24 0.00 0.0 0 6.6 16 220 M M 2 22 260
23 95 82 89 6 0 24 0.00 0.0 0 6.4 15 210 M M 1 21 30
24 95 82 89 6 0 24 0.00 0.0 0 6.3 15 260 M M 0 8 22 230
25 97 77 87 4 0 22 0.00 0.0 0 6.6 28 60 M M 1 3 33 60
26 94 77 86 3 0 21 T 0.0 0 6.6 21 70 M M 0 3 24 60
27 94 77 86 3 0 21 0.00 0.0 0 8.0 17 130 M M 1 22 80
28 87 78 83 0 0 18 0.09 0.0 0 7.7 18 180 M M 1 1 23 180
29 94 78 86 3 0 21 0.63 0.0 0 6.3 15 140 M M 2 13 23 220
30 94 80 87 4 0 22 0.00 0.0 0 5.6 14 300 M M 2 18 270
31 93 80 87 4 0 22 0.00 0.0 0 6.6 20 100 M M 1 3 26 100
================================================================================
SM 2912 2465 0 681 3.39 0.0 184.6 M 47
================================================================================
AV 93.9 79.5 6.0 FASTST M M 2 MAX(MPH)
MISC ----> 28 60 33 60
================================================================================
NOTES:
# LAST OF SEVERAL OCCURRENCES
COLUMN 17 PEAK WIND IN M.P.H.
PRELIMINARY LOCAL CLIMATOLOGICAL DATA (WS FORM: F-6) , PAGE 2
STATION: NAPLES
MONTH: JULY
YEAR: 2023
LATITUDE: 26 8 N
LONGITUDE: 81 46 W
[TEMPERATURE DATA] [PRECIPITATION DATA] SYMBOLS USED IN COLUMN 16
AVERAGE MONTHLY: 86.7 TOTAL FOR MONTH: 3.39 1 = FOG OR MIST
DPTR FM NORMAL: 3.6 DPTR FM NORMAL: -4.38 2 = FOG REDUCING VISIBILITY
HIGHEST: 97 ON 25 GRTST 24HR 1.06 ON 5- 6 TO 1/4 MILE OR LESS
LOWEST: 76 ON 7 3 = THUNDER
SNOW, ICE PELLETS, HAIL 4 = ICE PELLETS
TOTAL MONTH: 0.0 INCH 5 = HAIL
GRTST 24HR 0.0 6 = FREEZING RAIN OR DRIZZLE
GRTST DEPTH: 0 7 = DUSTSTORM OR SANDSTORM:
VSBY 1/2 MILE OR LESS
8 = SMOKE OR HAZE
[NO. OF DAYS WITH] [WEATHER - DAYS WITH] 9 = BLOWING SNOW
X = TORNADO
MAX 32 OR BELOW: 0 0.01 INCH OR MORE: 12
MAX 90 OR ABOVE: 30 0.10 INCH OR MORE: 7
MIN 32 OR BELOW: 0 0.50 INCH OR MORE: 3
MIN 0 OR BELOW: 0 1.00 INCH OR MORE: 0
[HDD (BASE 65) ]
TOTAL THIS MO. 0 CLEAR (SCALE 0-3) 28
DPTR FM NORMAL 0 PTCLDY (SCALE 4-7) 3
TOTAL FM JUL 1 0 CLOUDY (SCALE 8-10) 0
DPTR FM NORMAL 0
[CDD (BASE 65) ]
TOTAL THIS MO. 681
DPTR FM NORMAL 118 [PRESSURE DATA]
TOTAL FM JAN 1 2873 HIGHEST SLP 30.16 ON 24
DPTR FM NORMAL 675 LOWEST SLP 29.92 ON 1
[REMARKS]
#FINAL-07-23#