000
CXUS53 KABR 011100
CF6ATY
PRELIMINARY LOCAL CLIMATOLOGICAL DATA (WS FORM: F-6)
STATION: WATERTOWN SD
MONTH: JULY
YEAR: 2023
LATITUDE: 44 55 N
LONGITUDE: 97 9 W
TEMPERATURE IN F: :PCPN: SNOW: WIND :SUNSHINE: SKY :PK WND
================================================================================
1 2 3 4 5 6A 6B 7 8 9 10 11 12 13 14 15 16 17 18
12Z AVG MX 2MIN
DY MAX MIN AVG DEP HDD CDD WTR SNW DPTH SPD SPD DIR MIN PSBL S-S WX SPD DR
================================================================================
1 84 59 72 2 0 7 0.00 0.0 0 3.1 13 30 M M 2 1 17 40
2 88 61 75 5 0 10 0.00 0.0 0 8.2 15 200 M M 1 22 240
3 85 64 75 5 0 10 0.11 0.0 0 9.2 21 30 M M 2 3 28 30
4 75 62 69 -1 0 4 0.93 0.0 0 9.1 22 320 M M 8 13 29 320
5 68 52 60 -10 5 0 T 0.0 0 9.2 17 330 M M 5 23 360
6 74 47 61 -10 4 0 0.00 0.0 0 3.5 10 200 M M 0 17 200
7 72 55 64 -7 1 0 0.06 0.0 0 8.1 16 220 M M 3 1 21 200
8 74 49 62 -9 3 0 0.00 0.0 0 6.1 14 330 M M 2 23 300
9 83 57 70 -1 0 5 0.00 0.0 0 12.7 22 230 M M 0 30 230
10 88 56 72 1 0 7 0.00 0.0 0 9.3 23 20 M M 0 28 20
11 67 48 58 -13 7 0 0.08 0.0 0 7.7 16 50 M M 3 13 21 50
12 75 55 65 -6 0 0 0.08 0.0 0 6.5 21 160 M M 5 13 31 170
13 85 57 71 0 0 6 0.06 T 0 6.1 24 200 M M 1 1235 34 250
14 82 59 71 0 0 6 0.00 0.0 0 6.9 18 310 M M 2 18 26 310
15 74 56 65 -6 0 0 0.00 0.0 0 9.0 21 310 M M 1 18 28 330
16 74 53 64 -7 1 0 0.00 0.0 0 9.9 20 330 M M 1 18 28 290
17 73 46 60 -11 5 0 0.00 0.0 0 5.2 17 350 M M 1 24 330
18 79 56 68 -3 0 3 0.00 0.0 0 9.8 18 170 M M 3 25 170
19 88 62 75 4 0 10 0.00 0.0 0 10.9 22 260 M M 0 32 280
20 79 60 70 -1 0 5 0.00 0.0 0 10.2 20 340 M M 2 28 350
21 83 56 70 -1 0 5 0.00 0.0 0 5.3 14 360 M M 3 20 210
22 87 59 73 2 0 8 0.00 0.0 0 6.4 18 350 M M 1 1 25 330
23 86 51 69 -2 0 4 0.00 0.0 0 4.7 14 170 M M 0 1 18 170
24 91 63 77 6 0 12 0.00 0.0 0 7.4 15 160 M M 1 18 22 170
25 92 65 79 8 0 14 T 0.0 0 9.8 21 170 M M 0 138 29 170
26 99 67 83 12 0 18 0.02 0.0 0 6.6 14 300 M M 1 13 19 260
27 95 72 84 13 0 19 T 0.0 0 9.3 20 40 M M 1 3 26 50
28 87 60 74 3 0 9 T 0.0 0 9.6 32 360 M M 2 44 350
29 83 55 69 -2 0 4 0.00 0.0 0 6.7 16 20 M M 1 24 20
30 81 55 68 -3 0 3 T 0.0 0 5.2 16 160 M M 2 22 160
31 87 64 76 5 0 11 0.00 0.0 0 8.6 17 140 M M 1 24 150
================================================================================
SM 2538 1781 26 180 1.34 T 240.3 M 55
================================================================================
AV 81.9 57.5 7.8 FASTST M M 2 MAX(MPH)
MISC ----> 32 360 44 350
================================================================================
NOTES:
# LAST OF SEVERAL OCCURRENCES
COLUMN 17 PEAK WIND IN M.P.H.
PRELIMINARY LOCAL CLIMATOLOGICAL DATA (WS FORM: F-6) , PAGE 2
STATION: WATERTOWN SD
MONTH: JULY
YEAR: 2023
LATITUDE: 44 55 N
LONGITUDE: 97 9 W
[TEMPERATURE DATA] [PRECIPITATION DATA] SYMBOLS USED IN COLUMN 16
AVERAGE MONTHLY: 69.7 TOTAL FOR MONTH: 1.34 1 = FOG OR MIST
DPTR FM NORMAL: -1.3 DPTR FM NORMAL: -1.71 2 = FOG REDUCING VISIBILITY
HIGHEST: 99 ON 26 GRTST 24HR 1.04 ON 3- 4 TO 1/4 MILE OR LESS
LOWEST: 46 ON 17 3 = THUNDER
SNOW, ICE PELLETS, HAIL 4 = ICE PELLETS
TOTAL MONTH: T 5 = HAIL
GRTST 24HR T ON 13-13 6 = FREEZING RAIN OR DRIZZLE
GRTST DEPTH: 0 7 = DUSTSTORM OR SANDSTORM:
VSBY 1/2 MILE OR LESS
8 = SMOKE OR HAZE
[NO. OF DAYS WITH] [WEATHER - DAYS WITH] 9 = BLOWING SNOW
X = TORNADO
MAX 32 OR BELOW: 0 0.01 INCH OR MORE: 7
MAX 90 OR ABOVE: 4 0.10 INCH OR MORE: 2
MIN 32 OR BELOW: 0 0.50 INCH OR MORE: 1
MIN 0 OR BELOW: 0 1.00 INCH OR MORE: 0
[HDD (BASE 65) ]
TOTAL THIS MO. 26 CLEAR (SCALE 0-3) 26
DPTR FM NORMAL 10 PTCLDY (SCALE 4-7) 5
TOTAL FM JUL 1 26 CLOUDY (SCALE 8-10) 0
DPTR FM NORMAL 19
[CDD (BASE 65) ]
TOTAL THIS MO. 180
DPTR FM NORMAL -22 [PRESSURE DATA]
TOTAL FM JAN 1 472 HIGHEST SLP 30.23 ON 29
DPTR FM NORMAL 145 LOWEST SLP 29.71 ON 26
[REMARKS]
#FINAL-07-23#