000
CXUS55 KBOI 011002
CF6BOI
PRELIMINARY LOCAL CLIMATOLOGICAL DATA (WS FORM: F-6)
STATION: BOISE ID
MONTH: OCTOBER
YEAR: 2022
LATITUDE: 43 34 N
LONGITUDE: 116 13 W
TEMPERATURE IN F: :PCPN: SNOW: WIND :SUNSHINE: SKY :PK WND
================================================================================
1 2 3 4 5 6A 6B 7 8 9 10 11 12 13 14 15 16 17 18
12Z AVG MX 2MIN
DY MAX MIN AVG DEP HDD CDD WTR SNW DPTH SPD SPD DIR MIN PSBL S-S WX SPD DR
================================================================================
1 72 43 58 -2 7 0 0.00 0.0 0 3.4 12 270 M M 0 14 280
2 77 52 65 5 0 0 0.00 0.0 0 6.2 15 140 M M 0 20 140
3 77 51 64 5 1 0 0.00 0.0 0 3.8 10 140 M M 0 8 15 290
4 81 53 67 8 0 2 0.00 0.0 0 5.8 13 130 M M 0 16 140
5 83 52 68 10 0 3 0.00 0.0 0 5.1 12 320 M M 0 14 330
6 82 51 67 9 0 2 0.00 0.0 0 4.5 10 330 M M 0 8 16 320
7 81 52 67 10 0 2 0.00 0.0 0 6.1 14 140 M M 0 18 130
8 80 54 67 10 0 2 0.00 0.0 0 5.9 14 140 M M 0 18 130
9 77 50 64 8 1 0 0.00 0.0 0 6.1 13 130 M M 0 17 280
10 77 49 63 7 2 0 0.00 0.0 0 6.3 14 350 M M 0 18 340
11 75 46 61 5 4 0 0.00 0.0 0 8.5 22 330 M M 0 8 28 300
12 78 44 61 6 4 0 0.00 0.0 0 4.8 17 280 M M 0 8 22 280
13 77 49 63 9 2 0 0.00 0.0 0 5.5 13 160 M M 0 16 160
14 76 45 61 7 4 0 0.00 0.0 0 5.9 12 300 M M 0 17 300
15 78 48 63 9 2 0 0.00 0.0 0 7.6 14 140 M M 0 21 160
16 73 47 60 7 5 0 0.00 0.0 0 6.2 16 130 M M 0 21 140
17 77 43 60 7 5 0 0.00 0.0 0 4.4 13 120 M M 0 8 15 130
18 77 46 62 10 3 0 0.00 0.0 0 4.8 14 130 M M 0 17 140
19 75 46 61 9 4 0 0.00 0.0 0 5.1 13 150 M M 0 17 150
20 76 46 61 10 4 0 0.00 0.0 0 4.9 14 130 M M 0 18 130
21 70 48 59 8 6 0 0.17 0.0 0 5.2 21 260 M M 3 1 32 260
22 53 39 46 -4 19 0 0.67 0.0 0 12.9 25 310 M M 6 1 36 310
23 51 34 43 -7 22 0 T T 0 11.0 29 330 M M 3 40 320
24 49 29 39 -10 26 0 0.03 0.0 0 6.3 16 90 M M 5 21 110
25 53 36 45 -4 20 0 0.00 0.0 0 5.4 18 120 M M 4 1 23 120
26 50 33 42 -6 23 0 0.01 0.0 0 9.0 22 310 M M 6 32 280
27 52 30 41 -7 24 0 0.00 0.0 0 5.7 16 150 M M 0 22 150
28 56 32 44 -4 21 0 0.00 0.0 0 6.9 16 150 M M 0 22 170
29 56 32 44 -3 21 0 0.00 0.0 0 2.6 9 130 M M 1 13 280
30 61 33 47 0 18 0 0.00 0.0 0 4.3 12 140 M M 2 14 120
31 69 38 54 8 11 0 0.00 0.0 0 7.6 20 140 M M 3 26 140
================================================================================
SM 2169 1351 259 11 0.88 T 187.8 M 33
================================================================================
AV 70.0 43.6 6.1 FASTST M M 1 MAX(MPH)
MISC ----> 29 330 40 320
================================================================================
NOTES:
# LAST OF SEVERAL OCCURRENCES
COLUMN 17 PEAK WIND IN M.P.H.
PRELIMINARY LOCAL CLIMATOLOGICAL DATA (WS FORM: F-6) , PAGE 2
STATION: BOISE ID
MONTH: OCTOBER
YEAR: 2022
LATITUDE: 43 34 N
LONGITUDE: 116 13 W
[TEMPERATURE DATA] [PRECIPITATION DATA] SYMBOLS USED IN COLUMN 16
AVERAGE MONTHLY: 56.8 TOTAL FOR MONTH: 0.88 1 = FOG OR MIST
DPTR FM NORMAL: 3.6 DPTR FM NORMAL: 0.07 2 = FOG REDUCING VISIBILITY
HIGHEST: 83 ON 5 GRTST 24HR 0.80 ON 21-22 TO 1/4 MILE OR LESS
LOWEST: 29 ON 24 3 = THUNDER
SNOW, ICE PELLETS, HAIL 4 = ICE PELLETS
TOTAL MONTH: T 5 = HAIL
GRTST 24HR T ON 23-23 6 = FREEZING RAIN OR DRIZZLE
GRTST DEPTH: 0 7 = DUSTSTORM OR SANDSTORM:
VSBY 1/2 MILE OR LESS
8 = SMOKE OR HAZE
[NO. OF DAYS WITH] [WEATHER - DAYS WITH] 9 = BLOWING SNOW
X = TORNADO
MAX 32 OR BELOW: 0 0.01 INCH OR MORE: 4
MAX 90 OR ABOVE: 0 0.10 INCH OR MORE: 2
MIN 32 OR BELOW: 4 0.50 INCH OR MORE: 1
MIN 0 OR BELOW: 0 1.00 INCH OR MORE: 0
[HDD (BASE 65) ]
TOTAL THIS MO. 259 CLEAR (SCALE 0-3) 27
DPTR FM NORMAL -118 PTCLDY (SCALE 4-7) 4
TOTAL FM JUL 1 272 CLOUDY (SCALE 8-10) 0
DPTR FM NORMAL -200
[CDD (BASE 65) ]
TOTAL THIS MO. 11
DPTR FM NORMAL 1 [PRESSURE DATA]
TOTAL FM JAN 1 1401 HIGHEST SLP 30.39 ON 29
DPTR FM NORMAL 357 LOWEST SLP 29.40 ON 22
[REMARKS]
#FINAL-10-22#