000
CXUS53 KARX 012354
CF6CCY
PRELIMINARY LOCAL CLIMATOLOGICAL DATA (WS FORM: F-6)
STATION: CHARLES_CITY IA
MONTH: AUGUST
YEAR: 2023
LATITUDE: 43 4 N
LONGITUDE: 92 37 W
TEMPERATURE IN F: :PCPN: SNOW: WIND :SUNSHINE: SKY :PK WND
================================================================================
1 2 3 4 5 6A 6B 7 8 9 10 11 12 13 14 15 16 17 18
12Z AVG MX 2MIN
DY MAX MIN AVG DEP HDD CDD WTR SNW DPTH SPD SPD DIR MIN PSBL S-S WX SPD DR
================================================================================
1 84 59 72 0 0 7 0.00 0.0 0 6.5 10 130 M M 2 16 180
2 79 64 72 1 0 7 0.00 0.0 0 5.6 12 110 M M 3 M M
3 86 63 75 4 0 10 0.00 0.0 0 2.2 8 190 M M 4 12 13 270
4 90 64 77 6 0 12 0.00 0.0 0 5.4 12 130 M M 2 1 20 100
5 84 64 74 3 0 9 0.00 0.0 0 9.8 17 90 M M 2 24 90
6 73 64 69 -2 0 4 0.83 0.0 0 8.0 14 110 M M 8 1 18 110
7 79 64 72 1 0 7 0.00 0.0 0 7.4 10 320 M M 4 1 17 330
8 81 57 69 -2 0 4 0.00 0.0 0 4.4 8 280 M M 0 1 15 310
9 81 59 70 -1 0 5 0.00 0.0 0 3.0 8 240 M M 1 1 17 240
10 82 61 72 1 0 7 0.00 0.0 0 4.2 12 230 M M 2 1 13 0
11 86 64 75 4 0 10 M 0.0 0 8.3 13 230 M M 5 36 180
12 82 61 72 1 0 7 0.00 0.0 0 8.3 22 280 M M 0 28 280
13 70 59 65 -6 0 0 0.21 0.0 0 4.8 12 130 M M 7 15 70
14 73 57 65 -6 0 0 M 0.0 0 8.4 17 10 M M 7 1 25 10
15 77 52 65 -5 0 0 0.00 0.0 0 6.7 10 290 M M 1 1 17 290
16 81 55 68 -2 0 3 0.00 0.0 0 11.5 21 190 M M 1 31 220
17 73 54 64 -6 1 0 0.00 0.0 0 11.2 22 310 M M 2 29 310
18 77 50 64 -6 1 0 0.00 0.0 0 6.3 15 170 M M 0 12 17 170
19 88 61 75 5 0 10 0.00 0.0 0 9.1 15 180 M M 1 29 180
20 88 70 79 9 0 14 0.00 0.0 0 8.2 12 50 M M 1 1 17 30
21 90 70 80 10 0 15 0.00 0.0 0 8.6 14 150 M M 4 18 150
22 93 68 81 11 0 16 0.00 0.0 0 10.1 15 190 M M 1 1 21 180
23 100 77 89 20 0 24 0.00 0.0 0 10.1 17 260 M M 2 12 28 260
24 95 73 84 15 0 19 0.00 0.0 0 6.7 12 310 M M 1 1 18 310
25 86 70 78 9 0 13 0.26 0.0 0 5.7 10 280 M M 2 1 14 280
26 75 59 67 -2 0 2 0.00 0.0 0 8.9 14 50 M M 3 22 10
27 75 57 66 -3 0 1 0.00 0.0 0 3.1 7 30 M M 5 M M
28 82 54 68 0 0 3 0.00 0.0 0 5.8 13 230 M M 1 18 240
29 81 61 71 3 0 6 0.00 0.0 0 7.6 14 330 M M 1 24 330
30 79 57 68 0 0 3 0.00 0.0 0 6.3 9 80 M M 0 14 90
31 79 50 65 -3 0 0 0.00 0.0 0 8.6 14 150 M M 0 21 150
================================================================================
SM 2549 1898 2 218 1.30 0.0 220.8 M 73
================================================================================
AV 82.2 61.2 7.1 FASTST M M 2 MAX(MPH)
MISC ----> # 22 280 36 180
================================================================================
NOTES:
# LAST OF SEVERAL OCCURRENCES
COLUMN 17 PEAK WIND IN M.P.H.
PRELIMINARY LOCAL CLIMATOLOGICAL DATA (WS FORM: F-6) , PAGE 2
STATION: CHARLES_CITY IA
MONTH: AUGUST
YEAR: 2023
LATITUDE: 43 4 N
LONGITUDE: 92 37 W
[TEMPERATURE DATA] [PRECIPITATION DATA] SYMBOLS USED IN COLUMN 16
AVERAGE MONTHLY: 71.7 TOTAL FOR MONTH: 1.30 1 = FOG OR MIST
DPTR FM NORMAL: 1.6 DPTR FM NORMAL: -2.85 2 = FOG REDUCING VISIBILITY
HIGHEST: 100 ON 23 GRTST 24HR 0.83 ON 6- 6 TO 1/4 MILE OR LESS
LOWEST: 50 ON 31,18 3 = THUNDER
SNOW, ICE PELLETS, HAIL 4 = ICE PELLETS
TOTAL MONTH: 0.0 INCH 5 = HAIL
GRTST 24HR 0.0 6 = FREEZING RAIN OR DRIZZLE
GRTST DEPTH: 0 7 = DUSTSTORM OR SANDSTORM:
VSBY 1/2 MILE OR LESS
8 = SMOKE OR HAZE
[NO. OF DAYS WITH] [WEATHER - DAYS WITH] 9 = BLOWING SNOW
X = TORNADO
MAX 32 OR BELOW: 0 0.01 INCH OR MORE: 3
MAX 90 OR ABOVE: 5 0.10 INCH OR MORE: 3
MIN 32 OR BELOW: 0 0.50 INCH OR MORE: 1
MIN 0 OR BELOW: 0 1.00 INCH OR MORE: 0
[HDD (BASE 65) ]
TOTAL THIS MO. 2 CLEAR (SCALE 0-3) 23
DPTR FM NORMAL -18 PTCLDY (SCALE 4-7) 8
TOTAL FM JUL 1 18 CLOUDY (SCALE 8-10) 0
DPTR FM NORMAL -11
[CDD (BASE 65) ]
TOTAL THIS MO. 218
DPTR FM NORMAL 40 [PRESSURE DATA]
TOTAL FM JAN 1 642 HIGHEST SLP M ON M
DPTR FM NORMAL 44 LOWEST SLP M ON M
[REMARKS]
#FINAL-08-23#