000
CXUS54 KLUB 280730
CF6CDS
PRELIMINARY LOCAL CLIMATOLOGICAL DATA (WS FORM: F-6)
STATION: CHILDRESS
MONTH: APRIL
YEAR: 2024
LATITUDE: 34 25 N
LONGITUDE: 100 17 W
TEMPERATURE IN F: :PCPN: SNOW: WIND :SUNSHINE: SKY :PK WND
================================================================================
1 2 3 4 5 6A 6B 7 8 9 10 11 12 13 14 15 16 17 18
12Z AVG MX 2MIN
DY MAX MIN AVG DEP HDD CDD WTR SNW DPTH SPD SPD DIR MIN PSBL S-S WX SPD DR
================================================================================
1 80 51 66 7 0 1 0.02 0.0 0 9.0 29 290 M M 2 42 300
2 63 43 53 -6 12 0 0.00 0.0 0 14.9 26 340 M M 3 40 10
3 75 37 56 -3 9 0 0.00 0.0 0 7.8 22 10 M M 0 28 360
4 85 42 64 4 1 0 0.00 0.0 0 7.4 17 200 M M 0 27 200
5 87 44 66 6 0 1 0.00 0.0 0 13.0 28 210 M M 0 40 190
6 78 51 65 5 0 0 0.00 0.0 0 18.9 40 250 M M 0 55 240
7 78 50 64 4 1 0 0.00 0.0 0 14.7 26 290 M M 0 36 280
8 70 40 55 -5 10 0 0.00 0.0 0 11.1 21 50 M M 1 30 50
9 57 47 52 -9 13 0 1.61 0.0 0 14.7 28 60 M M 8 13 42 40
10 72 47 60 -1 5 0 T 0.0 0 13.2 26 20 M M 6 40 20
11 69 44 57 -4 8 0 0.00 0.0 0 8.6 23 10 M M 0 29 10
12 83 46 65 4 0 0 0.00 0.0 0 11.2 20 180 M M 0 33 190
13 86 51 69 7 0 4 0.00 0.0 0 10.9 22 190 M M 0 30 190
14 92 55 74 12 0 9 0.00 0.0 0 10.0 20 220 M M 0 26 240
15 79 59 69 7 0 4 0.00 0.0 0 12.8 26 160 M M 1 1 39 160
16 84 55 70 8 0 5 0.00 0.0 0 11.6 30 290 M M 0 41 290
17 91 51 71 8 0 6 0.00 0.0 0 8.8 18 170 M M 0 27 170
18 70 51 61 -2 4 0 0.00 0.0 0 15.4 31 10 M M 0 8 43 350
19 65 44 55 -8 10 0 0.00 0.0 0 8.8 20 50 M M 5 30 40
20 56 47 52 -11 13 0 0.12 0.0 0 8.8 17 60 M M 10 3 27 70
21 63 43 53 -11 12 0 0.00 0.0 0 6.0 13 20 M M 4 18 30
22 76 44 60 -4 5 0 0.00 0.0 0 14.8 25 190 M M M 37 200
23 89 50 70 6 0 5 0.00 0.0 0 9.3 16 210 M M 0 25 60
24 70 62 66 2 0 1 0.01 0.0 0 8.8 16 60 M M 8 1 24 60
25 79 66 73 8 0 8 0.00 0.0 0 15.5 24 180 M M 7 35 170
26 88 56 72 7 0 7 T 0.0 0 14.4 28 230 M M 0 43 240
27 87 56 72 7 0 7 T 0.0 0 12.0 28 180 M M 3 1 38 190
================================================================================
SM 2072 1332 103 58 1.76 0.0 312.4 M 58
================================================================================
AV 76.7 49.3 11.6 FASTST M M 2 MAX(MPH)
MISC ----> 40 250 55 240
================================================================================
NOTES:
# LAST OF SEVERAL OCCURRENCES
COLUMN 17 PEAK WIND IN M.P.H.
PRELIMINARY LOCAL CLIMATOLOGICAL DATA (WS FORM: F-6) , PAGE 2
STATION: CHILDRESS
MONTH: APRIL
YEAR: 2024
LATITUDE: 34 25 N
LONGITUDE: 100 17 W
[TEMPERATURE DATA] [PRECIPITATION DATA] SYMBOLS USED IN COLUMN 16
AVERAGE MONTHLY: 63.0 TOTAL FOR MONTH: 1.76 1 = FOG OR MIST
DPTR FM NORMAL: 1.1 DPTR FM NORMAL: -0.25 2 = FOG REDUCING VISIBILITY
HIGHEST: 92 ON 14 GRTST 24HR 1.61 ON 9- 9 TO 1/4 MILE OR LESS
LOWEST: 37 ON 3 3 = THUNDER
SNOW, ICE PELLETS, HAIL 4 = ICE PELLETS
TOTAL MONTH: 0.0 INCH 5 = HAIL
GRTST 24HR 0.0 6 = FREEZING RAIN OR DRIZZLE
GRTST DEPTH: 0 7 = DUSTSTORM OR SANDSTORM:
VSBY 1/2 MILE OR LESS
8 = SMOKE OR HAZE
[NO. OF DAYS WITH] [WEATHER - DAYS WITH] 9 = BLOWING SNOW
X = TORNADO
MAX 32 OR BELOW: 0 0.01 INCH OR MORE: 4
MAX 90 OR ABOVE: 2 0.10 INCH OR MORE: 2
MIN 32 OR BELOW: 0 0.50 INCH OR MORE: 1
MIN 0 OR BELOW: 0 1.00 INCH OR MORE: 1
[HDD (BASE 65) ]
TOTAL THIS MO. 103 CLEAR (SCALE 0-3) 18
DPTR FM NORMAL -41 PTCLDY (SCALE 4-7) 7
TOTAL FM JUL 1 2735 CLOUDY (SCALE 8-10) 2
DPTR FM NORMAL -295
[CDD (BASE 65) ]
TOTAL THIS MO. 58
DPTR FM NORMAL -1 [PRESSURE DATA]
TOTAL FM JAN 1 71 HIGHEST SLP M ON M
DPTR FM NORMAL -9 LOWEST SLP 29.47 ON 1
[REMARKS]