000
CXUS53 KUNR 010930
CF6CUT
PRELIMINARY LOCAL CLIMATOLOGICAL DATA (WS FORM: F-6)
STATION: CUSTER COUNTY AIRPORT SD
MONTH: SEPTEMBER
YEAR: 2021
LATITUDE: 43 43 N
LONGITUDE: 103 37 W
TEMPERATURE IN F: :PCPN: SNOW: WIND :SUNSHINE: SKY :PK WND
================================================================================
1 2 3 4 5 6A 6B 7 8 9 10 11 12 13 14 15 16 17 18
12Z AVG MX 2MIN
DY MAX MIN AVG DEP HDD CDD WTR SNW DPTH SPD SPD DIR MIN PSBL S-S WX SPD DR
================================================================================
1 77 55 66 4 0 1 0.01 M M 5.6 20 270 M M 6 28 270
2 78 55 67 6 0 2 T M M 5.7 15 360 M M 4 13 25 350
3 63 48 56 -5 9 0 0.64 M M 4.5 28 270 M M 5 13 38 270
4 69 48 59 -2 6 0 0.00 M M 4.1 12 140 M M 0 1 19 140
5 M M M M M M 0.00 M M M M M M M 0 M M
6 M M M M M M 0.00 M M M M M M M 0 M M
7 74 48 61 1 4 0 0.00 M M 6.2 15 90 M M 0 24 120
8 74 45 60 1 5 0 0.00 M M 4.3 14 80 M M 0 20 140
9 88 46 67 8 0 2 0.00 M M 6.6 17 300 M M 0 26 260
10 92 52 72 14 0 7 0.00 M M 4.4 16 280 M M 0 8 24 220
11 85 53 69 11 0 4 T M M 8.3 21 270 M M 1 3 28 270
12 76 52 64 6 1 0 0.00 M M 4.3 14 180 M M 3 22 190
13 70 49 60 3 5 0 0.01 M M 5.3 17 340 M M 5 3 34 350
14 69 44 57 0 8 0 0.19 M M 4.3 18 290 M M 4 13 28 290
15 79 45 62 6 3 0 0.00 M M 5.2 18 280 M M 0 25 260
16 79 45 62 6 3 0 0.00 M M 10.2 21 40 M M 0 35 40
17 63 37 50 -6 15 0 0.00 M M 7.0 17 190 M M 2 30 210
18 86 46 66 11 0 1 0.00 M M 9.8 20 270 M M 0 35 260
19 81 46 64 9 1 0 0.15 M M 11.1 23 270 M M 3 13 41 260
20 57 37 47 -7 18 0 0.09 M M 7.5 16 320 M M 6 3 29 10
21 59 37 48 -6 17 0 0.00 M M 5.9 17 270 M M 1 29 270
22 74 37 56 3 9 0 0.00 M M 4.1 14 270 M M 0 20 270
23 74 44 59 6 6 0 T M M 7.9 15 40 M M 0 25 360
24 62 38 50 -2 15 0 T M M 5.7 18 280 M M 6 29 240
25 79 38 59 7 6 0 0.00 M M 5.3 17 270 M M 0 26 270
26 84 49 67 16 0 2 0.00 M M 5.5 17 270 M M 0 26 280
27 87 49 68 17 0 3 0.00 M M 4.1 13 90 M M 0 19 110
28 83 53 68 18 0 3 0.02 M M 6.4 18 190 M M 1 34 150
29 60 43 52 2 13 0 0.07 M M 7.2 14 360 M M 9 1 26 10
30 61 36 49 0 16 0 0.00 M M 5.1 12 50 M M 7 21 360
================================================================================
SM 2083 1275 160 25 1.18 M 171.6 M 63
================================================================================
AV 74.4 45.5 6.1 FASTST M M 2 MAX(MPH)
MISC ----> 28 270 41 260
================================================================================
NOTES:
# LAST OF SEVERAL OCCURRENCES
COLUMN 17 PEAK WIND IN M.P.H.
PRELIMINARY LOCAL CLIMATOLOGICAL DATA (WS FORM: F-6) , PAGE 2
STATION: CUSTER COUNTY AIRPORT SD
MONTH: SEPTEMBER
YEAR: 2021
LATITUDE: 43 43 N
LONGITUDE: 103 37 W
[TEMPERATURE DATA] [PRECIPITATION DATA] SYMBOLS USED IN COLUMN 16
AVERAGE MONTHLY: 60.0 TOTAL FOR MONTH: 1.18 1 = FOG OR MIST
DPTR FM NORMAL: 4.1 DPTR FM NORMAL: -0.41 2 = FOG REDUCING VISIBILITY
HIGHEST: 92 ON 10 GRTST 24HR 0.64 ON 3- 3 TO 1/4 MILE OR LESS
LOWEST: 36 ON 30 3 = THUNDER
SNOW, ICE PELLETS, HAIL 4 = ICE PELLETS
TOTAL MONTH: M 5 = HAIL
GRTST 24HR M ON M 6 = FREEZING RAIN OR DRIZZLE
GRTST DEPTH: M ON M 7 = DUSTSTORM OR SANDSTORM:
VSBY 1/2 MILE OR LESS
8 = SMOKE OR HAZE
[NO. OF DAYS WITH] [WEATHER - DAYS WITH] 9 = BLOWING SNOW
X = TORNADO
MAX 32 OR BELOW: 0 0.01 INCH OR MORE: 8
MAX 90 OR ABOVE: 1 0.10 INCH OR MORE: 3
MIN 32 OR BELOW: 0 0.50 INCH OR MORE: 1
MIN 0 OR BELOW: 0 1.00 INCH OR MORE: 0
[HDD (BASE 65) ]
TOTAL THIS MO. 160 CLEAR (SCALE 0-3) 20
DPTR FM NORMAL -128 PTCLDY (SCALE 4-7) 9
TOTAL FM JUL 1 219 CLOUDY (SCALE 8-10) 1
DPTR FM NORMAL -200
[CDD (BASE 65) ]
TOTAL THIS MO. 25
DPTR FM NORMAL 9 [PRESSURE DATA]
TOTAL FM JAN 1 345 HIGHEST SLP 30.44 ON 21
DPTR FM NORMAL 136 LOWEST SLP 29.52 ON 19
[REMARKS]
#FINAL-09-21#