000
CXUS55 KPSR 011005
CF6DVT
PRELIMINARY LOCAL CLIMATOLOGICAL DATA (WS FORM: F-6)
STATION: DEER VLY/PHOENIX AZ
MONTH: DECEMBER
YEAR: 2021
LATITUDE: 33 41 N
LONGITUDE: 112 4 W
TEMPERATURE IN F: :PCPN: SNOW: WIND :SUNSHINE: SKY :PK WND
================================================================================
1 2 3 4 5 6A 6B 7 8 9 10 11 12 13 14 15 16 17 18
12Z AVG MX 2MIN
DY MAX MIN AVG DEP HDD CDD WTR SNW DPTH SPD SPD DIR MIN PSBL S-S WX SPD DR
================================================================================
1 82 53 68 12 0 3 0.00 M M 3.5 12 40 M M 0 15 40
2 81 56 69 13 0 4 0.00 M M 3.4 13 40 M M 0 16 40
3 79 50 65 10 0 0 0.00 M M 3.1 12 40 M M 0 14 40
4 76 49 63 8 2 0 0.00 M M 3.0 10 40 M M 0 15 40
5 74 46 60 5 5 0 0.00 M M 3.0 9 210 M M 0 12 220
6 74 47 61 7 4 0 0.00 M M 2.1 9 30 M M 0 8 11 50
7 72 52 62 8 3 0 0.00 M M 3.0 9 30 M M 0 11 40
8 69 53 61 7 4 0 0.00 M M 3.5 9 150 M M 4 13 90
9 67 51 59 5 6 0 0.36 M M 7.4 24 300 M M 8 1 31 300
10 59 49 54 1 11 0 T M M 4.0 12 30 M M 2 17 260
11 64 42 53 0 12 0 0.00 M M 4.6 12 40 M M 0 16 40
12 70 43 57 4 8 0 0.00 M M 3.3 13 130 M M 0 22 280
13 68 45 57 4 8 0 0.00 M M 2.8 10 150 M M 0 14 150
14 70 48 59 6 6 0 0.05 M M 11.3 32 280 M M 2 1 47 290
15 56 40 48 -5 17 0 0.04 M M 2.9 25 290 M M 1 1 32 290
16 60 37 49 -4 16 0 0.00 M M 3.0 10 30 M M 0 13 230
17 61 36 49 -3 16 0 0.00 M M 2.3 9 40 M M 0 15 200
18 67 38 53 1 12 0 0.00 M M 5.3 15 60 M M 0 21 60
19 68 42 55 3 10 0 0.00 M M 2.9 12 50 M M 0 16 40
20 68 41 55 3 10 0 0.00 M M 4.4 15 50 M M 0 19 40
21 64 50 57 5 8 0 0.00 M M 1.6 12 50 M M 0 15 40
22 70 45 58 6 7 0 0.00 M M 1.8 8 30 M M 0 8 14 90
23 71 56 64 12 1 0 T M M 3.6 12 270 M M 6 15 260
24 64 52 58 5 7 0 1.49 M M 7.8 21 150 M M 9 1 29 160
25 59 51 55 2 10 0 0.00 M M 2.2 7 210 M M 5 1 10 220
26 62 49 56 3 9 0 0.00 M M 3.4 15 330 M M 4 2 22 340
27 56 44 50 -3 15 0 0.00 M M 4.4 15 240 M M 3 19 240
28 54 40 47 -6 18 0 0.49 0.0 M 4.9 16 290 M M 9 1 25 280
29 56 46 51 -2 14 0 0.08 0.0 M 3.8 17 280 M M 9 13 26 230
30 58 45 52 -1 13 0 T 0.0 M 3.7 13 140 M M 5 18 140
31 59 51 55 2 10 0 0.13 M M 5.8 22 230 M M 9 1 31 230
================================================================================
SM 2058 1447 262 7 2.64 0.0 121.8 M 76
================================================================================
AV 66.4 46.7 3.9 FASTST M M 2 MAX(MPH)
MISC ----> 32 280 47 290
================================================================================
NOTES:
# LAST OF SEVERAL OCCURRENCES
COLUMN 17 PEAK WIND IN M.P.H.
PRELIMINARY LOCAL CLIMATOLOGICAL DATA (WS FORM: F-6) , PAGE 2
STATION: DEER VLY/PHOENIX AZ
MONTH: DECEMBER
YEAR: 2021
LATITUDE: 33 41 N
LONGITUDE: 112 4 W
[TEMPERATURE DATA] [PRECIPITATION DATA] SYMBOLS USED IN COLUMN 16
AVERAGE MONTHLY: 56.5 TOTAL FOR MONTH: 2.64 1 = FOG OR MIST
DPTR FM NORMAL: 3.2 DPTR FM NORMAL: 1.83 2 = FOG REDUCING VISIBILITY
HIGHEST: 82 ON 1 GRTST 24HR 1.49 ON 24-24 TO 1/4 MILE OR LESS
LOWEST: 36 ON 17 3 = THUNDER
SNOW, ICE PELLETS, HAIL 4 = ICE PELLETS
TOTAL MONTH: 0.0 INCH 5 = HAIL
GRTST 24HR 0.0 6 = FREEZING RAIN OR DRIZZLE
GRTST DEPTH: M ON M 7 = DUSTSTORM OR SANDSTORM:
VSBY 1/2 MILE OR LESS
8 = SMOKE OR HAZE
[NO. OF DAYS WITH] [WEATHER - DAYS WITH] 9 = BLOWING SNOW
X = TORNADO
MAX 32 OR BELOW: 0 0.01 INCH OR MORE: 7
MAX 90 OR ABOVE: 0 0.10 INCH OR MORE: 4
MIN 32 OR BELOW: 0 0.50 INCH OR MORE: 1
MIN 0 OR BELOW: 0 1.00 INCH OR MORE: 1
[HDD (BASE 65) ]
TOTAL THIS MO. 262 CLEAR (SCALE 0-3) 21
DPTR FM NORMAL -101 PTCLDY (SCALE 4-7) 6
TOTAL FM JUL 1 283 CLOUDY (SCALE 8-10) 4
DPTR FM NORMAL -219
[CDD (BASE 65) ]
TOTAL THIS MO. 7
DPTR FM NORMAL 6 [PRESSURE DATA]
TOTAL FM JAN 1 4101 HIGHEST SLP 30.23 ON 11
DPTR FM NORMAL 138 LOWEST SLP 29.52 ON 31
[REMARKS]
#FINAL-12-21#