000
CXUS54 KFWD 041950
CF6FTW
PRELIMINARY LOCAL CLIMATOLOGICAL DATA (WS FORM: F-6)
STATION: FORT WORTH MEACHAM
MONTH: MARCH
YEAR: 2023
LATITUDE: 32 49 N
LONGITUDE: 97 21 W
TEMPERATURE IN F: :PCPN: SNOW: WIND :SUNSHINE: SKY :PK WND
================================================================================
1 2 3 4 5 6A 6B 7 8 9 10 11 12 13 14 15 16 17 18
12Z AVG MX 2MIN
DY MAX MIN AVG DEP HDD CDD WTR SNW DPTH SPD SPD DIR MIN PSBL S-S WX SPD DR
================================================================================
1 70 56 63 10 2 0 0.03 M M 5.5 20 180 M M 5 13 27 170
2 81 52 67 14 0 2 0.76 M M 12.6 56 320 M M 4 13 77 310
3 64 44 54 0 11 0 0.26 M M 10.0 23 280 M M 2 1 33 270
4 76 43 60 6 5 0 0.00 M M 8.3 22 200 M M 0 28 190
5 76 53 65 11 0 0 0.00 M M 14.0 26 180 M M 0 35 160
6 81 55 68 14 0 3 0.00 M M 8.7 17 180 M M 0 25 190
7 73 60 67 12 0 2 0.00 M M 7.4 16 160 M M 5 18 19 170
8 61 49 55 0 10 0 0.01 M M 9.0 17 310 M M 10 18 25 300
9 69 52 61 6 4 0 0.14 M M 7.7 21 360 M M 10 138 27 360
10 65 43 54 -2 11 0 0.00 M M 8.4 17 150 M M 2 22 150
11 86 54 70 14 0 5 0.00 M M 14.1 23 350 M M 4 1 33 340
12 64 48 56 0 9 0 0.00 M M 15.2 25 30 M M 0 35 30
13 58 44 51 -5 14 0 0.00 M M 10.4 18 40 M M 1 29 10
14 61 41 51 -6 14 0 T M M 7.6 15 30 M M 4 20 70
15 68 43 56 -1 9 0 0.00 M M 16.0 26 170 M M 6 37 160
16 73 42 58 1 7 0 1.81 M M 18.9 35 320 M M 9 123 56 310
17 53 38 46 -12 19 0 0.00 M M 14.7 29 340 M M 1 42 340
18 54 38 46 -12 19 0 0.00 M M 8.1 21 360 M M 0 27 350
19 53 32 43 -15 22 0 0.00 M M 6.2 12 140 M M 0 14 140
20 54 36 45 -13 20 0 0.00 M M 15.1 29 170 M M 6 40 150
21 71 50 61 2 4 0 T M M 16.4 25 180 M M 9 38 180
22 81 66 74 15 0 9 0.00 M M 16.6 24 160 M M 6 33 150
23 81 68 75 16 0 10 0.00 M M 16.2 28 170 M M 8 36 180
24 74 57 66 6 0 1 0.61 M M 9.4 26 280 M M 7 13 38 290
25 73 50 62 2 3 0 0.00 M M 7.7 18 260 M M 0 26 280
26 74 45 60 0 5 0 0.00 M M 8.3 24 360 M M 0 33 10
27 68 46 57 -3 8 0 0.08 M M 8.1 18 30 M M 4 3 25 30
28 62 45 54 -7 11 0 0.00 M M 11.2 21 350 M M 0 31 340
29 63 45 54 -7 11 0 0.01 M M 7.9 15 130 M M 8 20 130
30 73 59 66 5 0 1 0.02 M M 14.3 28 150 M M 10 1 39 150
31 83 62 73 12 0 8 T M M 14.9 29 280 M M 5 39 270
================================================================================
SM 2143 1516 218 41 3.73 M 348.9 M 126
================================================================================
AV 69.1 48.9 11.3 FASTST M M 4 MAX(MPH)
MISC ----> 56 320 77 310
================================================================================
NOTES:
# LAST OF SEVERAL OCCURRENCES
COLUMN 17 PEAK WIND IN M.P.H.
PRELIMINARY LOCAL CLIMATOLOGICAL DATA (WS FORM: F-6) , PAGE 2
STATION: FORT WORTH MEACHAM
MONTH: MARCH
YEAR: 2023
LATITUDE: 32 49 N
LONGITUDE: 97 21 W
[TEMPERATURE DATA] [PRECIPITATION DATA] SYMBOLS USED IN COLUMN 16
AVERAGE MONTHLY: 59.0 TOTAL FOR MONTH: 3.73 1 = FOG OR MIST
DPTR FM NORMAL: 1.7 DPTR FM NORMAL: 0.57 2 = FOG REDUCING VISIBILITY
HIGHEST: 86 ON 11 GRTST 24HR 1.81 ON 16-16 TO 1/4 MILE OR LESS
LOWEST: 32 ON 19 3 = THUNDER
SNOW, ICE PELLETS, HAIL 4 = ICE PELLETS
TOTAL MONTH: M 5 = HAIL
GRTST 24HR M ON M 6 = FREEZING RAIN OR DRIZZLE
GRTST DEPTH: M ON M 7 = DUSTSTORM OR SANDSTORM:
VSBY 1/2 MILE OR LESS
8 = SMOKE OR HAZE
[NO. OF DAYS WITH] [WEATHER - DAYS WITH] 9 = BLOWING SNOW
X = TORNADO
MAX 32 OR BELOW: 0 0.01 INCH OR MORE: 10
MAX 90 OR ABOVE: 0 0.10 INCH OR MORE: 5
MIN 32 OR BELOW: 1 0.50 INCH OR MORE: 3
MIN 0 OR BELOW: 0 1.00 INCH OR MORE: 1
[HDD (BASE 65) ]
TOTAL THIS MO. 218 CLEAR (SCALE 0-3) 13
DPTR FM NORMAL -52 PTCLDY (SCALE 4-7) 13
TOTAL FM JUL 1 1946 CLOUDY (SCALE 8-10) 5
DPTR FM NORMAL -282
[CDD (BASE 65) ]
TOTAL THIS MO. 41
DPTR FM NORMAL 11 [PRESSURE DATA]
TOTAL FM JAN 1 66 HIGHEST SLP 30.59 ON 19
DPTR FM NORMAL 27 LOWEST SLP 29.24 ON 2
[REMARKS]
#FINAL-03-23#