000
CXUS56 KOTX 010910
CF6GEG
PRELIMINARY LOCAL CLIMATOLOGICAL DATA (WS FORM: F-6)
STATION: SPOKANE WA AIRPORT
MONTH: MAY
YEAR: 2023
LATITUDE: 47 37 N
LONGITUDE: 117 32 W
TEMPERATURE IN F: :PCPN: SNOW: WIND :SUNSHINE: SKY :PK WND
================================================================================
1 2 3 4 5 6A 6B 7 8 9 10 11 12 13 14 15 16 17 18
12Z AVG MX 2MIN
DY MAX MIN AVG DEP HDD CDD WTR SNW DPTH SPD SPD DIR MIN PSBL S-S WX SPD DR
================================================================================
1 71 49 60 9 5 0 0.15 0.0 0 7.2 22 260 M M 7 3 25 260
2 85 46 66 14 0 1 0.10 0.0 0 9.4 24 230 M M 4 3 30 130
3 85 55 70 18 0 5 0.00 0.0 0 4.7 14 230 M M 6 15 230
4 78 54 66 14 0 1 0.18 0.0 0 10.7 24 230 M M 7 13 36 230
5 54 47 51 -2 14 0 0.41 0.0 0 8.8 22 210 M M 10 1 27 210
6 55 45 50 -3 15 0 T 0.0 0 7.2 14 200 M M 10 1 17 200
7 63 47 55 1 10 0 0.13 0.0 0 7.5 17 320 M M 8 3 25 290
8 64 45 55 1 10 0 T 0.0 0 5.5 25 190 M M 7 34 190
9 59 46 53 -1 12 0 0.15 0.0 0 7.0 16 220 M M 7 3 20 210
10 68 45 57 3 8 0 0.00 0.0 0 3.8 17 40 M M 5 1 20 40
11 73 46 60 5 5 0 0.00 0.0 0 4.2 13 320 M M 3 19 310
12 79 49 64 9 1 0 0.00 0.0 0 5.4 13 20 M M 1 18 80
13 82 53 68 12 0 3 0.00 0.0 0 9.9 26 40 M M 2 30 40
14 84 61 73 17 0 8 0.00 0.0 0 12.9 28 60 M M 1 35 80
15 83 63 73 17 0 8 0.00 0.0 0 5.9 13 70 M M 6 17 70
16 75 59 67 11 0 2 0.22 0.0 0 4.4 14 200 M M 7 3 16 210
17 79 56 68 11 0 3 0.00 0.0 0 4.7 12 260 M M 6 14 150
18 85 61 73 16 0 8 0.00 0.0 0 4.7 10 50 M M 4 M M
19 87 62 75 18 0 10 0.00 0.0 0 4.8 12 70 M M 2 15 70
20 90 62 76 19 0 11 0.00 0.0 0 5.5 12 290 M M 3 8 17 220
21 81 57 69 11 0 4 0.00 0.0 0 10.7 28 210 M M 7 7 33 210
22 65 46 56 -2 9 0 T 0.0 0 12.7 29 210 M M 6 37 200
23 68 43 56 -2 9 0 T 0.0 0 5.0 24 230 M M 4 29 230
24 70 50 60 2 5 0 T 0.0 0 5.7 26 290 M M 5 3 32 290
25 74 47 61 3 4 0 0.01 0.0 0 5.6 14 320 M M 3 3 16 320
26 78 55 67 8 0 2 T 0.0 0 6.0 22 90 M M 4 3 26 90
27 75 57 66 7 0 1 T 0.0 0 6.0 23 310 M M 8 3 31 310
28 75 56 66 7 0 1 T 0.0 0 6.7 15 150 M M 7 18 150
29 80 56 68 9 0 3 0.00 0.0 0 8.4 18 220 M M 2 22 210
30 78 55 67 8 0 2 0.00 0.0 0 8.6 16 210 M M 2 20 210
31 72 48 60 0 5 0 0.00 0.0 0 9.2 16 220 M M 3 22 230
================================================================================
SM 2315 1621 112 73 1.35 0.0 218.8 M 157
================================================================================
AV 74.7 52.3 7.1 FASTST M M 5 MAX(MPH)
MISC ----> 29 210 37 200
================================================================================
NOTES:
# LAST OF SEVERAL OCCURRENCES
COLUMN 17 PEAK WIND IN M.P.H.
PRELIMINARY LOCAL CLIMATOLOGICAL DATA (WS FORM: F-6) , PAGE 2
STATION: SPOKANE WA AIRPORT
MONTH: MAY
YEAR: 2023
LATITUDE: 47 37 N
LONGITUDE: 117 32 W
[TEMPERATURE DATA] [PRECIPITATION DATA] SYMBOLS USED IN COLUMN 16
AVERAGE MONTHLY: 63.5 TOTAL FOR MONTH: 1.35 1 = FOG OR MIST
DPTR FM NORMAL: 7.5 DPTR FM NORMAL: -0.20 2 = FOG REDUCING VISIBILITY
HIGHEST: 90 ON 20 GRTST 24HR 0.65 ON 4- 5 TO 1/4 MILE OR LESS
LOWEST: 43 ON 23 3 = THUNDER
SNOW, ICE PELLETS, HAIL 4 = ICE PELLETS
TOTAL MONTH: 0.0 INCH 5 = HAIL
GRTST 24HR 0.0 6 = FREEZING RAIN OR DRIZZLE
GRTST DEPTH: 0 7 = DUSTSTORM OR SANDSTORM:
VSBY 1/2 MILE OR LESS
8 = SMOKE OR HAZE
[NO. OF DAYS WITH] [WEATHER - DAYS WITH] 9 = BLOWING SNOW
X = TORNADO
MAX 32 OR BELOW: 0 0.01 INCH OR MORE: 8
MAX 90 OR ABOVE: 1 0.10 INCH OR MORE: 7
MIN 32 OR BELOW: 0 0.50 INCH OR MORE: 0
MIN 0 OR BELOW: 0 1.00 INCH OR MORE: 0
[HDD (BASE 65) ]
TOTAL THIS MO. 112 CLEAR (SCALE 0-3) 8
DPTR FM NORMAL -182 PTCLDY (SCALE 4-7) 21
TOTAL FM JUL 1 6214 CLOUDY (SCALE 8-10) 2
DPTR FM NORMAL -115
[CDD (BASE 65) ]
TOTAL THIS MO. 73
DPTR FM NORMAL 58 [PRESSURE DATA]
TOTAL FM JAN 1 78 HIGHEST SLP M ON M
DPTR FM NORMAL 63 LOWEST SLP 27.36 ON 30
[REMARKS]
#FINAL-05-23#