000
CXUS54 KSHV 011400
CF6GGG
PRELIMINARY LOCAL CLIMATOLOGICAL DATA (WS FORM: F-6)
STATION: LONGVIEW
MONTH: FEBRUARY
YEAR: 2021
LATITUDE: 32 22 N
LONGITUDE: 94 43 W
TEMPERATURE IN F: :PCPN: SNOW: WIND :SUNSHINE: SKY :PK WND
================================================================================
1 2 3 4 5 6A 6B 7 8 9 10 11 12 13 14 15 16 17 18
12Z AVG MX 2MIN
DY MAX MIN AVG DEP HDD CDD WTR SNW DPTH SPD SPD DIR MIN PSBL S-S WX SPD DR
================================================================================
1 59 31 45 -2 20 0 0.00 0.0 0 7.3 16 330 M M 0 21 340
2 59 32 46 -2 19 0 0.00 0.0 0 2.7 9 130 M M 0 13 150
3 67 33 50 2 15 0 0.00 0.0 0 8.7 18 180 M M 0 24 170
4 74 47 61 13 4 0 0.00 0.0 0 14.3 26 220 M M 6 34 220
5 57 38 48 0 17 0 0.00 0.0 0 5.7 13 140 M M 3 16 80
6 51 40 46 -2 19 0 0.02 0.0 0 8.5 24 310 M M 9 1 32 310
7 55 40 48 0 17 0 0.00 0.0 0 7.9 15 140 M M 6 19 100
8 69 38 54 5 11 0 0.00 0.0 0 8.1 20 220 M M 6 1 26 180
9 55 42 49 0 16 0 T 0.0 0 5.5 14 310 M M 10 1 15 310
10 44 36 40 -9 25 0 0.51 0.0 0 7.6 13 330 M M 10 1238 16 340
11 36 31 34 -15 31 0 0.14 T 0 9.3 16 340 M M 10 12 21 330
12 33 30 32 -18 33 0 T 0.0 0 8.8 16 340 M M 10 168 20 360
13 35 30 33 -17 32 0 0.00 0.0 0 8.6 15 340 M M 10 8 20 340
14 31 18 25 -25 40 0 0.15 1.1 0 9.5 16 340 M M 10 1468 23 340
15 18 3 11 -39 54 0 0.50 4.9 6 12.9 22 310 M M 8 169 27 330
16 25 -5 10 -40 55 0 T T 6 4.1 13 350 M M 2 15 20
17 29 22 26 -25 39 0 0.90 4.0 6 8.5 14 70 M M 10 16 16 70
18 33 22 28 -23 37 0 T T 10 8.7 16 320 M M 6 46 21 330
19 41 11 26 -25 39 0 0.00 0.0 8 2.7 8 320 M M 0 9 320
20 51 18 35 -17 30 0 0.00 0.0 4 5.3 13 150 M M 0 1 15 150
21 64 36 50 -2 15 0 0.00 0.0 2 9.9 22 310 M M 6 30 200
22 M 31 M M M M 0.00 0.0 0 1.9 10 320 M M 0 14 320
23 76 60 68 16 0 3 0.00 0.0 0 10.6 23 190 M M 0 28 180
24 81 48 65 12 0 0 0.00 0.0 0 9.9 21 220 M M 4 27 250
25 64 50 57 4 8 0 0.05 0.0 0 7.3 23 310 M M 5 3 30 320
26 57 46 52 -1 13 0 0.29 0.0 0 4.5 17 100 M M 10 13 26 110
27 76 53 65 12 0 0 0.05 0.0 0 6.6 18 160 M M 8 18 23 160
28 79 56 68 14 0 3 0.44 0.0 0 12.3 24 180 M M 9 13 31 190
================================================================================
SM 1419 937 589 6 3.05 10.0 217.7 M 158
================================================================================
AV 52.6 33.5 7.8 FASTST M M 6 MAX(MPH)
MISC ----> 26 220 34 220
================================================================================
NOTES:
# LAST OF SEVERAL OCCURRENCES
COLUMN 17 PEAK WIND IN M.P.H.
PRELIMINARY LOCAL CLIMATOLOGICAL DATA (WS FORM: F-6) , PAGE 2
STATION: LONGVIEW
MONTH: FEBRUARY
YEAR: 2021
LATITUDE: 32 22 N
LONGITUDE: 94 43 W
[TEMPERATURE DATA] [PRECIPITATION DATA] SYMBOLS USED IN COLUMN 16
AVERAGE MONTHLY: 43.0 TOTAL FOR MONTH: 3.05 1 = FOG OR MIST
DPTR FM NORMAL: -7.3 DPTR FM NORMAL: -0.99 2 = FOG REDUCING VISIBILITY
HIGHEST: 81 ON 24 GRTST 24HR 0.90 ON 17-17 TO 1/4 MILE OR LESS
LOWEST: -5 ON 16 3 = THUNDER
SNOW, ICE PELLETS, HAIL 4 = ICE PELLETS
TOTAL MONTH: 10.0 INCHES 5 = HAIL
GRTST 24HR 4.9 ON 15-15 6 = FREEZING RAIN OR DRIZZLE
GRTST DEPTH: 10 ON 18 7 = DUSTSTORM OR SANDSTORM:
VSBY 1/2 MILE OR LESS
8 = SMOKE OR HAZE
[NO. OF DAYS WITH] [WEATHER - DAYS WITH] 9 = BLOWING SNOW
X = TORNADO
MAX 32 OR BELOW: 4 0.01 INCH OR MORE: 10
MAX 90 OR ABOVE: 0 0.10 INCH OR MORE: 7
MIN 32 OR BELOW: 13 0.50 INCH OR MORE: 3
MIN 0 OR BELOW: 1 1.00 INCH OR MORE: 0
[HDD (BASE 65) ]
TOTAL THIS MO. 589 CLEAR (SCALE 0-3) 9
DPTR FM NORMAL 168 PTCLDY (SCALE 4-7) 9
TOTAL FM JUL 1 1925 CLOUDY (SCALE 8-10) 10
DPTR FM NORMAL 20
[CDD (BASE 65) ]
TOTAL THIS MO. 6
DPTR FM NORMAL -2 [PRESSURE DATA]
TOTAL FM JAN 1 6 HIGHEST SLP 30.56 ON 19
DPTR FM NORMAL 0 LOWEST SLP 29.69 ON 4
[REMARKS]
#FINAL-02-21#