000
CXUS53 KGLD 040805
CF6GLD
PRELIMINARY LOCAL CLIMATOLOGICAL DATA (WS FORM: F-6)
STATION: GOODLAND KS
MONTH: JUNE
YEAR: 2021
LATITUDE: 39 22 N
LONGITUDE: 101 42 W
TEMPERATURE IN F: :PCPN: SNOW: WIND :SUNSHINE: SKY :PK WND
================================================================================
1 2 3 4 5 6A 6B 7 8 9 10 11 12 13 14 15 16 17 18
12Z AVG MX 2MIN
DY MAX MIN AVG DEP HDD CDD WTR SNW DPTH SPD SPD DIR MIN PSBL S-S WX SPD DR
================================================================================
1 72 45 59 -7 6 0 0.17 0.0 0 5.5 16 360 M M 3 12 33 360
2 77 43 60 -6 5 0 0.00 0.0 0 5.4 12 50 M M 0 16 330
3 83 51 67 0 0 2 0.00 0.0 0 7.6 14 200 M M 0 19 210
4 86 57 72 5 0 7 0.00 0.0 0 9.0 17 200 M M 0 25 210
5 86 59 73 5 0 8 0.00 0.0 0 15.2 25 170 M M 0 34 170
6 88 59 74 6 0 9 0.00 0.0 0 12.7 23 200 M M 1 33 200
7 89 57 73 5 0 8 0.00 0.0 0 11.0 24 170 M M 0 1 29 170
8 89 65 77 8 0 12 0.00 0.0 0 18.3 29 150 M M 0 37 160
9 84 65 75 6 0 10 0.01 0.0 0 9.8 20 150 M M 6 1 26 150
10 93 63 78 9 0 13 0.00 0.0 0 16.8 30 170 M M 3 128 39 150
11 83 53 68 -2 0 3 0.00 0.0 0 13.8 33 350 M M 0 46 350
12 84 52 68 -2 0 3 0.00 0.0 0 10.5 21 150 M M 2 8 28 150
13 93 59 76 6 0 11 0.00 0.0 0 11.2 20 160 M M 0 26 160
14 94 57 76 6 0 11 0.00 0.0 0 12.6 23 160 M M 0 30 170
15 96 65 81 10 0 16 0.00 0.0 0 14.0 23 160 M M 0 31 160
16 101 69 85 14 0 20 0.00 0.0 0 14.4 23 180 M M 0 31 200
17 104 67 86 15 0 21 0.00 0.0 0 11.1 23 280 M M 0 35 270
18 95 70 83 11 0 18 0.00 0.0 0 10.4 20 50 M M 0 25 50
19 91 61 76 4 0 11 0.37 0.0 0 10.2 38 280 M M 1 138 48 280
20 84 60 72 0 0 7 T 0.0 0 16.1 29 10 M M 0 3 40 10
21 77 55 66 -6 0 1 0.05 0.0 0 8.6 21 360 M M 6 138 29 360
22 97 59 78 5 0 13 0.00 0.0 0 13.8 26 200 M M 0 8 35 210
23 100 57 79 6 0 14 T 0.0 0 9.4 30 210 M M 0 3 46 220
24 87 64 76 3 0 11 0.04 0.0 0 13.6 29 60 M M 2 3 37 60
25 87 61 74 1 0 9 0.34 0.0 0 10.2 32 340 M M 3 13 45 340
26 80 53 67 -7 0 2 0.01 0.0 0 10.0 17 350 M M 6 1 24 30
27 81 52 67 -7 0 2 0.00 0.0 0 7.2 21 350 M M 5 27 350
28 83 52 68 -6 0 3 0.00 0.0 0 6.2 21 10 M M 2 31 10
29 78 52 65 -9 0 0 0.00 0.0 0 5.7 12 70 M M 2 1 16 140
30 81 64 73 -1 0 8 0.00 0.0 0 7.4 21 120 M M 7 27 130
================================================================================
SM 2623 1746 11 253 0.99 0.0 327.7 M 49
================================================================================
AV 87.4 58.2 10.9 FASTST M M 2 MAX(MPH)
MISC ----> 38 280 48 280
================================================================================
NOTES:
# LAST OF SEVERAL OCCURRENCES
COLUMN 17 PEAK WIND IN M.P.H.
PRELIMINARY LOCAL CLIMATOLOGICAL DATA (WS FORM: F-6) , PAGE 2
STATION: GOODLAND KS
MONTH: JUNE
YEAR: 2021
LATITUDE: 39 22 N
LONGITUDE: 101 42 W
[TEMPERATURE DATA] [PRECIPITATION DATA] SYMBOLS USED IN COLUMN 16
AVERAGE MONTHLY: 72.8 TOTAL FOR MONTH: 0.99 1 = FOG OR MIST
DPTR FM NORMAL: 2.1 DPTR FM NORMAL: -1.97 2 = FOG REDUCING VISIBILITY
HIGHEST: 104 ON 17 GRTST 24HR 0.38 ON 24-25 TO 1/4 MILE OR LESS
LOWEST: 43 ON 2 3 = THUNDER
SNOW, ICE PELLETS, HAIL 4 = ICE PELLETS
TOTAL MONTH: 0.0 INCH 5 = HAIL
GRTST 24HR 0.0 6 = FREEZING RAIN OR DRIZZLE
GRTST DEPTH: 0 7 = DUSTSTORM OR SANDSTORM:
VSBY 1/2 MILE OR LESS
8 = SMOKE OR HAZE
[NO. OF DAYS WITH] [WEATHER - DAYS WITH] 9 = BLOWING SNOW
X = TORNADO
MAX 32 OR BELOW: 0 0.01 INCH OR MORE: 7
MAX 90 OR ABOVE: 10 0.10 INCH OR MORE: 3
MIN 32 OR BELOW: 0 0.50 INCH OR MORE: 0
MIN 0 OR BELOW: 0 1.00 INCH OR MORE: 0
[HDD (BASE 65) ]
TOTAL THIS MO. 11 CLEAR (SCALE 0-3) 25
DPTR FM NORMAL -19 PTCLDY (SCALE 4-7) 5
TOTAL FM JUL 1 5900 CLOUDY (SCALE 8-10) 0
DPTR FM NORMAL 110
[CDD (BASE 65) ]
TOTAL THIS MO. 253
DPTR FM NORMAL 53 [PRESSURE DATA]
TOTAL FM JAN 1 282 HIGHEST SLP 30.19 ON 1
DPTR FM NORMAL 35 LOWEST SLP 29.59 ON 24
[REMARKS]
#FINAL-06-21#