000
CXUS51 KPBZ 010730
CF6HLG
PRELIMINARY LOCAL CLIMATOLOGICAL DATA (WS FORM: F-6)
STATION: WHEELING WV
MONTH: APRIL
YEAR: 2023
LATITUDE: 40 10 N
LONGITUDE: 80 39 W
TEMPERATURE IN F: :PCPN: SNOW: WIND :SUNSHINE: SKY :PK WND
================================================================================
1 2 3 4 5 6A 6B 7 8 9 10 11 12 13 14 15 16 17 18
12Z AVG MX 2MIN
DY MAX MIN AVG DEP HDD CDD WTR SNW DPTH SPD SPD DIR MIN PSBL S-S WX SPD DR
================================================================================
1 67 38 53 7 12 0 0.24 M M 17.0 43 270 M M 7 13 58 230
2 51 33 42 -5 23 0 T M M 7.8 20 310 M M 4 1 28 290
3 70 37 54 7 11 0 0.00 M M 7.0 15 210 M M 2 21 200
4 76 54 65 17 0 0 0.00 M M 8.5 17 210 M M 2 23 200
5 85 61 73 25 0 8 0.06 M M 14.7 32 290 M M 3 49 290
6 62 46 54 6 11 0 0.01 M M 8.4 21 310 M M 10 18 27 320
7 51 37 44 -5 21 0 0.00 M M 7.0 15 30 M M 0 17 30
8 54 30 42 -7 23 0 0.00 M M 5.9 14 60 M M 0 18 50
9 61 35 48 -2 17 0 0.00 M M 7.0 16 20 M M 0 22 10
10 68 35 52 2 13 0 0.00 M M 1.8 10 230 M M 0 15 270
11 73 40 57 7 8 0 0.00 M M 7.6 21 240 M M 0 28 230
12 78 56 67 16 0 2 0.00 M M 11.1 21 290 M M 0 29 240
13 82 56 69 18 0 4 0.00 M M 3.7 14 200 M M 0 19 220
14 81 49 65 13 0 0 0.01 M M 3.7 15 210 M M 1 21 210
15 76 57 67 15 0 2 0.15 M M 6.2 15 260 M M 5 1 20 240
16 79 47 63 11 2 0 0.11 M M 9.8 33 270 M M 4 1 44 270
17 48 37 43 -10 22 0 0.05 M M 14.5 26 260 M M 9 38 250
18 56 37 47 -6 18 0 T M M 12.7 24 260 M M 6 36 260
19 69 33 51 -3 14 0 0.00 M M 3.5 10 190 M M 0 14 240
20 84 51 68 14 0 3 0.00 M M 7.9 18 230 M M 0 27 210
21 81 56 69 15 0 4 0.08 M M 10.6 24 300 M M 1 13 33 300
22 58 46 52 -2 13 0 0.42 M M 8.2 23 190 M M 8 13 32 200
23 47 37 42 -13 23 0 0.00 M M 8.0 17 270 M M 7 23 260
24 51 32 42 -13 23 0 0.00 M M 8.0 20 300 M M 8 27 260
25 57 30 44 -12 21 0 0.00 M M 4.5 13 230 M M 4 1 17 270
26 60 35 48 -8 17 0 0.00 M M 6.0 15 360 M M 3 18 20 330
27 66 35 51 -5 14 0 0.00 M M 7.3 16 110 M M 0 21 110
28 61 51 56 0 9 0 0.78 M M 12.7 23 110 M M 9 18 33 110
29 61 50 56 -1 9 0 0.01 M M 8.7 15 210 M M 10 1 22 230
30 58 43 51 -6 14 0 0.29 M M 8.5 20 260 M M 8 1 28 250
================================================================================
SM 1971 1284 338 23 2.21 M 248.3 M 111
================================================================================
AV 65.7 42.8 8.3 FASTST M M 4 MAX(MPH)
MISC ----> 43 270 58 230
================================================================================
NOTES:
# LAST OF SEVERAL OCCURRENCES
COLUMN 17 PEAK WIND IN M.P.H.
PRELIMINARY LOCAL CLIMATOLOGICAL DATA (WS FORM: F-6) , PAGE 2
STATION: WHEELING WV
MONTH: APRIL
YEAR: 2023
LATITUDE: 40 10 N
LONGITUDE: 80 39 W
[TEMPERATURE DATA] [PRECIPITATION DATA] SYMBOLS USED IN COLUMN 16
AVERAGE MONTHLY: 54.3 TOTAL FOR MONTH: 2.21 1 = FOG OR MIST
DPTR FM NORMAL: 2.3 DPTR FM NORMAL: -0.93 2 = FOG REDUCING VISIBILITY
HIGHEST: 85 ON 5 GRTST 24HR 0.79 ON 28-29 TO 1/4 MILE OR LESS
LOWEST: 30 ON 25, 8 3 = THUNDER
SNOW, ICE PELLETS, HAIL 4 = ICE PELLETS
TOTAL MONTH: M 5 = HAIL
GRTST 24HR M ON M 6 = FREEZING RAIN OR DRIZZLE
GRTST DEPTH: M ON M 7 = DUSTSTORM OR SANDSTORM:
VSBY 1/2 MILE OR LESS
8 = SMOKE OR HAZE
[NO. OF DAYS WITH] [WEATHER - DAYS WITH] 9 = BLOWING SNOW
X = TORNADO
MAX 32 OR BELOW: 0 0.01 INCH OR MORE: 12
MAX 90 OR ABOVE: 0 0.10 INCH OR MORE: 6
MIN 32 OR BELOW: 3 0.50 INCH OR MORE: 1
MIN 0 OR BELOW: 0 1.00 INCH OR MORE: 0
[HDD (BASE 65) ]
TOTAL THIS MO. 338 CLEAR (SCALE 0-3) 15
DPTR FM NORMAL -61 PTCLDY (SCALE 4-7) 10
TOTAL FM JUL 1 4437 CLOUDY (SCALE 8-10) 5
DPTR FM NORMAL -784
[CDD (BASE 65) ]
TOTAL THIS MO. 23
DPTR FM NORMAL 13 [PRESSURE DATA]
TOTAL FM JAN 1 23 HIGHEST SLP 30.55 ON 8
DPTR FM NORMAL 11 LOWEST SLP 29.31 ON 1
[REMARKS]
#FINAL-04-23#