000
CXUS55 KRIW 011110
CF6JAC
PRELIMINARY LOCAL CLIMATOLOGICAL DATA (WS FORM: F-6)
STATION: JACKSON WY
MONTH: DECEMBER
YEAR: 2022
LATITUDE: 43 35 N
LONGITUDE: 110 44 W
TEMPERATURE IN F: :PCPN: SNOW: WIND :SUNSHINE: SKY :PK WND
================================================================================
1 2 3 4 5 6A 6B 7 8 9 10 11 12 13 14 15 16 17 18
12Z AVG MX 2MIN
DY MAX MIN AVG DEP HDD CDD WTR SNW DPTH SPD SPD DIR MIN PSBL S-S WX SPD DR
================================================================================
1 43 23 33 15 32 0 0.03 M M 13.4 23 200 M M 10 1 29 200
2 29 2 16 -2 49 0 T M M 12.9 27 200 M M 8 1 35 200
3 16 -16 0 -18 65 0 T M M 7.0 13 10 M M 0 18 M M
4 18 -15 2 -15 63 0 0.05 M M 3.5 10 10 M M 8 1 M M
5 31 19 25 8 40 0 T M M 13.7 22 190 M M 10 1 33 200
6 28 22 25 9 40 0 T M M 13.1 18 200 M M 9 1 M M
7 33 -5 14 -2 51 0 T M M 5.8 12 200 M M 2 M M
8 22 -10 6 -10 59 0 T M M 5.4 10 30 M M 3 1 M M
9 22 -8 7 -8 58 0 0.03 M M 7.2 20 190 M M 7 12 M M
10 29 6 18 3 47 0 T M M 4.9 14 220 M M 9 18 M M
11 33 17 25 10 40 0 0.02 M M 3.3 8 30 M M 10 1 M M
12 31 18 25 10 40 0 T M M 4.3 14 30 M M 9 1 M M
13 30 9 20 6 45 0 T M M 7.7 15 10 M M 7 M M
14 31 6 19 5 46 0 T M M 4.8 9 180 M M 8 1 M M
15 25 3 14 0 51 0 T M M 2.8 9 190 M M 9 1 M M
16 21 -13 4 -10 61 0 T M M 4.7 10 20 M M 4 1 M M
17 24 -7 9 -5 56 0 0.01 M M 5.7 13 240 M M 6 1 M M
18 22 -12 5 -9 60 0 T M M 6.9 20 200 M M 2 1 32 190
19 26 14 20 7 45 0 T M M 21.1 29 200 M M 7 36 200
20 30 22 26 13 39 0 T M M 17.0 29 190 M M 10 1 36 200
21 30 -6 12 -1 53 0 0.01 M M 18.7 41 240 M M 9 12 68 190
22 5 -21 -8 -21 73 0 T M M 6.7 16 10 M M 0 8 M M
23 10 -12 -1 -14 66 0 0.02 M M 1.9 6 150 M M 10 1 M M
24 34 8 21 8 44 0 T M M 3.7 15 20 M M 8 1 M M
25 39 19 29 16 36 0 T M M 9.3 17 210 M M 10 1 28 210
26 40 20 30 17 35 0 T M M 9.1 15 200 M M 7 1 M M
27 37 32 35 22 30 0 0.13 M M 17.9 29 190 M M 8 1 43 190
28 33 19 26 13 39 0 T M M 17.0 27 200 M M 10 1 35 200
29 25 11 18 5 47 0 T M M 9.7 17 190 M M 8 24 190
30 26 11 19 6 46 0 T M M 10.2 16 240 M M 10 1 M M
31 35 24 30 17 35 0 T M M 8.1 16 220 M M 9 1 M M
================================================================================
SM 858 180 1491 0 0.30 M 277.6 M 227
================================================================================
AV 27.7 5.8 9.0 FASTST M M 7 MAX(MPH)
MISC ----> 41 240 68 190
================================================================================
NOTES:
# LAST OF SEVERAL OCCURRENCES
COLUMN 17 PEAK WIND IN M.P.H.
PRELIMINARY LOCAL CLIMATOLOGICAL DATA (WS FORM: F-6) , PAGE 2
STATION: JACKSON WY
MONTH: DECEMBER
YEAR: 2022
LATITUDE: 43 35 N
LONGITUDE: 110 44 W
[TEMPERATURE DATA] [PRECIPITATION DATA] SYMBOLS USED IN COLUMN 16
AVERAGE MONTHLY: 16.7 TOTAL FOR MONTH: 0.30 1 = FOG OR MIST
DPTR FM NORMAL: 2.2 DPTR FM NORMAL: -2.37 2 = FOG REDUCING VISIBILITY
HIGHEST: 43 ON 1 GRTST 24HR 0.13 ON 27-27 TO 1/4 MILE OR LESS
LOWEST: -21 ON 22 3 = THUNDER
SNOW, ICE PELLETS, HAIL 4 = ICE PELLETS
TOTAL MONTH: M 5 = HAIL
GRTST 24HR M ON M 6 = FREEZING RAIN OR DRIZZLE
GRTST DEPTH: M ON M 7 = DUSTSTORM OR SANDSTORM:
VSBY 1/2 MILE OR LESS
8 = SMOKE OR HAZE
[NO. OF DAYS WITH] [WEATHER - DAYS WITH] 9 = BLOWING SNOW
X = TORNADO
MAX 32 OR BELOW: 22 0.01 INCH OR MORE: 8
MAX 90 OR ABOVE: 0 0.10 INCH OR MORE: 1
MIN 32 OR BELOW: 31 0.50 INCH OR MORE: 0
MIN 0 OR BELOW: 11 1.00 INCH OR MORE: 0
[HDD (BASE 65) ]
TOTAL THIS MO. 1491 CLEAR (SCALE 0-3) 5
DPTR FM NORMAL -74 PTCLDY (SCALE 4-7) 10
TOTAL FM JUL 1 3950 CLOUDY (SCALE 8-10) 16
DPTR FM NORMAL -255
[CDD (BASE 65) ]
TOTAL THIS MO. 0
DPTR FM NORMAL 0 [PRESSURE DATA]
TOTAL FM JAN 1 56 HIGHEST SLP 30.87 ON 3
DPTR FM NORMAL 13 LOWEST SLP 29.46 ON 27
[REMARKS]
#FINAL-12-22#