000
CXUS54 KFWD 010731
CF6LHB
PRELIMINARY LOCAL CLIMATOLOGICAL DATA (WS FORM: F-6)
STATION: HEARNE
MONTH: MAY
YEAR: 2021
LATITUDE: 30 52 N
LONGITUDE: 96 36 W
TEMPERATURE IN F: :PCPN: SNOW: WIND :SUNSHINE: SKY :PK WND
================================================================================
1 2 3 4 5 6A 6B 7 8 9 10 11 12 13 14 15 16 17 18
12Z AVG MX 2MIN
DY MAX MIN AVG DEP HDD CDD WTR SNW DPTH SPD SPD DIR MIN PSBL S-S WX SPD DR
================================================================================
1 80 67 74 M 0 9 0.69 M M 0.0 M M M M 9 M M
2 87 64 76 M 0 11 0.03 M M 0.0 M M M M 3 13 M M
3 90 73 82 M 0 17 0.00 M M 0.0 M M M M 5 18 M M
4 80 64 72 M 0 7 0.00 M M 0.0 M M M M 4 1 M M
5 80 52 66 M 0 1 0.00 M M 0.0 M M M M 0 M M
6 85 55 70 M 0 5 0.00 M M 0.0 M M M M 0 M M
7 85 59 72 M 0 7 0.00 M M 0.0 M M M M 0 M M
8 90 62 76 M 0 11 0.00 M M 0.0 M M M M 6 M M
9 90 75 83 M 0 18 0.01 M M 0.0 M M M M 9 18 M M
10 79 66 73 M 0 8 0.00 M M 0.0 M M M M 10 18 M M
11 84 63 74 M 0 9 0.47 M M 0.0 M M M M 9 138 M M
12 66 60 63 M 2 0 0.00 M M 0.0 M M M M 10 1 M M
13 77 60 69 M 0 4 0.00 M M 0.0 M M M M 10 M M
14 81 61 71 M 0 6 0.00 M M 0.0 M M M M 6 M M
15 84 63 74 M 0 9 0.00 M M 0.0 M M M M 4 M M
16 80 68 74 M 0 9 0.02 M M 0.0 M M M M 6 M M
17 83 65 74 M 0 9 0.01 M M 0.0 M M M M 6 13 M M
18 84 65 75 M 0 10 1.29 M M 0.0 M M M M 7 3 M M
19 73 64 69 M 0 4 M M M 0.0 M M M M 5 M M
20 84 67 76 M 0 11 0.00 M M 0.0 M M M M 6 M M
21 83 71 77 M 0 12 0.00 M M 0.0 M M M M 6 M M
22 83 73 78 M 0 13 0.58 M M 0.0 M M M M 9 8 M M
23 74 69 72 M 0 7 0.66 M M 0.0 M M M M 9 1 M M
24 80 69 75 M 0 10 0.62 M M 0.0 M M M M 9 138 M M
25 85 68 77 M 0 12 0.75 M M 0.0 M M M M 9 138 M M
26 89 74 82 M 0 17 0.00 M M 0.0 M M M M 6 18 M M
27 90 73 82 M 0 17 0.00 M M 0.0 M M M M 6 18 M M
28 86 69 78 M 0 13 0.49 M M 0.0 M M M M 6 138 M M
29 89 65 77 M 0 12 0.00 M M 0.0 M M M M 2 M M
30 83 72 78 M 0 13 0.00 M M 0.0 M M M M 5 M M
31 86 70 78 M 0 13 0.15 M M 0.0 M M M M 8 18 M M
================================================================================
SM 2570 2046 2 304 5.77 M 0.0 M 190
================================================================================
AV 82.9 66.0 0.0 FASTST M M 6 MAX(MPH)
MISC ----> M M M M
================================================================================
NOTES:
# LAST OF SEVERAL OCCURRENCES
COLUMN 17 PEAK WIND IN M.P.H.
PRELIMINARY LOCAL CLIMATOLOGICAL DATA (WS FORM: F-6) , PAGE 2
STATION: HEARNE
MONTH: MAY
YEAR: 2021
LATITUDE: 30 52 N
LONGITUDE: 96 36 W
[TEMPERATURE DATA] [PRECIPITATION DATA] SYMBOLS USED IN COLUMN 16
AVERAGE MONTHLY: 74.5 TOTAL FOR MONTH: 5.77 1 = FOG OR MIST
DPTR FM NORMAL: 0.0 DPTR FM NORMAL: M 2 = FOG REDUCING VISIBILITY
HIGHEST: 90 ON 27, 9 GRTST 24HR 1.29 ON 18-18 TO 1/4 MILE OR LESS
LOWEST: 52 ON 5 3 = THUNDER
SNOW, ICE PELLETS, HAIL 4 = ICE PELLETS
TOTAL MONTH: M 5 = HAIL
GRTST 24HR M ON M 6 = FREEZING RAIN OR DRIZZLE
GRTST DEPTH: M ON M 7 = DUSTSTORM OR SANDSTORM:
VSBY 1/2 MILE OR LESS
8 = SMOKE OR HAZE
[NO. OF DAYS WITH] [WEATHER - DAYS WITH] 9 = BLOWING SNOW
X = TORNADO
MAX 32 OR BELOW: 0 0.01 INCH OR MORE: 13
MAX 90 OR ABOVE: 4 0.10 INCH OR MORE: 9
MIN 32 OR BELOW: 0 0.50 INCH OR MORE: 6
MIN 0 OR BELOW: 0 1.00 INCH OR MORE: 1
[HDD (BASE 65) ]
TOTAL THIS MO. 2 CLEAR (SCALE 0-3) 5
DPTR FM NORMAL M PTCLDY (SCALE 4-7) 16
TOTAL FM JUL 1 1820 CLOUDY (SCALE 8-10) 10
DPTR FM NORMAL M
[CDD (BASE 65) ]
TOTAL THIS MO. 304
DPTR FM NORMAL M [PRESSURE DATA]
TOTAL FM JAN 1 511 HIGHEST SLP M ON M
DPTR FM NORMAL M LOWEST SLP M ON M
[REMARKS]
#FINAL-05-21#