000
CXUS52 KMFL 011130
CF6MIA
PRELIMINARY LOCAL CLIMATOLOGICAL DATA (WS FORM: F-6)
STATION: MIAMI
MONTH: NOVEMBER
YEAR: 2021
LATITUDE: 25 49 N
LONGITUDE: 80 17 W
TEMPERATURE IN F: :PCPN: SNOW: WIND :SUNSHINE: SKY :PK WND
================================================================================
1 2 3 4 5 6A 6B 7 8 9 10 11 12 13 14 15 16 17 18
12Z AVG MX 2MIN
DY MAX MIN AVG DEP HDD CDD WTR SNW DPTH SPD SPD DIR MIN PSBL S-S WX SPD DR
================================================================================
1 83 68 76 -1 0 11 0.00 0.0 0 5.8 13 350 M M 7 18 350
2 78 72 75 -2 0 10 0.11 0.0 0 4.5 13 30 M M 8 1 17 40
3 84 71 78 1 0 13 0.00 M M 6.8 17 100 M M 8 22 100
4 83 73 78 2 0 13 0.06 0.0 0 6.0 13 90 M M 8 21 90
5 79 71 75 -1 0 10 1.60 0.0 0 6.3 17 90 M M 9 13 22 110
6 76 65 71 -5 0 6 0.00 0.0 0 9.2 17 300 M M 5 28 300
7 76 58 67 -9 0 2 0.00 0.0 0 8.6 18 290 M M 2 27 320
8 77 62 70 -6 0 5 0.00 0.0 0 8.1 13 340 M M 4 19 360
9 80 62 71 -5 0 6 T 0.0 0 5.2 16 70 M M 6 20 70
10 83 66 75 -1 0 10 0.00 0.0 0 5.9 18 80 M M 5 24 90
11 82 75 79 4 0 14 0.04 0.0 0 9.7 18 110 M M 8 24 100
12 81 74 78 3 0 13 0.07 0.0 0 3.0 9 140 M M 9 12 140
13 85 71 78 3 0 13 0.00 0.0 0 4.3 12 270 M M 7 1 16 260
14 77 66 72 -3 0 7 0.00 0.0 0 5.4 12 320 M M 9 17 330
15 78 60 69 -6 0 4 0.00 0.0 M 7.1 15 50 M M 7 20 50
16 79 64 72 -3 0 7 0.00 0.0 M 8.5 17 80 M M 6 23 90
17 81 72 77 3 0 12 0.00 0.0 M 13.6 21 80 M M 9 27 90
18 81 71 76 2 0 11 0.55 0.0 M 9.2 17 90 M M 10 13 20 90
19 83 71 77 3 0 12 0.64 0.0 0 7.2 18 50 M M 9 13 26 80
20 81 73 77 3 0 12 0.61 0.0 M 10.0 20 40 M M 9 1 26 40
21 83 73 78 4 0 13 0.70 0.0 M 7.8 18 100 M M 7 1 24 110
22 84 69 77 3 0 12 0.00 0.0 0 4.9 17 340 M M 6 12 24 340
23 73 60 67 -7 0 2 0.00 0.0 0 11.0 20 340 M M 1 26 320
24 77 58 68 -6 0 3 0.00 0.0 0 7.5 17 50 M M 5 22 50
25 77 66 72 -2 0 7 0.00 0.0 0 5.0 17 70 M M 7 22 80
26 80 64 72 -1 0 7 0.00 0.0 0 4.6 12 320 M M 3 17 300
27 77 64 71 -2 0 6 0.00 0.0 0 4.4 10 310 M M 2 14 320
28 79 57 68 -5 0 3 0.00 0.0 0 2.1 9 130 M M 3 14 130
29 74 59 67 -6 0 2 0.00 0.0 0 5.4 14 340 M M 4 20 330
30 78 59 69 -4 0 4 0.00 0.0 0 4.2 10 100 M M 2 13 80
================================================================================
SM 2389 1994 0 250 4.38 0.0 201.3 M 185
================================================================================
AV 79.6 66.5 6.7 FASTST M M 6 MAX(MPH)
MISC ----> 21 80 28 300
================================================================================
NOTES:
# LAST OF SEVERAL OCCURRENCES
COLUMN 17 PEAK WIND IN M.P.H.
PRELIMINARY LOCAL CLIMATOLOGICAL DATA (WS FORM: F-6) , PAGE 2
STATION: MIAMI
MONTH: NOVEMBER
YEAR: 2021
LATITUDE: 25 49 N
LONGITUDE: 80 17 W
[TEMPERATURE DATA] [PRECIPITATION DATA] SYMBOLS USED IN COLUMN 16
AVERAGE MONTHLY: 73.1 TOTAL FOR MONTH: 4.38 1 = FOG OR MIST
DPTR FM NORMAL: -1.7 DPTR FM NORMAL: 0.85 2 = FOG REDUCING VISIBILITY
HIGHEST: 85 ON 13 GRTST 24HR 1.60 ON 5- 5 TO 1/4 MILE OR LESS
LOWEST: 57 ON 28 3 = THUNDER
SNOW, ICE PELLETS, HAIL 4 = ICE PELLETS
TOTAL MONTH: 0.0 INCH 5 = HAIL
GRTST 24HR 0.0 6 = FREEZING RAIN OR DRIZZLE
GRTST DEPTH: 0 7 = DUSTSTORM OR SANDSTORM:
VSBY 1/2 MILE OR LESS
8 = SMOKE OR HAZE
[NO. OF DAYS WITH] [WEATHER - DAYS WITH] 9 = BLOWING SNOW
X = TORNADO
MAX 32 OR BELOW: 0 0.01 INCH OR MORE: 9
MAX 90 OR ABOVE: 0 0.10 INCH OR MORE: 6
MIN 32 OR BELOW: 0 0.50 INCH OR MORE: 5
MIN 0 OR BELOW: 0 1.00 INCH OR MORE: 1
[HDD (BASE 65) ]
TOTAL THIS MO. 0 CLEAR (SCALE 0-3) 4
DPTR FM NORMAL -3 PTCLDY (SCALE 4-7) 18
TOTAL FM JUL 1 0 CLOUDY (SCALE 8-10) 8
DPTR FM NORMAL 0
[CDD (BASE 65) ]
TOTAL THIS MO. 250
DPTR FM NORMAL -47 [PRESSURE DATA]
TOTAL FM JAN 1 4672 HIGHEST SLP 30.21 ON 24
DPTR FM NORMAL 235 LOWEST SLP 29.80 ON 6
[REMARKS]
#FINAL-11-21#