000
CXUS53 KDDC 011559
CF6P28
PRELIMINARY LOCAL CLIMATOLOGICAL DATA (WS FORM: F-6)
STATION: MEDICINE LODGE KS
MONTH: SEPTEMBER
YEAR: 2020
LATITUDE: 37 17 N
LONGITUDE: 98 35 W
TEMPERATURE IN F: :PCPN: SNOW: WIND :SUNSHINE: SKY :PK WND
================================================================================
1 2 3 4 5 6A 6B 7 8 9 10 11 12 13 14 15 16 17 18
12Z AVG MX 2MIN
DY MAX MIN AVG DEP HDD CDD WTR SNW DPTH SPD SPD DIR MIN PSBL S-S WX SPD DR
================================================================================
1 87 69 78 1 0 13 0.00 0.0 0 5.9 15 180 M M 0 21 180
2 84 68 76 0 0 11 0.62 0.0 0 3.3 14 50 M M 0 17 160
3 91 62 77 1 0 12 0.00 0.0 0 6.6 22 20 M M 0 29 20
4 91 60 76 0 0 11 0.00 0.0 0 4.5 13 180 M M 0 18 180
5 93 67 80 5 0 15 0.00 0.0 0 7.7 20 190 M M 0 27 190
6 97 69 83 8 0 18 0.00 0.0 0 12.4 24 190 M M 0 39 200
7 95 65 80 5 0 15 0.00 0.0 0 10.0 23 200 M M 0 34 200
8 75 45 60 -14 5 0 0.21 0.0 0 17.4 33 10 M M 0 48 20
9 47 44 46 -28 19 0 1.10 0.0 0 15.6 23 360 M M 0 33 20
10 58 46 52 -22 13 0 0.00 0.0 0 10.8 20 10 M M 0 26 360
11 65 51 58 -15 7 0 0.44 0.0 0 2.8 8 120 M M 0 13 150
12 M M M M M M M 0.0 0 5.8 6 120 M M 0 M M
13 M M M M M M M 0.0 0 M M M M M M M M
14 79 M M M M M 0.00 0.0 0 2.8 10 90 M M 0 19 140
15 81 51 66 -6 0 1 0.00 0.0 0 3.3 14 210 M M 0 18 220
16 86 56 71 0 0 6 0.00 0.0 0 3.2 12 10 M M 0 16 10
17 83 56 70 -1 0 5 0.00 0.0 0 6.5 12 20 M M 0 17 20
18 77 51 64 -6 1 0 0.00 0.0 0 3.6 8 110 M M 0 13 140
19 80 50 65 -5 0 0 0.00 0.0 0 7.6 18 190 M M 0 26 170
20 79 55 67 -2 0 2 0.00 0.0 0 9.4 18 180 M M 0 27 170
21 80 50 65 -4 0 0 0.00 0.0 0 5.7 15 180 M M 0 24 180
22 78 52 65 -4 0 0 0.00 0.0 0 4.7 13 120 M M 0 22 120
23 76 60 68 0 0 3 0.00 0.0 0 4.9 10 140 M M 0 16 140
24 91 56 74 6 0 9 0.00 0.0 0 8.1 16 170 M M 0 22 190
25 95 60 78 11 0 13 0.00 0.0 0 9.2 21 190 M M 0 29 180
26 96 63 80 13 0 15 0.00 0.0 0 11.9 26 180 M M 0 43 170
27 72 54 63 -3 2 0 0.01 0.0 0 11.7 37 30 M M 0 53 40
28 72 43 58 -8 7 0 0.00 0.0 0 10.2 24 340 M M 0 36 320
29 84 35 60 -6 5 0 0.00 0.0 0 5.5 17 270 M M 0 23 310
30 86 44 65 0 0 0 0.00 0.0 0 9.0 26 20 M M 0 38 20
================================================================================
SM 2278 1482 59 149 2.38 0.0 220.1 M 0
================================================================================
AV 81.4 54.9 7.6 FASTST M M 0 MAX(MPH)
MISC ----> 37 30 53 40
================================================================================
NOTES:
# LAST OF SEVERAL OCCURRENCES
COLUMN 17 PEAK WIND IN M.P.H.
PRELIMINARY LOCAL CLIMATOLOGICAL DATA (WS FORM: F-6) , PAGE 2
STATION: MEDICINE LODGE KS
MONTH: SEPTEMBER
YEAR: 2020
LATITUDE: 37 17 N
LONGITUDE: 98 35 W
[TEMPERATURE DATA] [PRECIPITATION DATA] SYMBOLS USED IN COLUMN 16
AVERAGE MONTHLY: 68.2 TOTAL FOR MONTH: 2.38 1 = FOG OR MIST
DPTR FM NORMAL: -3.0 DPTR FM NORMAL: 0.28 2 = FOG REDUCING VISIBILITY
HIGHEST: 97 ON 6 GRTST 24HR 1.26 ON 8- 9 TO 1/4 MILE OR LESS
LOWEST: 35 ON 29 3 = THUNDER
SNOW, ICE PELLETS, HAIL 4 = ICE PELLETS
TOTAL MONTH: 0.0 INCH 5 = HAIL
GRTST 24HR 0.0 6 = FREEZING RAIN OR DRIZZLE
GRTST DEPTH: 0 7 = DUSTSTORM OR SANDSTORM:
VSBY 1/2 MILE OR LESS
8 = SMOKE OR HAZE
[NO. OF DAYS WITH] [WEATHER - DAYS WITH] 9 = BLOWING SNOW
X = TORNADO
MAX 32 OR BELOW: 0 0.01 INCH OR MORE: 5
MAX 90 OR ABOVE: 8 0.10 INCH OR MORE: 4
MIN 32 OR BELOW: 0 0.50 INCH OR MORE: 2
MIN 0 OR BELOW: 0 1.00 INCH OR MORE: 1
[HDD (BASE 65) ]
TOTAL THIS MO. 59
DPTR FM NORMAL 25
TOTAL FM JUL 1 59
DPTR FM NORMAL 25
[CDD (BASE 65) ]
TOTAL THIS MO. 149
DPTR FM NORMAL -71 [PRESSURE DATA]
TOTAL FM JAN 1 1619 HIGHEST SLP 30.37 ON 10
DPTR FM NORMAL -112 LOWEST SLP 29.57 ON 26
[REMARKS]
#FINAL-09-20#