000
CXUS55 KABR 011100
CF6PIR
PRELIMINARY LOCAL CLIMATOLOGICAL DATA (WS FORM: F-6)
STATION: PIERRE SD
MONTH: AUGUST
YEAR: 2021
LATITUDE: 44 22 N
LONGITUDE: 100 17 W
TEMPERATURE IN F: :PCPN: SNOW: WIND :SUNSHINE: SKY :PK WND
================================================================================
1 2 3 4 5 6A 6B 7 8 9 10 11 12 13 14 15 16 17 18
12Z AVG MX 2MIN
DY MAX MIN AVG DEP HDD CDD WTR SNW DPTH SPD SPD DIR MIN PSBL S-S WX SPD DR
================================================================================
1 88 56 72 -4 0 7 0.00 0.0 0 4.7 13 140 M M 0 8 18 140
2 90 59 75 -1 0 10 0.00 0.0 0 10.9 20 100 M M 0 25 100
3 91 64 78 3 0 13 0.00 0.0 0 12.4 24 110 M M 0 32 110
4 84 66 75 0 0 10 T 0.0 0 8.1 17 130 M M 0 23 130
5 95 60 78 3 0 13 T 0.0 0 7.0 17 70 M M 0 3 24 70
6 89 62 76 1 0 11 0.41 0.0 0 12.1 30 80 M M 1 138 40 290
7 88 61 75 0 0 10 0.00 0.0 0 6.4 21 290 M M 0 27 290
8 98 60 79 4 0 14 0.00 0.0 0 6.1 16 120 M M 0 20 120
9 90 64 77 2 0 12 0.00 0.0 0 12.9 23 310 M M 0 31 320
10 95 60 78 4 0 13 T 0.0 0 9.2 22 300 M M 0 3 39 300
11 95 64 80 6 0 15 0.00 0.0 0 8.8 18 260 M M 1 26 260
12 83 60 72 -2 0 7 0.00 0.0 0 9.3 22 10 M M 1 29 350
13 86 54 70 -4 0 5 0.00 0.0 0 5.1 15 350 M M 3 21 10
14 99 62 81 7 0 16 0.00 0.0 0 13.5 25 150 M M 1 33 170
15 100 68 84 10 0 19 0.00 0.0 0 13.7 22 190 M M 0 31 180
16 101 70 86 13 0 21 0.00 0.0 0 10.6 21 160 M M 0 28 160
17 106 67 87 14 0 22 0.00 0.0 0 14.2 29 150 M M 0 37 150
18 101 72 87 14 0 22 0.00 0.0 0 17.2 32 180 M M 0 42 180
19 95 64 80 7 0 15 0.03 0.0 0 10.8 23 160 M M 1 33 120
20 79 61 70 -2 0 5 0.24 0.0 0 15.3 33 300 M M 4 1 44 290
21 78 54 66 -6 0 1 0.00 0.0 0 10.1 25 290 M M 1 34 290
22 91 58 75 3 0 10 0.19 0.0 0 14.4 37 150 M M 2 1 48 150
23 97 53 75 3 0 10 0.00 0.0 0 12.0 29 160 M M 0 40 160
24 91 61 76 5 0 11 0.00 0.0 0 12.2 24 350 M M 1 1 34 350
25 78 55 67 -4 0 2 0.13 0.0 0 9.3 30 260 M M 2 13 40 260
26 84 60 72 1 0 7 0.03 0.0 0 15.0 25 50 M M 6 1 33 80
27 88 61 75 4 0 10 1.62 0.0 0 9.1 36 300 M M 3 13 51 300
28 84 59 72 2 0 7 T 0.0 0 12.2 37 330 M M 3 18 49 330
29 84 55 70 0 0 5 0.00 0.0 0 7.6 15 270 M M 0 19 270
30 86 59 73 3 0 8 T 0.0 0 14.1 41 350 M M 2 3 56 10
31 81 61 71 2 0 6 T 0.0 0 13.9 25 120 M M 1 35 140
================================================================================
SM 2795 1890 0 337 2.65 0.0 338.2 M 33
================================================================================
AV 90.2 61.0 10.9 FASTST M M 1 MAX(MPH)
MISC ----> 41 350 56 10
================================================================================
NOTES:
# LAST OF SEVERAL OCCURRENCES
COLUMN 17 PEAK WIND IN M.P.H.
PRELIMINARY LOCAL CLIMATOLOGICAL DATA (WS FORM: F-6) , PAGE 2
STATION: PIERRE SD
MONTH: AUGUST
YEAR: 2021
LATITUDE: 44 22 N
LONGITUDE: 100 17 W
[TEMPERATURE DATA] [PRECIPITATION DATA] SYMBOLS USED IN COLUMN 16
AVERAGE MONTHLY: 75.6 TOTAL FOR MONTH: 2.65 1 = FOG OR MIST
DPTR FM NORMAL: 2.6 DPTR FM NORMAL: 0.70 2 = FOG REDUCING VISIBILITY
HIGHEST: 106 ON 17 GRTST 24HR 1.65 ON 26-27 TO 1/4 MILE OR LESS
LOWEST: 53 ON 23 3 = THUNDER
SNOW, ICE PELLETS, HAIL 4 = ICE PELLETS
TOTAL MONTH: 0.0 INCH 5 = HAIL
GRTST 24HR 0.0 6 = FREEZING RAIN OR DRIZZLE
GRTST DEPTH: 0 7 = DUSTSTORM OR SANDSTORM:
VSBY 1/2 MILE OR LESS
8 = SMOKE OR HAZE
[NO. OF DAYS WITH] [WEATHER - DAYS WITH] 9 = BLOWING SNOW
X = TORNADO
MAX 32 OR BELOW: 0 0.01 INCH OR MORE: 7
MAX 90 OR ABOVE: 16 0.10 INCH OR MORE: 5
MIN 32 OR BELOW: 0 0.50 INCH OR MORE: 1
MIN 0 OR BELOW: 0 1.00 INCH OR MORE: 1
[HDD (BASE 65) ]
TOTAL THIS MO. 0 CLEAR (SCALE 0-3) 28
DPTR FM NORMAL -15 PTCLDY (SCALE 4-7) 3
TOTAL FM JUL 1 0 CLOUDY (SCALE 8-10) 0
DPTR FM NORMAL -17
[CDD (BASE 65) ]
TOTAL THIS MO. 337
DPTR FM NORMAL 75 [PRESSURE DATA]
TOTAL FM JAN 1 1076 HIGHEST SLP 30.27 ON 1
DPTR FM NORMAL 337 LOWEST SLP 29.56 ON 17
[REMARKS]
#FINAL-08-21#