000
CXUS56 KOTX 242137
CF6PUW
PRELIMINARY LOCAL CLIMATOLOGICAL DATA (WS FORM: F-6)
STATION: PULLMAN_MOSCOW AIRPORT
MONTH: AUGUST
YEAR: 2022
LATITUDE: 46 44 N
LONGITUDE: 117 7 W
TEMPERATURE IN F: :PCPN: SNOW: WIND :SUNSHINE: SKY :PK WND
================================================================================
1 2 3 4 5 6A 6B 7 8 9 10 11 12 13 14 15 16 17 18
12Z AVG MX 2MIN
DY MAX MIN AVG DEP HDD CDD WTR SNW DPTH SPD SPD DIR MIN PSBL S-S WX SPD DR
================================================================================
1 90 60 75 6 0 10 0.00 M M 3.5 17 230 M M 1 22 220
2 87 60 74 5 0 9 0.00 M M 9.2 21 240 M M 0 30 270
3 91 51 71 2 0 6 0.00 M M 7.5 17 270 M M 1 8 28 240
4 79 49 64 -5 1 0 0.00 M M 10.0 25 240 M M 0 31 260
5 79 44 62 -7 3 0 0.00 M M 2.0 9 270 M M 0 8 14 250
6 82 43 63 -5 2 0 0.00 M M 3.6 14 270 M M 0 20 270
7 88 47 68 0 0 3 0.00 M M 3.3 10 40 M M 0 16 100
8 95 52 74 6 0 9 0.00 M M 2.5 10 150 M M 0 15 170
9 95 67 81 13 0 16 T M M 8.0 26 250 M M 1 8 34 260
10 90 67 79 11 0 14 0.01 M M 8.5 20 100 M M 3 3 25 90
11 90 59 75 7 0 10 0.07 M M 3.8 15 280 M M 2 38 20 240
12 90 59 75 7 0 10 0.02 M M 3.8 16 100 M M 1 20 100
13 81 50 66 -2 0 1 0.00 M M 5.3 15 280 M M 1 21 260
14 85 45 65 -2 0 0 0.00 M M 1.7 9 280 M M 0 16 310
15 89 45 67 0 0 2 0.00 M M 2.2 9 260 M M 0 13 260
16 93 49 71 4 0 6 0.00 M M 1.7 9 360 M M 0 13 280
17 97 52 75 8 0 10 0.00 M M 2.7 12 280 M M 0 8 15 260
18 99 55 77 10 0 12 0.00 M M 2.5 10 90 M M 0 8 14 360
19 93 61 77 10 0 12 0.00 M M 3.9 14 110 M M 0 8 18 240
20 92 63 78 12 0 13 0.00 M M 3.3 10 280 M M 0 14 280
21 92 55 74 8 0 9 0.00 M M 3.3 12 280 M M 0 15 360
22 82 53 68 2 0 3 T M M 6.3 23 90 M M 1 28 90
23 89 53 71 5 0 6 0.00 M M 2.3 10 30 M M 0 8 16 10
24 89 53 71 5 0 6 T M M 1.5 14 100 M M 0 8 16 100
25 86 56 71 6 0 6 0.00 M M 5.2 16 270 M M 1 8 22 280
26 88 60 74 9 0 9 0.00 M M 8.9 24 260 M M 1 31 270
27 73 57 65 0 0 0 0.00 M M 15.2 24 230 M M 3 31 230
28 74 43 59 -6 6 0 0.00 M M 2.4 14 260 M M 0 19 250
29 87 47 67 2 0 2 0.00 M M 2.8 13 90 M M 0 15 90
30 95 52 74 10 0 9 0.00 M M 3.4 14 100 M M 0 8 16 90
31 101 66 84 20 0 19 T M M 10.5 24 100 M M 0 38 30 90
================================================================================
SM 2741 1673 12 212 0.10 M 150.8 M 16
================================================================================
AV 88.4 54.0 4.9 FASTST M M 1 MAX(MPH)
MISC ----> 26 250 34 260
================================================================================
NOTES:
# LAST OF SEVERAL OCCURRENCES
COLUMN 17 PEAK WIND IN M.P.H.
PRELIMINARY LOCAL CLIMATOLOGICAL DATA (WS FORM: F-6) , PAGE 2
STATION: PULLMAN_MOSCOW AIRPORT
MONTH: AUGUST
YEAR: 2022
LATITUDE: 46 44 N
LONGITUDE: 117 7 W
[TEMPERATURE DATA] [PRECIPITATION DATA] SYMBOLS USED IN COLUMN 16
AVERAGE MONTHLY: 71.2 TOTAL FOR MONTH: 0.10 1 = FOG OR MIST
DPTR FM NORMAL: 4.3 DPTR FM NORMAL: -0.39 2 = FOG REDUCING VISIBILITY
HIGHEST: 101 ON 31 GRTST 24HR 0.08 ON 11-12 TO 1/4 MILE OR LESS
LOWEST: 43 ON 28, 6 3 = THUNDER
SNOW, ICE PELLETS, HAIL 4 = ICE PELLETS
TOTAL MONTH: M 5 = HAIL
GRTST 24HR M ON M 6 = FREEZING RAIN OR DRIZZLE
GRTST DEPTH: M ON M 7 = DUSTSTORM OR SANDSTORM:
VSBY 1/2 MILE OR LESS
8 = SMOKE OR HAZE
[NO. OF DAYS WITH] [WEATHER - DAYS WITH] 9 = BLOWING SNOW
X = TORNADO
MAX 32 OR BELOW: 0 0.01 INCH OR MORE: 3
MAX 90 OR ABOVE: 15 0.10 INCH OR MORE: 0
MIN 32 OR BELOW: 0 0.50 INCH OR MORE: 0
MIN 0 OR BELOW: 0 1.00 INCH OR MORE: 0
[HDD (BASE 65) ]
TOTAL THIS MO. 12 CLEAR (SCALE 0-3) 31
DPTR FM NORMAL -38 PTCLDY (SCALE 4-7) 0
TOTAL FM JUL 1 23 CLOUDY (SCALE 8-10) 0
DPTR FM NORMAL -75
[CDD (BASE 65) ]
TOTAL THIS MO. 212
DPTR FM NORMAL 103 [PRESSURE DATA]
TOTAL FM JAN 1 363 HIGHEST SLP 30.15 ON 7
DPTR FM NORMAL 113 LOWEST SLP 29.76 ON 26
[REMARKS]
#FINAL-08-22#