000
CXUS56 KFGZ 010910
CF6RQE
PRELIMINARY LOCAL CLIMATOLOGICAL DATA (WS FORM: F-6)
STATION: WINDOW ROCK AZ AIRPORT
MONTH: JUNE
YEAR: 2023
LATITUDE: 35 39 N
LONGITUDE: 109 4 W
TEMPERATURE IN F: :PCPN: SNOW: WIND :SUNSHINE: SKY :PK WND
================================================================================
1 2 3 4 5 6A 6B 7 8 9 10 11 12 13 14 15 16 17 18
12Z AVG MX 2MIN
DY MAX MIN AVG DEP HDD CDD WTR SNW DPTH SPD SPD DIR MIN PSBL S-S WX SPD DR
================================================================================
1 68 32 50 -10 15 0 0.00 M M 6.3 21 250 M M 1 28 210
2 69 39 54 -7 11 0 T M M 5.3 21 40 M M 6 3 26 160
3 74 37 56 -5 9 0 T M M 4.1 15 320 M M 2 21 320
4 78 35 57 -4 8 0 T M M 4.3 18 220 M M 2 24 320
5 80 40 60 -2 5 0 0.00 M M 4.6 21 180 M M 2 29 160
6 74 44 59 -3 6 0 0.13 M M 5.7 23 60 M M 2 3 30 170
7 75 39 57 -5 8 0 0.00 M M 6.4 18 230 M M 0 25 220
8 75 31 53 -10 12 0 0.00 M M 5.7 21 210 M M 0 29 210
9 75 33 54 -9 11 0 0.00 M M 4.0 18 230 M M 0 23 230
10 79 39 59 -4 6 0 0.00 M M 3.9 17 230 M M 0 23 250
11 79 37 58 -6 7 0 0.00 M M 7.6 23 210 M M 1 31 200
12 71 35 53 -11 12 0 0.00 M M 6.0 22 240 M M 1 28 240
13 73 37 55 -9 10 0 0.00 M M 5.3 20 260 M M 3 27 260
14 80 35 58 -7 7 0 0.00 M M 6.4 22 240 M M 0 33 250
15 78 46 62 -3 3 0 0.00 M M 7.4 23 230 M M 0 8 30 190
16 78 39 59 -7 6 0 T M M 7.1 37 250 M M 1 8 49 230
17 78 37 58 -8 7 0 0.00 M M 6.1 23 270 M M 1 30 260
18 83 37 60 -6 5 0 0.00 M M 9.0 31 240 M M 0 8 48 250
19 83 40 62 -4 3 0 0.00 M M 12.0 30 230 M M 0 42 220
20 83 50 67 0 0 2 0.00 M M 10.4 26 230 M M 0 34 210
21 84 38 61 -6 4 0 0.00 M M 6.3 21 230 M M 0 30 230
22 85 39 62 -6 3 0 T M M 6.5 25 230 M M 0 35 230
23 82 38 60 -8 5 0 T M M 10.5 30 230 M M 0 8 39 210
24 84 31 58 -10 7 0 0.00 M M 5.0 20 230 M M 0 29 250
25 88 36 62 -6 3 0 0.00 M M 9.3 30 230 M M 0 39 250
26 92 47 70 1 0 5 0.00 M M 11.4 31 250 M M 0 8 45 240
27 90 49 70 1 0 5 0.00 M M 15.0 37 230 M M 0 8 54 230
28 88 43 66 -3 0 1 0.00 M M 10.4 31 230 M M 0 48 240
29 85 46 66 -4 0 1 0.00 M M 10.5 32 220 M M 0 46 250
30 84 37 61 -9 4 0 0.00 M M 4.7 17 260 M M 0 25 320
================================================================================
SM 2395 1166 177 14 0.13 M 217.2 M 22
================================================================================
AV 79.8 38.9 7.2 FASTST M M 1 MAX(MPH)
MISC ----> # 37 250 54 230
================================================================================
NOTES:
# LAST OF SEVERAL OCCURRENCES
COLUMN 17 PEAK WIND IN M.P.H.
PRELIMINARY LOCAL CLIMATOLOGICAL DATA (WS FORM: F-6) , PAGE 2
STATION: WINDOW ROCK AZ AIRPORT
MONTH: JUNE
YEAR: 2023
LATITUDE: 35 39 N
LONGITUDE: 109 4 W
[TEMPERATURE DATA] [PRECIPITATION DATA] SYMBOLS USED IN COLUMN 16
AVERAGE MONTHLY: 59.4 TOTAL FOR MONTH: 0.13 1 = FOG OR MIST
DPTR FM NORMAL: -5.8 DPTR FM NORMAL: -0.15 2 = FOG REDUCING VISIBILITY
HIGHEST: 92 ON 26 GRTST 24HR 0.13 ON 6- 6 TO 1/4 MILE OR LESS
LOWEST: 31 ON 24, 8 3 = THUNDER
SNOW, ICE PELLETS, HAIL 4 = ICE PELLETS
TOTAL MONTH: M 5 = HAIL
GRTST 24HR M ON M 6 = FREEZING RAIN OR DRIZZLE
GRTST DEPTH: M ON M 7 = DUSTSTORM OR SANDSTORM:
VSBY 1/2 MILE OR LESS
8 = SMOKE OR HAZE
[NO. OF DAYS WITH] [WEATHER - DAYS WITH] 9 = BLOWING SNOW
X = TORNADO
MAX 32 OR BELOW: 0 0.01 INCH OR MORE: 1
MAX 90 OR ABOVE: 2 0.10 INCH OR MORE: 1
MIN 32 OR BELOW: 3 0.50 INCH OR MORE: 0
MIN 0 OR BELOW: 0 1.00 INCH OR MORE: 0
[HDD (BASE 65) ]
TOTAL THIS MO. 177 CLEAR (SCALE 0-3) 29
DPTR FM NORMAL 114 PTCLDY (SCALE 4-7) 1
TOTAL FM JUL 1 6522 CLOUDY (SCALE 8-10) 0
DPTR FM NORMAL 366
[CDD (BASE 65) ]
TOTAL THIS MO. 14
DPTR FM NORMAL -55 [PRESSURE DATA]
TOTAL FM JAN 1 14 HIGHEST SLP M ON M
DPTR FM NORMAL -59 LOWEST SLP 29.64 ON 27
[REMARKS]
#FINAL-06-23#