000
CXUS56 KMTR 081625
CF6SFO
PRELIMINARY LOCAL CLIMATOLOGICAL DATA (WS FORM: F-6)
STATION: SAN FRANCISCO AIRPORT
MONTH: JANUARY
YEAR: 2023
LATITUDE: 37 37 N
LONGITUDE: 122 23 W
TEMPERATURE IN F: :PCPN: SNOW: WIND :SUNSHINE: SKY :PK WND
================================================================================
1 2 3 4 5 6A 6B 7 8 9 10 11 12 13 14 15 16 17 18
12Z AVG MX 2MIN
DY MAX MIN AVG DEP HDD CDD WTR SNW DPTH SPD SPD DIR MIN PSBL S-S WX SPD DR
================================================================================
1 63 49 56 5 9 0 0.00 M M 9.3 21 270 M M 3 8 24 270
2 53 47 50 -1 15 0 0.53 M M 10.4 23 20 M M 9 1 28 20
3 55 48 52 1 13 0 0.00 M M 6.7 17 30 M M 9 18 17 30
4 62 49 56 5 9 0 1.65 M M 18.3 43 150 M M 9 138 59 150
5 60 53 57 6 8 0 0.43 M M 15.1 40 150 M M 8 138 56 150
6 62 50 56 5 9 0 0.00 M M 7.9 17 190 M M 9 18 32 200
7 62 52 57 6 8 0 0.19 M M 18.2 35 140 M M 10 8 52 190
8 63 56 60 9 5 0 0.76 M M 11.4 44 190 M M 8 18 58 180
9 62 52 57 6 8 0 1.40 M M 9.8 30 160 M M 9 18 42 150
10 59 52 56 5 9 0 0.40 M M 20.5 54 160 M M 8 138 69 160
11 60 52 56 5 9 0 0.53 M M 12.9 22 110 M M 9 18 29 110
12 69 55 62 11 3 0 0.00 M M 8.0 23 130 M M 7 18 32 170
13 63 54 59 8 6 0 0.56 M M 13.0 31 140 M M 9 18 37 140
14 60 55 58 7 7 0 0.98 M M 16.2 39 160 M M 9 18 53 160
15 56 49 53 2 12 0 0.76 M M 10.4 23 70 M M 9 18 28 100
16 56 47 52 1 13 0 0.86 M M 18.5 28 210 M M 8 18 36 250
17 58 42 50 -1 15 0 0.00 M M 4.7 14 200 M M 1 18 19 200
18 56 43 50 -1 15 0 0.24 M M 6.1 22 140 M M 5 18 33 130
19 55 47 51 0 14 0 T M M 7.3 16 350 M M 5 8 21 330
20 55 46 51 0 14 0 0.00 M M 11.6 23 10 M M 0 8 28 20
21 57 40 49 -3 16 0 0.00 M M 4.3 14 270 M M 3 8 17 280
22 60 47 54 2 11 0 0.00 M M 11.8 28 10 M M 4 8 37 10
23 63 47 55 3 10 0 0.00 M M 9.3 22 10 M M 0 28 10
24 64 44 54 2 11 0 0.00 M M 6.9 18 70 M M 1 8 26 60
25 69 44 57 5 8 0 0.00 M M 4.0 13 70 M M 0 8 15 70
26 68 51 60 8 5 0 0.00 M M 7.6 22 90 M M 0 8 30 80
27 58 45 52 0 13 0 0.00 M M 8.1 24 290 M M 3 18 29 300
28 57 43 50 -2 15 0 0.00 M M 8.0 21 280 M M 7 128 27 290
29 53 48 51 -1 14 0 0.02 M M 16.7 28 270 M M 8 8 35 290
30 55 41 48 -4 17 0 0.00 M M 7.5 20 10 M M 0 26 20
31 61 36 49 -3 16 0 0.00 M M 5.1 15 290 M M 1 8 22 280
================================================================================
SM 1854 1484 337 0 9.31 M 325.6 M 171
================================================================================
AV 59.8 47.9 10.5 FASTST M M 6 MAX(MPH)
MISC ----> 54 160 69 160
================================================================================
NOTES:
# LAST OF SEVERAL OCCURRENCES
COLUMN 17 PEAK WIND IN M.P.H.
PRELIMINARY LOCAL CLIMATOLOGICAL DATA (WS FORM: F-6) , PAGE 2
STATION: SAN FRANCISCO AIRPORT
MONTH: JANUARY
YEAR: 2023
LATITUDE: 37 37 N
LONGITUDE: 122 23 W
[TEMPERATURE DATA] [PRECIPITATION DATA] SYMBOLS USED IN COLUMN 16
AVERAGE MONTHLY: 53.8 TOTAL FOR MONTH: 9.31 1 = FOG OR MIST
DPTR FM NORMAL: 2.5 DPTR FM NORMAL: 5.42 2 = FOG REDUCING VISIBILITY
HIGHEST: 69 ON 25,12 GRTST 24HR 1.87 ON 8- 9 TO 1/4 MILE OR LESS
LOWEST: 36 ON 31 3 = THUNDER
SNOW, ICE PELLETS, HAIL 4 = ICE PELLETS
TOTAL MONTH: M 5 = HAIL
GRTST 24HR M ON M 6 = FREEZING RAIN OR DRIZZLE
GRTST DEPTH: M ON M 7 = DUSTSTORM OR SANDSTORM:
VSBY 1/2 MILE OR LESS
8 = SMOKE OR HAZE
[NO. OF DAYS WITH] [WEATHER - DAYS WITH] 9 = BLOWING SNOW
X = TORNADO
MAX 32 OR BELOW: 0 0.01 INCH OR MORE: 14
MAX 90 OR ABOVE: 0 0.10 INCH OR MORE: 13
MIN 32 OR BELOW: 0 0.50 INCH OR MORE: 9
MIN 0 OR BELOW: 0 1.00 INCH OR MORE: 2
[HDD (BASE 65) ]
TOTAL THIS MO. 337 CLEAR (SCALE 0-3) 10
DPTR FM NORMAL -89 PTCLDY (SCALE 4-7) 9
TOTAL FM JUL 1 1308 CLOUDY (SCALE 8-10) 12
DPTR FM NORMAL -47
[CDD (BASE 65) ]
TOTAL THIS MO. 0
DPTR FM NORMAL 0 [PRESSURE DATA]
TOTAL FM JAN 1 0 HIGHEST SLP 30.46 ON 26
DPTR FM NORMAL 0 LOWEST SLP 29.44 ON 16
[REMARKS]
#FINAL-01-23#