000
CDUS43 KTOP 072131
CLITOP


CLIMATE REPORT
NATIONAL WEATHER SERVICE TOPEKA KS
430 PM CDT MON AUG 7 2017


...................................

...THE TOPEKA KS CLIMATE SUMMARY FOR AUGUST 7 2017...
VALID TODAY AS OF 0400 PM LOCAL TIME.

CLIMATE NORMAL PERIOD 1981 TO 2010
CLIMATE RECORD PERIOD 1887 TO 2017


WEATHER ITEM   OBSERVED TIME   RECORD YEAR NORMAL DEPARTURE LAST
                VALUE   (LST)  VALUE       VALUE  FROM      YEAR
                                                  NORMAL
..................................................................
TEMPERATURE (F)
 TODAY
  MAXIMUM         79    259 PM 110    1934  90    -11       77
  MINIMUM         61    517 AM  49    1989  68     -7       68
  AVERAGE         70                        79     -9       73

PRECIPITATION (IN)
  TODAY            0.00          2.63 1908   0.13  -0.13     0.12
  MONTH TO DATE    0.85                      0.93  -0.08     0.12
  SINCE JUN 1     12.24                     10.15   2.09     7.87
  SINCE JAN 1     27.39                     23.26   4.13    27.18

SNOWFALL (IN)
  TODAY            0.0           T    1923   0.0    0.0      0.0
  MONTH TO DATE    0.0                       0.0    0.0      0.0
  SINCE JAN 1      3.5                      11.3   -7.8      3.7
  SINCE JUL 1      T                         0.0    0.0       T
  SNOW DEPTH       0

DEGREE DAYS
 HEATING
  TODAY            0                         0      0        0
  MONTH TO DATE    0                         0      0        0
  SINCE JUN 1      0                         8     -8        0
  SINCE JUL 1      0                         0      0        0

 COOLING
  TODAY            5                        14     -9        8
  MONTH TO DATE   41                        98    -57      107
  SINCE JUN 1    849                       814     35     1020
  SINCE JAN 1    978                       940     38     1112
..................................................................


WIND (MPH)
  HIGHEST WIND SPEED    14   HIGHEST WIND DIRECTION     N (20)
  HIGHEST GUST SPEED    17   HIGHEST GUST DIRECTION     N (20)
  AVERAGE WIND SPEED     4.7



WEATHER CONDITIONS
 THE FOLLOWING WEATHER WAS RECORDED TODAY.
  FOG


RELATIVE HUMIDITY (PERCENT)
 HIGHEST   100          1200 AM
 LOWEST     62           200 PM
 AVERAGE    81

..........................................................


THE TOPEKA KS CLIMATE NORMALS FOR TOMORROW
                         NORMAL    RECORD    YEAR
 MAXIMUM TEMPERATURE (F)   90       110      1934
 MINIMUM TEMPERATURE (F)   68        49      1989


SUNRISE AND SUNSET
AUGUST  7 2017........SUNRISE   629 AM CDT   SUNSET   827 PM CDT
AUGUST  8 2017........SUNRISE   630 AM CDT   SUNSET   826 PM CDT


-  INDICATES NEGATIVE NUMBERS.
R  INDICATES RECORD WAS SET OR TIED.
MM INDICATES DATA IS MISSING.
T  INDICATES TRACE AMOUNT.




$$
