000
CXUS55 KVEF 160940
CF6BIH
PRELIMINARY LOCAL CLIMATOLOGICAL DATA (WS FORM: F-6)

                                          STATION:   BISHOP CA
                                          MONTH:     APRIL
                                          YEAR:      2014
                                          LATITUDE:   37 22 N
                                          LONGITUDE: 118 22 W

  TEMPERATURE IN F:       :PCPN:    SNOW:  WIND      :SUNSHINE: SKY     :PK WND
================================================================================
1   2   3   4   5  6A  6B    7    8   9   10  11  12  13   14  15   16   17  18
                                     12Z  AVG MX 2MIN
DY MAX MIN AVG DEP HDD CDD  WTR  SNW DPTH SPD SPD DIR MIN PSBL S-S WX    SPD DR
================================================================================

 1  56  27  42  -9  23   0 0.05  0.1    T  6.6 15 240   M    M   1 1      20 240
 2  55  35  45  -6  20   0 0.02    T    0  8.2 23 360   M    M   6 1      29 350
 3  61  25  43  -9  22   0 0.00  0.0    0  8.2 22 140   M    M   0        28 140
 4  65  34  50  -2  15   0 0.00  0.0    0  8.2 22 270   M    M   4        28 260
 5  67  38  53   1  12   0 0.00  0.0    0 10.9 22 350   M    M   3        28 350
 6  77  40  59   7   6   0 0.00  0.0    0 10.5 22 360   M    M   0        30  20
 7  79  36  58   6   7   0 0.00  0.0    0  6.9 18 160   M    M   0        23  60
 8  82  37  60   8   5   0 0.00  0.0    0  7.0 20 170   M    M   0        29 160
 9  85  43  64  11   1   0 0.00  0.0    0  7.0 22 250   M    M   0        26 250
10  85  37  61   8   4   0 0.00  0.0    0  7.4 17 150   M    M   0        24 160
11  83  46  65  12   0   0    T  0.0    0  6.1 29  40   M    M   1        42  40
12  82  51  67  14   0   2    T  0.0    0  8.5 37 280   M    M   2        48 300
13  77  50  64  10   1   0 0.00  0.0    0 21.1 35  10   M    M   0        46  10
14  76  29  53  -1  12   0 0.00  0.0    0  8.1 21 160   M    M   0        26 160
15  82  41  62   8   3   0 0.00  0.0    0  4.9 15  20   M    M   0        20 300
================================================================================
SM 1112  569       131   2  0.07     0.1 129.6          M       17
================================================================================
AV 74.1 37.9                               8.6 FASTST   M    M   1    MAX(MPH)
                                 MISC ---->  # 37 280               # 48  300
================================================================================
NOTES:
# LAST OF SEVERAL OCCURRENCES

COLUMN 17 PEAK WIND IN M.P.H.

PRELIMINARY LOCAL CLIMATOLOGICAL DATA (WS FORM: F-6) , PAGE 2

                                          STATION:  BISHOP CA
                                          MONTH:    APRIL
                                          YEAR:     2014
                                          LATITUDE:   37 22 N
                                          LONGITUDE: 118 22 W

[TEMPERATURE DATA]      [PRECIPITATION DATA]       SYMBOLS USED IN COLUMN 16

AVERAGE MONTHLY: 56.0   TOTAL FOR MONTH:   0.07    1 = FOG OR MIST
DPTR FM NORMAL:   3.5   DPTR FM NORMAL:   -0.09    2 = FOG REDUCING VISIBILITY
HIGHEST:    85 ON 10, 9 GRTST 24HR  0.06 ON 31- 1      TO 1/4 MILE OR LESS
LOWEST:     25 ON  3                               3 = THUNDER
                        SNOW, ICE PELLETS, HAIL    4 = ICE PELLETS
                        TOTAL MONTH:   0.1 INCH    5 = HAIL
                        GRTST 24HR   0.1 ON   M    6 = FREEZING RAIN OR DRIZZLE
                        GRTST DEPTH:   T           7 = DUSTSTORM OR SANDSTORM:
                                                       VSBY 1/2 MILE OR LESS
                                                   8 = SMOKE OR HAZE
[NO. OF DAYS WITH]      [WEATHER - DAYS WITH]      9 = BLOWING SNOW
                                                   X = TORNADO
MAX 32 OR BELOW:   0    0.01 INCH OR MORE:   2
MAX 90 OR ABOVE:   0    0.10 INCH OR MORE:   0
MIN 32 OR BELOW:   3    0.50 INCH OR MORE:   0
MIN  0 OR BELOW:   0    1.00 INCH OR MORE:   0

[HDD (BASE 65) ]
TOTAL THIS MO.   131    CLEAR  (SCALE 0-3)  13
DPTR FM NORMAL   -56    PTCLDY (SCALE 4-7)   2
TOTAL FM JUL 1  3516    CLOUDY (SCALE 8-10)  0
DPTR FM NORMAL  -394

[CDD (BASE 65) ]
TOTAL THIS MO.     2
DPTR FM NORMAL     2    [PRESSURE DATA]
TOTAL FM JAN 1     2    HIGHEST SLP M ON M
DPTR FM NORMAL     2    LOWEST  SLP 29.62 ON 12

[REMARKS]
