000
CXUS53 KLMK 310800
CF6BWG
PRELIMINARY LOCAL CLIMATOLOGICAL DATA (WS FORM: F-6)

                                          STATION:   BOWLING GREEN KY
                                          MONTH:     OCTOBER
                                          YEAR:      2014
                                          LATITUDE:   36 58 N
                                          LONGITUDE:  86 26 W

  TEMPERATURE IN F:       :PCPN:    SNOW:  WIND      :SUNSHINE: SKY     :PK WND
================================================================================
1   2   3   4   5  6A  6B    7    8   9   10  11  12  13   14  15   16   17  18
                                     12Z  AVG MX 2MIN
DY MAX MIN AVG DEP HDD CDD  WTR  SNW DPTH SPD SPD DIR MIN PSBL S-S WX    SPD DR
================================================================================

 1  87  54  71   7   0   6 0.00  0.0    0  2.8 12 130   M    M   1 128    15 120
 2  89  57  73   9   0   8    T  0.0    0  9.2 22 190   M    M   3        31 170
 3  77  46  62  -1   3   0 0.51  0.0    0 11.1 39 240   M    M   7 13     59 230
 4  61  39  50 -13  15   0 0.00  0.0    0  8.4 21 260   M    M   1        30 260
 5  72  35  54  -8  11   0    T  0.0    0  9.1 22 200   M    M   3 3      31 190
 6  74  56  65   3   0   0 0.56  0.0    0  7.9 23 210   M    M   4 13     31 210
 7  78  56  67   5   0   2 0.03  0.0    0 10.5 26 230   M    M   3 123    37 220
 8  80  52  66   5   0   1 0.00  0.0    0  2.3 10 270   M    M   1 12     25 280
 9  78  53  66   5   0   1 0.57  0.0    0  3.2 18 250   M    M   3 13     26 280
10  74  59  67   6   0   2 0.45  0.0    0  3.7  9  30   M    M   9 1      14 340
11  59  55  57  -3   8   0 0.02  0.0    0  5.8 12  60   M    M  10 1      13  30
12  76  56  66   6   0   1 0.00  0.0    0  5.7 13 190   M    M   8 1      16 160
13  80  66  73  13   0   8 1.58  0.0    0 12.9 29 160   M    M   6 13     38 170
14  67  57  62   3   3   0 0.71  0.0    0 13.3 23 220   M    M  10 1      30 240
15  58  54  56  -3   9   0 0.55  0.0    0  8.5 16 240   M    M  10 18     21 250
16  62  47  55  -4  10   0 0.00  0.0    0  6.9 13 280   M    M   8        15 280
17  77  44  61   3   4   0 0.00  0.0    0  8.0 18 260   M    M   0 1      23 270
18  62  50  56  -2   9   0 0.00  0.0    0  5.0 13 310   M    M   5        19 300
19  63  44  54  -4  11   0 0.00  0.0    0  2.2 10  90   M    M   3 1      14  90
20  69  42  56  -1   9   0    T  0.0    0  5.8 18 210   M    M   3 1      25 210
21  69  42  56  -1   9   0 0.00  0.0    0  3.2 12 340   M    M   1 12     17  10
22  63  40  52  -5  13   0 0.00  0.0    0  5.1 16  50   M    M   0        20  60
23  64  35  50  -6  15   0 0.00  0.0    0  1.5 13  80   M    M   0 12     15  70
24  69  40  55  -1  10   0 0.00  0.0    0  0.7  7 290   M    M   2 12     10 250
25  79  43  61   5   4   0 0.00  0.0    0  3.0 12 240   M    M   1 12     17 270
26  79  48  64   8   1   0 0.00  0.0    0  1.2  8 100   M    M   3 12     10  60
27  83  52  68  13   0   3 0.00  0.0    0  8.0 23 210   M    M   0 128    31 220
28  73  51  62   7   3   0 0.34  0.0    0  7.0 18 220   M    M   6 1      27 290
29  66  41  54  -1  11   0 0.03  0.0    0  5.3 17 280   M    M   3 12     23 290
30  62  36  49  -5  16   0 0.00  0.0    0  0.6  9 270   M    M   1 1      13 270
================================================================================
SM 2150 1450       174  32  5.35     0.0 177.9          M      115
================================================================================
AV 71.7 48.3                               5.9 FASTST   M    M   4    MAX(MPH)
                                 MISC ---->  # 39 240               # 59  230
================================================================================
NOTES:
# LAST OF SEVERAL OCCURRENCES

COLUMN 17 PEAK WIND IN M.P.H.

PRELIMINARY LOCAL CLIMATOLOGICAL DATA (WS FORM: F-6) , PAGE 2

                                          STATION:  BOWLING GREEN KY
                                          MONTH:    OCTOBER
                                          YEAR:     2014
                                          LATITUDE:   36 58 N
                                          LONGITUDE:  86 26 W

[TEMPERATURE DATA]      [PRECIPITATION DATA]       SYMBOLS USED IN COLUMN 16

AVERAGE MONTHLY: 60.0   TOTAL FOR MONTH:   5.35    1 = FOG OR MIST
DPTR FM NORMAL:   1.1   DPTR FM NORMAL:    2.08    2 = FOG REDUCING VISIBILITY
HIGHEST:    89 ON  2    GRTST 24HR  2.26 ON 13-14      TO 1/4 MILE OR LESS
LOWEST:     35 ON 23, 5                            3 = THUNDER
                        SNOW, ICE PELLETS, HAIL    4 = ICE PELLETS
                        TOTAL MONTH:   0.0 INCH    5 = HAIL
                        GRTST 24HR     0.0         6 = FREEZING RAIN OR DRIZZLE
                        GRTST DEPTH:   0           7 = DUSTSTORM OR SANDSTORM:
                                                       VSBY 1/2 MILE OR LESS
                                                   8 = SMOKE OR HAZE
[NO. OF DAYS WITH]      [WEATHER - DAYS WITH]      9 = BLOWING SNOW
                                                   X = TORNADO
MAX 32 OR BELOW:   0    0.01 INCH OR MORE:  11
MAX 90 OR ABOVE:   0    0.10 INCH OR MORE:   8
MIN 32 OR BELOW:   0    0.50 INCH OR MORE:   6
MIN  0 OR BELOW:   0    1.00 INCH OR MORE:   1

[HDD (BASE 65) ]
TOTAL THIS MO.   174    CLEAR  (SCALE 0-3)  16
DPTR FM NORMAL   -42    PTCLDY (SCALE 4-7)  10
TOTAL FM JUL 1   198    CLOUDY (SCALE 8-10)  4
DPTR FM NORMAL   -54

[CDD (BASE 65) ]
TOTAL THIS MO.    32
DPTR FM NORMAL    -1    [PRESSURE DATA]
TOTAL FM JAN 1  1488    HIGHEST SLP M ON M
DPTR FM NORMAL     0    LOWEST  SLP 29.60 ON 14

[REMARKS]
