000
CXUS54 KTSA 011351
CLMFYV

CLIMATE REPORT
NATIONAL WEATHER SERVICE TULSA OK
746 AM CST SUN JAN 1 2017

...................................

...THE FAYETTEVILLE ARKANSAS CLIMATE SUMMARY FOR THE MONTH OF DECEMBER 2016...

CLIMATE NORMAL PERIOD 1981 TO 2010
CLIMATE RECORD PERIOD 1905 TO 2016

WEATHER         OBSERVED          NORMAL  DEPART  LAST YEAR`S
                 VALUE   DATE(S)  VALUE   FROM    VALUE  DATE(S)
                                          NORMAL
................................................................
TEMPERATURE (F)
RECORD
 HIGH              78   12/31/1951
 LOW              -14   12/23/1963
HIGHEST            67   12/25        77     -10       70  12/26
                                                          12/12
LOWEST              3   12/19       -14      17       22  12/17
                                                          12/05
AVG. MAXIMUM     49.7              48.0     1.7     56.6
AVG. MINIMUM     25.6              26.9    -1.3     31.8
MEAN             37.7              37.5     0.2     44.2
DAYS MAX >= 90      0               0.0     0.0        0
DAYS MAX <= 32      2               2.6    -0.6        0
DAYS MIN <= 32     24              22.0     2.0       20
DAYS MIN <= 0       0               0.5    -0.5        0

PRECIPITATION (INCHES)
RECORD
 MAXIMUM        10.95   2015
 MINIMUM         0.26   1955
TOTALS           1.83              3.24   -1.41    10.95
DAILY AVG.       0.06              0.10   -0.04     0.35
DAYS >= .01         9               8.4     0.6        9
DAYS >= .10         4               5.3    -1.3        6
DAYS >= .50         1               2.3    -1.3        5
DAYS >= 1.00        0               1.0    -1.0        3
GREATEST
 24 HR. TOTAL    0.90   12/25 TO 12/26           12/26 TO 12/27
                                                          12/17 TO 12/17
                                                          12/17 TO 12/17

SNOWFALL (INCHES)
RECORDS
 TOTAL            7.0   2013
 24 HR TOTAL      6.7   12/06/2013 TO 12/06/2013
TOTALS            0.3               1.5    -1.2        T
SINCE 7/1         0.3               1.7    -1.4        T
SNOWDEPTH AVG.      0                MM      MM        0
DAYS >= TRACE       2               0.9     1.1        1
DAYS >= 1.0         0               0.6    -0.6        0
GREATEST
 SNOW DEPTH         T   12/17                          0  MM
 24 HR TOTAL      0.3   MM                       12/17 TO 12/17
                                                          12/17 TO 12/17
                                                          12/17 TO 12/17

DEGREE_DAYS
HEATING TOTAL     840               854     -14      638
 SINCE 7/1       1367              1683    -316     1280
COOLING TOTAL       0                 0       0        1
 SINCE 1/1       1514              1308     206     1317
........................................................

WIND (MPH)
AVERAGE WIND SPEED              6.1
HIGHEST WIND SPEED/DIRECTION    28/200    DATE  12/16
HIGHEST GUST SPEED/DIRECTION    37/180    DATE  12/25

SKY COVER
POSSIBLE SUNSHINE (PERCENT)   MM
AVERAGE SKY COVER           0.50
NUMBER OF DAYS FAIR           12
NUMBER OF DAYS PC              9
NUMBER OF DAYS CLOUDY         10

AVERAGE RH (PERCENT)     70

WEATHER CONDITIONS. NUMBER OF DAYS WITH
THUNDERSTORM              0     MIXED PRECIP               0
HEAVY RAIN                2     RAIN                       7
LIGHT RAIN                9     FREEZING RAIN              0
LT FREEZING RAIN          1     HAIL                       0
HEAVY SNOW                0     SNOW                       0
LIGHT SNOW                2     SLEET                      0
FOG                      16     FOG W/VIS <= 1/4 MILE      3
HAZE                      2

-  INDICATES NEGATIVE NUMBERS.
R  INDICATES RECORD WAS SET OR TIED.
MM INDICATES DATA IS MISSING.
T  INDICATES TRACE AMOUNT.

&&
-------------------------------------------------------------------
 YEARLY PRECIPITATION (INCHES):
 TOTAL.....................33.37
 DEPARTURE FROM NORMAL.....-15.14
$$
