000
CXUS54 KTSA 011533
CLMFYV

CLIMATE REPORT
NATIONAL WEATHER SERVICE TULSA OK
547 AM CDT SAT APR 1 2017

...................................

...THE FAYETTEVILLE ARKANSAS CLIMATE SUMMARY FOR THE MONTH OF MARCH 2017...

CLIMATE NORMAL PERIOD 1981 TO 2010
CLIMATE RECORD PERIOD 1905 TO 2017

WEATHER         OBSERVED          NORMAL  DEPART  LAST YEAR`S
                 VALUE   DATE(S)  VALUE   FROM    VALUE  DATE(S)
                                          NORMAL
................................................................
TEMPERATURE (F)
RECORD
 HIGH              89   03/22/1995
                        03/31/1974
 LOW                0   03/04/2002
HIGHEST            85   03/20        96     -11       79  03/15
LOWEST             23   03/03         1      22       22  03/21
                        03/02
AVG. MAXIMUM     64.5              60.1     4.4     64.6
AVG. MINIMUM     40.9              36.2     4.7     37.7
MEAN             52.7              48.1     4.6     51.1
DAYS MAX >= 90      0               0.0     0.0        0
DAYS MAX <= 32      0               0.3    -0.3        0
DAYS MIN <= 32     10              11.9    -1.9       12
DAYS MIN <= 0       0               0.0     0.0        0

PRECIPITATION (INCHES)
RECORD
 MAXIMUM        10.05   2008
 MINIMUM         0.58   2001
TOTALS           5.95              3.95    2.00     3.71
DAILY AVG.       0.19              0.13    0.06     0.12
DAYS >= .01        13              10.3     2.7       10
DAYS >= .10         7               6.8     0.2        5
DAYS >= .50         5               2.9     2.1        2
DAYS >= 1.00        1               1.1    -0.1        1
GREATEST
 24 HR. TOTAL    1.79   03/24 TO 03/24           03/08 TO 03/08
                                                          03/07 TO 03/08
                                                          03/08 TO 03/08

SNOWFALL (INCHES)
RECORDS
 TOTAL           15.0   1968
 24 HR TOTAL     12.0   03/21/2010 TO 03/21/2010
TOTALS            0.2               1.4    -1.2      0.0
SINCE 7/1         1.0               7.0    -6.0        T
SNOWDEPTH AVG.      0                MM      MM        0
DAYS >= TRACE       1               0.4     0.6        0
DAYS >= 1.0         0               0.2    -0.2        0
GREATEST
 SNOW DEPTH         0   MM                             0  MM
 24 HR TOTAL      0.2   03/11 TO 03/11           03/31 TO 03/31
                                                          03/08 TO 03/08
                                                          03/08 TO 03/08

DEGREE_DAYS
HEATING TOTAL     387               526    -139      424
 SINCE 7/1       2958              3829    -871     3240
COOLING TOTAL      13                 4       9        2
 SINCE 1/1         18                 4      14        2
.........................................................

WIND (MPH)
AVERAGE WIND SPEED              8.6
HIGHEST WIND SPEED/DIRECTION    43/320    DATE  03/06
HIGHEST GUST SPEED/DIRECTION    52/320    DATE  03/06

SKY COVER
POSSIBLE SUNSHINE (PERCENT)   MM
AVERAGE SKY COVER           0.50
NUMBER OF DAYS FAIR           13
NUMBER OF DAYS PC              7
NUMBER OF DAYS CLOUDY         11

AVERAGE RH (PERCENT)     70

WEATHER CONDITIONS. NUMBER OF DAYS WITH
THUNDERSTORM             10     MIXED PRECIP               0
HEAVY RAIN                7     RAIN                       7
LIGHT RAIN               13     FREEZING RAIN              0
LT FREEZING RAIN          0     HAIL                       0
HEAVY SNOW                0     SNOW                       1
LIGHT SNOW                1     SLEET                      0
FOG                      16     FOG W/VIS <= 1/4 MILE      4
HAZE                      3

-  INDICATES NEGATIVE NUMBERS.
R  INDICATES RECORD WAS SET OR TIED.
MM INDICATES DATA IS MISSING.
T  INDICATES TRACE AMOUNT.

&&
-------------------------------------------------------------------
 YEARLY PRECIPITATION (INCHES):
 TOTAL..................... 9.45
 DEPARTURE FROM NORMAL.....-0.15
$$
