000
CXUS54 KTSA 011345
CLMFYV

CLIMATE REPORT
NATIONAL WEATHER SERVICE TULSA OK
447 AM CST WED FEB 1 2017

...................................

...THE FAYETTEVILLE ARKANSAS CLIMATE SUMMARY FOR THE MONTH OF JANUARY 2017...

CLIMATE NORMAL PERIOD 1981 TO 2010
CLIMATE RECORD PERIOD 1905 TO 2017

WEATHER         OBSERVED          NORMAL  DEPART  LAST YEAR`S
                 VALUE   DATE(S)  VALUE   FROM    VALUE  DATE(S)
                                          NORMAL
................................................................
TEMPERATURE (F)
RECORD
 HIGH              77   01/25/1950
 LOW              -15   01/09/1970
HIGHEST            74   01/31        44      30       70  01/30
LOWEST                  01/07        24     -25       11  01/10
AVG. MAXIMUM     52.5              46.4     6.1     47.0
AVG. MINIMUM     28.2              24.8     3.4     25.0
MEAN             40.3              35.6     4.7     36.0
DAYS MAX >= 90      0               0.0     0.0        0
DAYS MAX <= 32      3               3.5    -0.5        2
DAYS MIN <= 32     19              23.7    -4.7       25
DAYS MIN <= 0       1               0.6     0.4        0

PRECIPITATION (INCHES)
RECORD
 MAXIMUM         9.17   1998
 MINIMUM         0.10   1986
TOTALS           2.39              2.84   -0.45     0.51
DAILY AVG.       0.08              0.09   -0.01     0.02
DAYS >= .01        11               8.0     3.0        5
DAYS >= .10         5               4.4     0.6        3
DAYS >= .50         1               1.7    -0.7        0
DAYS >= 1.00        1               0.7     0.3        0
GREATEST
 24 HR. TOTAL    1.20   01/21 TO 01/22           01/08 TO 01/09
                                                          01/21 TO 01/21
                                                          01/21 TO 01/21

SNOWFALL (INCHES)
RECORDS
 TOTAL           14.0   1977
 24 HR TOTAL      7.6   01/02/1996 TO 01/02/1996
TOTALS            0.5               2.3    -1.8        T
SINCE 7/1         0.8               4.0    -3.2        T
SNOWDEPTH AVG.      0                MM      MM        0
DAYS >= TRACE       2               1.1     0.9        7
DAYS >= 1.0         0               0.6    -0.6        0
GREATEST
 SNOW DEPTH         1   01/06                          0  MM
 24 HR TOTAL      0.5   01/06 TO 01/06           01/21 TO 01/21
                                                          01/21 TO 01/21
                                                          01/21 TO 01/21

DEGREE_DAYS
HEATING TOTAL     757               911    -154      893
 SINCE 7/1       2124              2594    -470     2173
COOLING TOTAL       0                 0       0        0
 SINCE 1/1          0                 0       0        0
..................................................

WIND (MPH)
AVERAGE WIND SPEED              7.1
HIGHEST WIND SPEED/DIRECTION    35/200    DATE  01/11
HIGHEST GUST SPEED/DIRECTION    44/200    DATE  01/11

SKY COVER
POSSIBLE SUNSHINE (PERCENT)   MM
AVERAGE SKY COVER           0.50
NUMBER OF DAYS FAIR           14
NUMBER OF DAYS PC              6
NUMBER OF DAYS CLOUDY         11

AVERAGE RH (PERCENT)     74

WEATHER CONDITIONS. NUMBER OF DAYS WITH
THUNDERSTORM              0     MIXED PRECIP               0
HEAVY RAIN                3     RAIN                       4
LIGHT RAIN                9     FREEZING RAIN              0
LT FREEZING RAIN          0     HAIL                       0
HEAVY SNOW                0     SNOW                       0
LIGHT SNOW                2     SLEET                      0
FOG                      16     FOG W/VIS <= 1/4 MILE      4
HAZE                      2

-  INDICATES NEGATIVE NUMBERS.
R  INDICATES RECORD WAS SET OR TIED.
MM INDICATES DATA IS MISSING.
T  INDICATES TRACE AMOUNT.

&&
-------------------------------------------------------------------
 YEARLY PRECIPITATION (INCHES):
 TOTAL..................... 2.39
 DEPARTURE FROM NORMAL.....-0.45
$$
