000
CXUS54 KTSA 011627
CLMFYV

CLIMATE REPORT...CORRECTION
NATIONAL WEATHER SERVICE TULSA OK
1027 AM CST MON DEC 1 2014

...................................

...THE FAYETTEVILLE ARKANSAS CLIMATE SUMMARY FOR THE MONTH OF NOVEMBER 2014...

CLIMATE NORMAL PERIOD 1981 TO 2010
CLIMATE RECORD PERIOD 1905 TO 2014

WEATHER         OBSERVED          NORMAL  DEPART  LAST YEAR`S
                 VALUE   DATE(S)  VALUE   FROM    VALUE  DATE(S)
                                          NORMAL
................................................................
TEMPERATURE (F)
RECORD
 HIGH              83   11/09/2006
 LOW                4   11/29/1976
HIGHEST            73   11/10        61      12       74  11/17
LOWEST              9   11/18        38     -29       16  11/28
AVG. MAXIMUM     54.0              58.8    -4.8     55.5
AVG. MINIMUM     29.8              36.1    -6.3     32.8
MEAN             41.9              47.4    -5.5     44.2
DAYS MAX >= 90      0               0.0     0.0        0
DAYS MAX <= 32      1               0.1     0.9        0
DAYS MIN <= 32     21              12.0     9.0       18
DAYS MIN <= 0       0               0.0     0.0        0

PRECIPITATION (INCHES)
RECORD
 MAXIMUM         9.65   1996
 MINIMUM         0.35   2007
TOTALS           2.50              4.23   -1.73     2.24
DAILY AVG.       0.08              0.14   -0.06     0.07
DAYS >= .01         5               8.5    -3.5        8
DAYS >= .10         2               5.7    -3.7        5
DAYS >= .50         2               2.7    -0.7        1
DAYS >= 1.00        1               1.5    -0.5        1
GREATEST
 24 HR. TOTAL    1.45   11/04 TO 11/04           11/21 TO 11/21
                                                          11/27 TO 11/27
                                                          11/27 TO 11/27

SNOWFALL (INCHES)
RECORDS
 TOTAL              T   2013
 24 HR TOTAL        T   11/27/2013 TO 11/27/2013
TOTALS              TR              0.2    -0.2        T
SINCE 7/1           T               0.2    -0.2        T
SNOWDEPTH AVG.      0                MM      MM        0
DAYS >= TRACE       1               0.2     0.8        1
DAYS >= 1.0         0               0.1    -0.1        0
GREATEST
 SNOW DEPTH         0   MM                             0  MM
 24 HR TOTAL        TR  11/16 TO 11/16           11/27 TO 11/27
                                                          11/27 TO 11/27
                                                          11/27 TO 11/27

DEGREE_DAYS
HEATING TOTAL     688               529     159      619
 SINCE 7/1        925               829      96      889
COOLING TOTAL       0                 2      -2        0
 SINCE 1/1       1237              1308     -71     1390
........................................................

WIND (MPH)
AVERAGE WIND SPEED              8.5
HIGHEST WIND SPEED/DIRECTION    38/190    DATE  11/10
HIGHEST GUST SPEED/DIRECTION    48/180    DATE  11/10

SKY COVER
POSSIBLE SUNSHINE (PERCENT)   MM
AVERAGE SKY COVER           0.30
NUMBER OF DAYS FAIR           18
NUMBER OF DAYS PC              8
NUMBER OF DAYS CLOUDY          4

AVERAGE RH (PERCENT)     67

WEATHER CONDITIONS. NUMBER OF DAYS WITH
THUNDERSTORM              0     MIXED PRECIP               0
HEAVY RAIN                2     RAIN                       3
LIGHT RAIN                6     FREEZING RAIN              0
LT FREEZING RAIN          0     HAIL                       0
HEAVY SNOW                0     SNOW                       0
LIGHT SNOW                1     SLEET                      0
FOG                       6     FOG W/VIS <= 1/4 MILE      0
HAZE                      0

-  INDICATES NEGATIVE NUMBERS.
R  INDICATES RECORD WAS SET OR TIED.
MM INDICATES DATA IS MISSING.
T  INDICATES TRACE AMOUNT.

&&
-------------------------------------------------------------------
 YEARLY PRECIPITATION (INCHES):
 TOTAL.....................36.44
 DEPARTURE FROM NORMAL.....-8.83
$$
