000
CXUS54 KTSA 011850
CLMFYV

CLIMATE REPORT
NATIONAL WEATHER SERVICE TULSA OK
1214 PM CST SUN MAR 1 2015

...................................

...THE FAYETTEVILLE ARKANSAS CLIMATE SUMMARY FOR THE MONTH OF FEBRUARY 2015...

CLIMATE NORMAL PERIOD 1981 TO 2010
CLIMATE RECORD PERIOD 1905 TO 2015

WEATHER         OBSERVED          NORMAL  DEPART  LAST YEAR`S
                 VALUE   DATE(S)  VALUE   FROM    VALUE  DATE(S)
                                          NORMAL
................................................................
TEMPERATURE (F)
RECORD
 HIGH              87   02/22/1996
 LOW              -18   02/10/2011
HIGHEST            70   02/08        82     -12       71  02/20
LOWEST              7   02/17       -24      31       -3  02/03
AVG. MAXIMUM     44.2              51.1    -6.9     47.0
AVG. MINIMUM     21.6              28.3    -6.7     20.7
MEAN             32.9              39.7    -6.8     33.8
DAYS MAX >= 90      0               0.0     0.0        0
DAYS MAX <= 32      5               1.9     3.1        6
DAYS MIN <= 32     25              18.7     6.3       26
DAYS MIN <= 0       0               0.2    -0.2        1

PRECIPITATION (INCHES)
RECORD
 MAXIMUM         8.60   1990
 MINIMUM         0.22   1996
TOTALS           1.95              2.81   -0.86     0.84
DAILY AVG.       0.07              0.10   -0.03     0.03
DAYS >= .01         9               7.7     1.3        4
DAYS >= .10         5               4.7     0.3        3
DAYS >= .50         1               1.7    -0.7        0
DAYS >= 1.00        0               0.8    -0.8        0
GREATEST
 24 HR. TOTAL    0.61   02/20 TO 02/21           02/01 TO 02/02
                                                          02/02 TO 02/02
                                                          02/02 TO 02/02

SNOWFALL (INCHES)
RECORDS
 TOTAL           18.8   2011
 24 HR TOTAL     14.6   02/09/2011 TO 02/09/2011
TOTALS            5.3               1.6     3.7      5.2
SINCE 7/1         5.3               5.6    -0.3     14.1
SNOWDEPTH AVG.      0                MM      MM        0
DAYS >= TRACE       6               0.8     5.2        5
DAYS >= 1.0         3               0.7     2.3        1
GREATEST
 SNOW DEPTH         1   02/28                          4  02/03
                        02/24
                        02/17
 24 HR TOTAL      1.7   MM                       02/02 TO 02/02
                                                          02/02 TO 02/02
                                                          02/02 TO 02/02

DEGREE_DAYS
HEATING TOTAL     889               709     180      864
 SINCE 7/1       3486              3303     183     3720
COOLING TOTAL       0                 0       0        0
 SINCE 1/1          0                 0       0        0
...................................................

WIND (MPH)
AVERAGE WIND SPEED              7.1
HIGHEST WIND SPEED/DIRECTION    29/200    DATE  02/07
HIGHEST GUST SPEED/DIRECTION    39/210    DATE  02/07

SKY COVER
POSSIBLE SUNSHINE (PERCENT)   MM
AVERAGE SKY COVER           0.40
NUMBER OF DAYS FAIR           13
NUMBER OF DAYS PC              9
NUMBER OF DAYS CLOUDY          6

AVERAGE RH (PERCENT)     69

WEATHER CONDITIONS. NUMBER OF DAYS WITH
THUNDERSTORM              1     MIXED PRECIP               0
HEAVY RAIN                1     RAIN                       2
LIGHT RAIN                4     FREEZING RAIN              2
LT FREEZING RAIN          3     HAIL                       0
HEAVY SNOW                0     SNOW                       2
LIGHT SNOW                7     SLEET                      0
FOG                      14     FOG W/VIS <= 1/4 MILE      0
HAZE                      5

-  INDICATES NEGATIVE NUMBERS.
R  INDICATES RECORD WAS SET OR TIED.
MM INDICATES DATA IS MISSING.
T  INDICATES TRACE AMOUNT.

&&
-------------------------------------------------------------------
 YEARLY PRECIPITATION (INCHES):
 TOTAL..................... 3.06
 DEPARTURE FROM NORMAL.....-2.59
$$
