000
CXUS54 KTSA 011745
CLMFYV

CLIMATE REPORT
NATIONAL WEATHER SERVICE TULSA OK
1144 AM CST SUN FEB 1 2015

...................................

...THE FAYETTEVILLE ARKANSAS CLIMATE SUMMARY FOR THE MONTH OF JANUARY 2015...

CLIMATE NORMAL PERIOD 1981 TO 2010
CLIMATE RECORD PERIOD 1905 TO 2015

WEATHER         OBSERVED          NORMAL  DEPART  LAST YEAR`S
                 VALUE   DATE(S)  VALUE   FROM    VALUE  DATE(S)
                                          NORMAL
................................................................
TEMPERATURE (F)
RECORD
 HIGH              77   01/25/1950
 LOW              -15   01/09/1970
HIGHEST            68   01/28        44      24       66  01/26
LOWEST              3   01/08        24     -21       -3  01/06
AVG. MAXIMUM     47.4              46.4     1.0     44.2
AVG. MINIMUM     22.9              24.8    -1.9     18.9
MEAN             35.2              35.6    -0.4     31.5
DAYS MAX >= 90      0               0.0     0.0        0
DAYS MAX <= 32      3               3.5    -0.5        4
DAYS MIN <= 32     27              23.7     3.3       29
DAYS MIN <= 0       0               0.6    -0.6        3

PRECIPITATION (INCHES)
RECORD
 MAXIMUM         9.17   1998
 MINIMUM         0.10   1986
TOTALS           1.11              2.84   -1.73     1.64
DAILY AVG.       0.04              0.09   -0.05     0.05
DAYS >= .01         7               8.0    -1.0        5
DAYS >= .10         2               4.4    -2.4        4
DAYS >= .50         1               1.7    -0.7        1
DAYS >= 1.00        0               0.7    -0.7        0
GREATEST
 24 HR. TOTAL    0.81   01/02 TO 01/03           01/10 TO 01/10
                                                          01/10 TO 01/10
                                                          01/10 TO 01/10

SNOWFALL (INCHES)
RECORDS
 TOTAL           14.0   1977
 24 HR TOTAL      7.6   01/02/1996 TO 01/02/1996
TOTALS              T               2.3    -2.3      1.9
SINCE 7/1           T               4.0    -4.0      8.9
SNOWDEPTH AVG.      0                MM      MM        0
DAYS >= TRACE       3               1.1     1.9        3
DAYS >= 1.0         0               0.6    -0.6        1
GREATEST
 SNOW DEPTH         0   MM                             2  01/06
 24 HR TOTAL        T   01/15 TO 01/15           01/10 TO 01/10
                                                          01/10 TO 01/10
                                                          01/10 TO 01/10

DEGREE_DAYS
HEATING TOTAL     917               911       6     1029
 SINCE 7/1       2597              2594       3     2856
COOLING TOTAL       0                 0       0        0
 SINCE 1/1          0                 0       0        0
.................................................

WIND (MPH)
AVERAGE WIND SPEED              5.9
HIGHEST WIND SPEED/DIRECTION    28/330    DATE  01/25
HIGHEST GUST SPEED/DIRECTION    39/330    DATE  01/25

SKY COVER
POSSIBLE SUNSHINE (PERCENT)   MM
AVERAGE SKY COVER           0.30
NUMBER OF DAYS FAIR           18
NUMBER OF DAYS PC              6
NUMBER OF DAYS CLOUDY          7

AVERAGE RH (PERCENT)     66

WEATHER CONDITIONS. NUMBER OF DAYS WITH
THUNDERSTORM              0     MIXED PRECIP               0
HEAVY RAIN                2     RAIN                       3
LIGHT RAIN                8     FREEZING RAIN              0
LT FREEZING RAIN          1     HAIL                       0
HEAVY SNOW                0     SNOW                       0
LIGHT SNOW                1     SLEET                      0
FOG                       7     FOG W/VIS <= 1/4 MILE      0
HAZE                      0

-  INDICATES NEGATIVE NUMBERS.
R  INDICATES RECORD WAS SET OR TIED.
MM INDICATES DATA IS MISSING.
T  INDICATES TRACE AMOUNT.

&&
-------------------------------------------------------------------
 YEARLY PRECIPITATION (INCHES):
 TOTAL..................... 1.11
 DEPARTURE FROM NORMAL.....-1.73
$$
