000
CXUS53 KIWX 010810
CF6AOH
PRELIMINARY LOCAL CLIMATOLOGICAL DATA (WS FORM: F-6)
STATION: LIMA
MONTH: JULY
YEAR: 2021
LATITUDE: 40 42 N
LONGITUDE: 84 1 W
TEMPERATURE IN F: :PCPN: SNOW: WIND :SUNSHINE: SKY :PK WND
================================================================================
1 2 3 4 5 6A 6B 7 8 9 10 11 12 13 14 15 16 17 18
12Z AVG MX 2MIN
DY MAX MIN AVG DEP HDD CDD WTR SNW DPTH SPD SPD DIR MIN PSBL S-S WX SPD DR
================================================================================
1 83 64 74 1 0 9 T M M 5.8 14 40 M M 4 21 40
2 76 57 67 -6 0 2 0.00 M M 7.9 15 10 M M 3 23 320
3 80 55 68 -5 0 3 0.00 M M 9.0 20 270 M M 3 33 260
4 89 67 78 4 0 13 0.00 M M 6.7 14 260 M M 0 19 250
5 92 69 81 7 0 16 0.00 M M 7.5 17 250 M M 0 1 24 280
6 90 71 81 7 0 16 T M M 9.1 18 270 M M 0 18 26 230
7 87 70 79 5 0 14 0.31 M M 4.1 30 190 M M 2 138 45 190
8 83 68 76 2 0 11 0.05 0.0 0 9.6 21 240 M M 6 13 28 240
9 76 61 69 -5 0 4 T 0.0 0 6.5 15 310 M M 8 19 310
10 75 58 67 -7 0 2 T 0.0 0 7.9 15 120 M M 2 1 21 100
11 77 65 71 -3 0 6 0.43 0.0 0 8.9 18 150 M M 8 1 25 150
12 82 66 74 0 0 9 0.18 M M 5.1 13 190 M M 6 13 17 180
13 83 70 77 3 0 12 0.64 M M 9.6 20 220 M M 8 13 34 220
14 84 70 77 3 0 12 0.00 M M 7.4 15 240 M M 4 20 240
15 88 70 79 5 0 14 0.51 M M 11.0 28 330 M M 2 13 39 330
16 81 70 76 2 0 11 1.12 M M 7.4 17 190 M M 7 13 24 180
17 80 66 73 -1 0 8 0.35 0.0 0 5.8 14 10 M M 6 1 21 350
18 82 63 73 -1 0 8 T 0.0 0 2.3 8 60 M M 2 11 30
19 82 61 72 -2 0 7 0.00 0.0 0 3.5 12 330 M M 0 16 310
20 82 64 73 0 0 8 0.00 0.0 0 4.6 13 300 M M 1 16 290
21 76 60 68 -5 0 3 0.00 0.0 0 5.8 10 20 M M 4 18 20
22 80 55 68 -5 0 3 0.00 M M 2.4 8 240 M M 1 11 230
23 81 62 72 -1 0 7 0.24 M M 5.4 14 340 M M 2 3 20 310
24 87 69 78 5 0 13 0.30 M M 10.0 22 220 M M 4 13 30 210
25 87 69 78 5 0 13 0.42 M M 4.1 14 240 M M 7 13 19 240
26 86 65 76 3 0 11 0.00 M M 2.4 10 320 M M 0 14 330
27 86 63 75 2 0 10 0.00 0.0 0 3.5 13 230 M M 0 16 330
28 86 66 76 3 0 11 0.00 0.0 0 3.5 9 220 M M 1 12 350
29 87 72 80 7 0 15 0.05 0.0 0 10.1 23 300 M M 3 3 29 300
30 77 65 71 -2 0 6 0.00 0.0 0 5.6 13 310 M M 5 18 10
31 79 58 69 -4 0 4 0.00 0.0 0 5.5 14 240 M M 1 18 230
================================================================================
SM 2564 2009 0 281 4.60 0.0 198.0 M 100
================================================================================
AV 82.7 64.8 6.4 FASTST M M 3 MAX(MPH)
MISC ----> 30 190 45 190
================================================================================
NOTES:
# LAST OF SEVERAL OCCURRENCES
COLUMN 17 PEAK WIND IN M.P.H.
PRELIMINARY LOCAL CLIMATOLOGICAL DATA (WS FORM: F-6) , PAGE 2
STATION: LIMA
MONTH: JULY
YEAR: 2021
LATITUDE: 40 42 N
LONGITUDE: 84 1 W
[TEMPERATURE DATA] [PRECIPITATION DATA] SYMBOLS USED IN COLUMN 16
AVERAGE MONTHLY: 73.8 TOTAL FOR MONTH: 4.60 1 = FOG OR MIST
DPTR FM NORMAL: 0.4 DPTR FM NORMAL: 0.92 2 = FOG REDUCING VISIBILITY
HIGHEST: 92 ON 5 GRTST 24HR 1.42 ON 16-17 TO 1/4 MILE OR LESS
LOWEST: 55 ON 22, 3 3 = THUNDER
SNOW, ICE PELLETS, HAIL 4 = ICE PELLETS
TOTAL MONTH: 0.0 INCH 5 = HAIL
GRTST 24HR 0.0 6 = FREEZING RAIN OR DRIZZLE
GRTST DEPTH: 0 7 = DUSTSTORM OR SANDSTORM:
VSBY 1/2 MILE OR LESS
8 = SMOKE OR HAZE
[NO. OF DAYS WITH] [WEATHER - DAYS WITH] 9 = BLOWING SNOW
X = TORNADO
MAX 32 OR BELOW: 0 0.01 INCH OR MORE: 12
MAX 90 OR ABOVE: 2 0.10 INCH OR MORE: 10
MIN 32 OR BELOW: 0 0.50 INCH OR MORE: 3
MIN 0 OR BELOW: 0 1.00 INCH OR MORE: 1
[HDD (BASE 65) ]
TOTAL THIS MO. 0 CLEAR (SCALE 0-3) 18
DPTR FM NORMAL -3 PTCLDY (SCALE 4-7) 12
TOTAL FM JUL 1 0 CLOUDY (SCALE 8-10) 1
DPTR FM NORMAL 0
[CDD (BASE 65) ]
TOTAL THIS MO. 281
DPTR FM NORMAL 18 [PRESSURE DATA]
TOTAL FM JAN 1 637 HIGHEST SLP M ON M
DPTR FM NORMAL 108 LOWEST SLP 29.82 ON 11
[REMARKS]
#FINAL-07-21#