000
CXUS53 KIWX 010810
CF6BEH
PRELIMINARY LOCAL CLIMATOLOGICAL DATA (WS FORM: F-6)
STATION: BENTON HARBOR
MONTH: AUGUST
YEAR: 2021
LATITUDE: 42 7 N
LONGITUDE: 86 26 W
TEMPERATURE IN F: :PCPN: SNOW: WIND :SUNSHINE: SKY :PK WND
================================================================================
1 2 3 4 5 6A 6B 7 8 9 10 11 12 13 14 15 16 17 18
12Z AVG MX 2MIN
DY MAX MIN AVG DEP HDD CDD WTR SNW DPTH SPD SPD DIR MIN PSBL S-S WX SPD DR
================================================================================
1 74 59 67 -4 0 2 0.00 M M 5.6 15 340 M M 3 18 27 340
2 76 52 64 -7 1 0 0.00 M M 2.8 12 300 M M 0 1 17 300
3 79 51 65 -6 0 0 0.00 M M 3.0 12 290 M M 1 1 16 290
4 83 53 68 -3 0 3 0.00 M M 2.0 10 300 M M 0 18 13 310
5 85 57 71 0 0 6 0.00 M M 5.1 14 290 M M 1 1 22 260
6 83 66 75 4 0 10 0.28 M M 6.5 17 200 M M 5 138 27 180
7 86 66 76 5 0 11 0.43 M M 4.6 25 280 M M 4 13 53 280
8 89 73 81 10 0 16 0.00 M M 8.5 17 190 M M 1 8 31 160
9 83 73 78 7 0 13 0.22 0.0 0 9.6 17 190 M M 3 138 27 170
10 93 71 82 11 0 17 0.40 M M 7.1 44 280 M M 5 138 62 280
11 86 70 78 7 0 13 0.01 M M 10.0 28 260 M M 4 13 38 260
12 86 72 79 8 0 14 0.00 M M 10.3 26 240 M M 3 38 250
13 78 60 69 -2 0 4 0.00 M M 4.1 13 250 M M 4 1 18 270
14 81 56 69 -1 0 4 0.00 0.0 0 3.6 10 90 M M 0 16 10
15 82 51 67 -3 0 2 0.00 0.0 0 3.4 12 120 M M 1 17 140
16 81 54 68 -2 0 3 0.00 0.0 0 2.5 12 90 M M 0 1 18 110
17 83 61 72 2 0 7 0.00 0.0 0 2.2 8 350 M M 2 18 13 20
18 86 65 76 6 0 11 0.00 0.0 0 2.6 9 70 M M 2 18 13 90
19 86 66 76 6 0 11 0.00 M M 2.5 8 20 M M 3 18 13 20
20 90 67 79 9 0 14 0.00 M M 2.7 12 150 M M 2 18 15 160
21 89 71 80 10 0 15 0.00 M M 5.0 15 160 M M 1 1 22 150
22 82 64 73 3 0 8 0.00 M M 3.4 13 310 M M 3 1 20 300
23 87 58 73 4 0 8 0.00 M M 2.7 14 250 M M 0 12 20 270
24 94 70 82 13 0 17 0.98 M M 6.9 26 300 M M 2 13 37 290
25 87 69 78 9 0 13 T M M 5.9 23 250 M M 3 3 37 240
26 87 71 79 10 0 14 0.02 M 0 3.9 12 280 M M 1 3 14 230
27 90 70 80 11 0 15 0.00 M 0 4.9 10 280 M M 1 1 15 290
28 91 74 83 15 0 18 0.00 M M 6.3 14 190 M M 1 1 19 190
29 90 75 83 15 0 18 0.00 M M 8.7 23 250 M M 1 3 34 250
30 80 60 70 2 0 5 0.00 M M 2.1 12 290 M M 1 1 16 320
31 83 56 70 2 0 5 0.00 M M 4.4 12 80 M M 2 1 19 60
================================================================================
SM 2630 1981 1 297 2.34 0.0 152.9 M 60
================================================================================
AV 84.8 63.9 4.9 FASTST M M 2 MAX(MPH)
MISC ----> 44 280 62 280
================================================================================
NOTES:
# LAST OF SEVERAL OCCURRENCES
COLUMN 17 PEAK WIND IN M.P.H.
PRELIMINARY LOCAL CLIMATOLOGICAL DATA (WS FORM: F-6) , PAGE 2
STATION: BENTON HARBOR
MONTH: AUGUST
YEAR: 2021
LATITUDE: 42 7 N
LONGITUDE: 86 26 W
[TEMPERATURE DATA] [PRECIPITATION DATA] SYMBOLS USED IN COLUMN 16
AVERAGE MONTHLY: 74.4 TOTAL FOR MONTH: 2.34 1 = FOG OR MIST
DPTR FM NORMAL: 4.3 DPTR FM NORMAL: -1.27 2 = FOG REDUCING VISIBILITY
HIGHEST: 94 ON 24 GRTST 24HR 0.98 ON 24-24 TO 1/4 MILE OR LESS
LOWEST: 51 ON 15, 3 3 = THUNDER
SNOW, ICE PELLETS, HAIL 4 = ICE PELLETS
TOTAL MONTH: 0.0 INCH 5 = HAIL
GRTST 24HR 0.0 6 = FREEZING RAIN OR DRIZZLE
GRTST DEPTH: 0 7 = DUSTSTORM OR SANDSTORM:
VSBY 1/2 MILE OR LESS
8 = SMOKE OR HAZE
[NO. OF DAYS WITH] [WEATHER - DAYS WITH] 9 = BLOWING SNOW
X = TORNADO
MAX 32 OR BELOW: 0 0.01 INCH OR MORE: 7
MAX 90 OR ABOVE: 6 0.10 INCH OR MORE: 5
MIN 32 OR BELOW: 0 0.50 INCH OR MORE: 1
MIN 0 OR BELOW: 0 1.00 INCH OR MORE: 0
[HDD (BASE 65) ]
TOTAL THIS MO. 1 CLEAR (SCALE 0-3) 24
DPTR FM NORMAL -17 PTCLDY (SCALE 4-7) 7
TOTAL FM JUL 1 5 CLOUDY (SCALE 8-10) 0
DPTR FM NORMAL -25
[CDD (BASE 65) ]
TOTAL THIS MO. 297
DPTR FM NORMAL 122 [PRESSURE DATA]
TOTAL FM JAN 1 814 HIGHEST SLP 30.29 ON 14
DPTR FM NORMAL 240 LOWEST SLP 29.73 ON 11
[REMARKS]
#FINAL-08-21#