000
CXUS53 KEAX 010837
CF6CDJ
PRELIMINARY LOCAL CLIMATOLOGICAL DATA (WS FORM: F-6)
STATION: CHILLICOTHE
MONTH: NOVEMBER
YEAR: 2023
LATITUDE: 39 49 N
LONGITUDE: 93 35 W
TEMPERATURE IN F: :PCPN: SNOW: WIND :SUNSHINE: SKY :PK WND
================================================================================
1 2 3 4 5 6A 6B 7 8 9 10 11 12 13 14 15 16 17 18
12Z AVG MX 2MIN
DY MAX MIN AVG DEP HDD CDD WTR SNW DPTH SPD SPD DIR MIN PSBL S-S WX SPD DR
================================================================================
1 47 18 33 -16 32 0 0.00 M M 5.7 17 200 M M 0 25 210
2 61 31 46 -2 19 0 0.00 M M 7.6 16 200 M M 0 23 210
3 63 46 55 7 10 0 0.00 M M 6.3 17 200 M M 0 26 210
4 55 36 46 -2 19 0 0.00 M M 0.7 8 210 M M 0 13 200
5 68 31 50 3 15 0 0.00 M M 4.6 13 180 M M 0 22 140
6 74 47 61 14 4 0 0.00 M M 2.6 13 190 M M 0 19 180
7 75 39 57 11 8 0 0.00 M M 4.5 15 120 M M 0 25 120
8 71 51 61 15 4 0 0.00 M M 3.8 13 340 M M 0 25 340
9 60 33 47 2 18 0 0.00 M M 3.6 12 340 M M 0 25 360
10 54 30 42 -3 23 0 0.00 M M 2.6 12 40 M M 0 17 40
11 53 27 40 -4 25 0 0.00 M M 4.4 10 140 M M 0 18 120
12 67 37 52 8 13 0 0.00 M M 4.6 18 180 M M 0 26 200
13 70 31 51 7 14 0 0.00 M M 1.5 10 60 M M 0 15 60
14 68 30 49 6 16 0 0.00 M M 4.8 17 190 M M 0 24 210
15 71 40 56 13 9 0 0.00 M M 4.6 12 200 M M 0 16 200
16 61 40 51 9 14 0 0.00 M M 7.5 18 190 M M 0 30 180
17 59 30 45 3 20 0 0.00 M M 3.7 16 310 M M 0 28 310
18 64 27 46 4 19 0 0.00 M M 1.6 10 230 M M 0 16 240
19 56 33 45 4 20 0 0.08 M M 2.5 8 110 M M 0 13 160
20 48 42 45 4 20 0 0.43 M M 7.6 17 30 M M 0 23 40
21 45 32 39 -1 26 0 0.00 M M 6.1 14 310 M M 0 25 310
22 49 24 37 -3 28 0 0.00 M M 4.5 12 220 M M 0 16 220
23 50 29 40 0 25 0 0.00 M M 6.5 15 10 M M 0 24 20
24 36 27 32 -7 33 0 0.00 M M 8.2 16 30 M M 0 23 30
25 39 20 30 -9 35 0 0.41 M M 1.7 10 120 M M 0 15 110
26 37 20 29 -9 36 0 0.12 M M 5.5 16 320 M M 0 25 330
27 37 14 26 -12 39 0 0.00 M M 3.5 10 300 M M 0 15 310
28 37 10 24 -14 41 0 0.00 M M 2.9 12 180 M M 0 16 190
29 52 20 36 -1 29 0 0.00 M M 2.0 7 230 M M 0 10 240
30 55 38 47 10 18 0 0.07 M M 5.8 14 30 M M 0 21 20
================================================================================
SM 1682 933 632 0 1.11 M 131.5 M 0
================================================================================
AV 56.1 31.1 4.4 FASTST M M 0 MAX(MPH)
MISC ----> # 18 180 30 180
================================================================================
NOTES:
# LAST OF SEVERAL OCCURRENCES
COLUMN 17 PEAK WIND IN M.P.H.
PRELIMINARY LOCAL CLIMATOLOGICAL DATA (WS FORM: F-6) , PAGE 2
STATION: CHILLICOTHE
MONTH: NOVEMBER
YEAR: 2023
LATITUDE: 39 49 N
LONGITUDE: 93 35 W
[TEMPERATURE DATA] [PRECIPITATION DATA] SYMBOLS USED IN COLUMN 16
AVERAGE MONTHLY: 43.6 TOTAL FOR MONTH: 1.11 1 = FOG OR MIST
DPTR FM NORMAL: 0.9 DPTR FM NORMAL: -1.32 2 = FOG REDUCING VISIBILITY
HIGHEST: 75 ON 7 GRTST 24HR 0.98 ON 3- 3 TO 1/4 MILE OR LESS
LOWEST: 10 ON 28 3 = THUNDER
SNOW, ICE PELLETS, HAIL 4 = ICE PELLETS
TOTAL MONTH: M 5 = HAIL
GRTST 24HR M ON M 6 = FREEZING RAIN OR DRIZZLE
GRTST DEPTH: M ON M 7 = DUSTSTORM OR SANDSTORM:
VSBY 1/2 MILE OR LESS
8 = SMOKE OR HAZE
[NO. OF DAYS WITH] [WEATHER - DAYS WITH] 9 = BLOWING SNOW
X = TORNADO
MAX 32 OR BELOW: 0 0.01 INCH OR MORE: 5
MAX 90 OR ABOVE: 0 0.10 INCH OR MORE: 3
MIN 32 OR BELOW: 18 0.50 INCH OR MORE: 0
MIN 0 OR BELOW: 0 1.00 INCH OR MORE: 0
[HDD (BASE 65) ]
TOTAL THIS MO. 632 CLEAR (SCALE 0-3) 30
DPTR FM NORMAL -38 PTCLDY (SCALE 4-7) 0
TOTAL FM JUL 1 915 CLOUDY (SCALE 8-10) 0
DPTR FM NORMAL -144
[CDD (BASE 65) ]
TOTAL THIS MO. 0
DPTR FM NORMAL -1 [PRESSURE DATA]
TOTAL FM JAN 1 1409 HIGHEST SLP 30.57 ON 24
DPTR FM NORMAL 157 LOWEST SLP 29.61 ON 8
[REMARKS]
#FINAL-11-23#