000
CXUS53 KARX 011326
CF6DEH
PRELIMINARY LOCAL CLIMATOLOGICAL DATA (WS FORM: F-6)
STATION: DECORAH IA
MONTH: JANUARY
YEAR: 2023
LATITUDE: 43 16 N
LONGITUDE: 91 44 W
TEMPERATURE IN F: :PCPN: SNOW: WIND :SUNSHINE: SKY :PK WND
================================================================================
1 2 3 4 5 6A 6B 7 8 9 10 11 12 13 14 15 16 17 18
12Z AVG MX 2MIN
DY MAX MIN AVG DEP HDD CDD WTR SNW DPTH SPD SPD DIR MIN PSBL S-S WX SPD DR
================================================================================
1 37 27 32 M 33 0 0.00 0.0 M 2.1 7 220 M M 7 12 M M
2 32 27 30 M 35 0 0.00 0.0 0 5.2 13 60 M M 4 1 14 20
3 36 30 33 M 32 0 0.19 0.0 0 11.0 20 90 M M 10 1 28 90
4 36 28 32 M 33 0 M M 0 3.2 7 200 M M 10 1 14 190
5 32 18 25 M 40 0 M M M 6.3 15 320 M M 10 1 18 320
6 18 7 13 M 52 0 0.00 0.0 M 4.0 8 340 M M 7 1 M M
7 23 5 14 M 51 0 0.00 0.0 M 1.8 5 190 M M 2 1 M M
8 19 12 16 M 49 0 0.00 0.0 M 4.2 7 220 M M 9 1 M M
9 37 18 28 M 37 0 0.00 0.0 0 6.0 10 150 M M 0 1 17 150
10 32 16 24 M 41 0 0.00 0.0 0 3.2 8 340 M M 7 1 12 270
11 39 25 32 M 33 0 0.00 0.0 0 4.6 10 330 M M 5 1 M M
12 32 23 28 M 37 0 0.00 0.0 0 14.0 18 330 M M 10 1 27 330
13 25 19 22 M 43 0 0.00 0.0 0 8.1 14 10 M M 10 22 10
14 30 19 25 M 40 0 0.00 0.0 0 9.1 15 160 M M 5 1 23 160
15 39 28 34 M 31 0 0.00 0.0 0 11.7 15 170 M M 2 23 170
16 39 36 38 M 27 0 0.18 0.0 0 7.4 14 140 M M 10 12 22 140
17 36 30 33 M 32 0 0.00 0.0 0 7.6 9 300 M M 10 12 20 300
18 32 30 31 M 34 0 M M 0 6.7 16 80 M M 10 1 28 70
19 32 28 30 M 35 0 M M M 9.2 14 330 M M 10 1 23 310
20 28 19 24 M 41 0 0.00 0.0 M 8.9 17 320 M M 10 1 24 320
21 27 16 22 M 43 0 0.00 0.0 M 2.5 6 200 M M 10 12 13 99
22 27 18 23 M 42 0 0.00 0.0 M 4.4 9 350 M M 10 12 M M
23 28 10 19 M 46 0 0.00 0.0 M 5.9 12 240 M M 8 1 18 210
24 27 18 23 M 42 0 0.00 0.0 M 3.9 7 180 M M 8 12 12 99
25 30 21 26 M 39 0 M M M 4.0 9 320 M M 10 1 15 99
26 21 5 13 M 52 0 M M M 7.1 10 310 M M 6 17 310
27 32 10 21 M 44 0 M M M 10.9 17 180 M M 6 18 29 300
28 12 7 10 M 55 0 M M M 7.2 14 360 M M 6 1 18 10
29 7 1 4 M 61 0 M M M 10.8 14 330 M M 6 20 350
30 5 -9 -2 M 67 0 0.00 0.0 M 6.0 15 320 M M 3 21 320
31 9 -11 -1 M 66 0 0.00 0.0 M 5.2 12 240 M M 0 18 220
================================================================================
SM 859 531 1313 0 0.37 0.0 202.2 M 221
================================================================================
AV 27.7 17.1 6.5 FASTST M M 7 MAX(MPH)
MISC ----> 20 90 29 300
================================================================================
NOTES:
# LAST OF SEVERAL OCCURRENCES
COLUMN 17 PEAK WIND IN M.P.H.
PRELIMINARY LOCAL CLIMATOLOGICAL DATA (WS FORM: F-6) , PAGE 2
STATION: DECORAH IA
MONTH: JANUARY
YEAR: 2023
LATITUDE: 43 16 N
LONGITUDE: 91 44 W
[TEMPERATURE DATA] [PRECIPITATION DATA] SYMBOLS USED IN COLUMN 16
AVERAGE MONTHLY: 22.4 TOTAL FOR MONTH: 0.37 1 = FOG OR MIST
DPTR FM NORMAL: 0.0 DPTR FM NORMAL: M 2 = FOG REDUCING VISIBILITY
HIGHEST: 39 ON 16,15 GRTST 24HR 0.96 ON 2- 3 TO 1/4 MILE OR LESS
LOWEST: -11 ON 31 3 = THUNDER
SNOW, ICE PELLETS, HAIL 4 = ICE PELLETS
TOTAL MONTH: 0.0 INCH 5 = HAIL
GRTST 24HR 0.0 6 = FREEZING RAIN OR DRIZZLE
GRTST DEPTH: 0 7 = DUSTSTORM OR SANDSTORM:
VSBY 1/2 MILE OR LESS
8 = SMOKE OR HAZE
[NO. OF DAYS WITH] [WEATHER - DAYS WITH] 9 = BLOWING SNOW
X = TORNADO
MAX 32 OR BELOW: 23 0.01 INCH OR MORE: 2
MAX 90 OR ABOVE: 0 0.10 INCH OR MORE: 2
MIN 32 OR BELOW: 30 0.50 INCH OR MORE: 0
MIN 0 OR BELOW: 2 1.00 INCH OR MORE: 0
[HDD (BASE 65) ]
TOTAL THIS MO. 1313 CLEAR (SCALE 0-3) 4
DPTR FM NORMAL M PTCLDY (SCALE 4-7) 12
TOTAL FM JUL 1 4128 CLOUDY (SCALE 8-10) 15
DPTR FM NORMAL M
[CDD (BASE 65) ]
TOTAL THIS MO. 0
DPTR FM NORMAL M [PRESSURE DATA]
TOTAL FM JAN 1 0 HIGHEST SLP M ON M
DPTR FM NORMAL M LOWEST SLP M ON M
[REMARKS]
#FINAL-01-23#