000
CXUS52 KRAH 010845
CF6FAY
PRELIMINARY LOCAL CLIMATOLOGICAL DATA (WS FORM: F-6)
STATION: FAYETTEVILLE REGL AIRPORT NC
MONTH: MARCH
YEAR: 2021
LATITUDE: 35 0 N
LONGITUDE: 78 53 W
TEMPERATURE IN F: :PCPN: SNOW: WIND :SUNSHINE: SKY :PK WND
================================================================================
1 2 3 4 5 6A 6B 7 8 9 10 11 12 13 14 15 16 17 18
12Z AVG MX 2MIN
DY MAX MIN AVG DEP HDD CDD WTR SNW DPTH SPD SPD DIR MIN PSBL S-S WX SPD DR
================================================================================
1 71 53 62 12 3 0 0.08 M M 11.2 23 220 M M 5 1 31 220
2 53 43 48 -2 17 0 0.00 M M 7.6 21 350 M M 1 26 350
3 65 41 53 2 12 0 T M M 5.1 13 10 M M 6 14 10
4 71 35 53 2 12 0 0.00 M M 9.3 23 310 M M 0 34 320
5 57 36 47 -4 18 0 0.00 M M 7.4 16 20 M M 0 21 10
6 56 37 47 -4 18 0 0.00 M M 4.4 13 290 M M 0 16 310
7 55 32 44 -8 21 0 0.00 M M 7.1 21 20 M M 0 26 20
8 62 27 45 -7 20 0 0.00 M M 4.4 14 320 M M 0 22 320
9 72 32 52 0 13 0 0.00 M M 7.2 16 250 M M 0 20 210
10 74 37 56 3 9 0 0.00 M M 8.1 16 180 M M 0 21 190
11 76 42 59 6 6 0 0.00 M M 9.6 20 220 M M 0 26 200
12 81 49 65 12 0 0 0.00 M M 9.3 20 250 M M 1 25 240
13 68 56 62 9 3 0 T M M 3.7 13 40 M M 10 17 20
14 76 52 64 10 1 0 T M M 6.2 17 350 M M 4 22 350
15 63 49 56 2 9 0 T M M 8.9 17 50 M M 7 25 50
16 49 36 43 -11 22 0 0.81 M M 5.9 15 30 M M 10 1 20 50
17 52 45 49 -6 16 0 0.00 M M 5.6 12 100 M M 10 1 14 100
18 79 50 65 10 0 0 0.21 M M 10.3 33 230 M M 7 1238 47 220
19 64 37 51 -4 14 0 0.22 M M 12.7 31 20 M M 7 1 40 30
20 52 34 43 -13 22 0 0.00 M M 12.9 23 30 M M 6 31 20
21 66 44 55 -1 10 0 0.00 M M 13.7 22 30 M M 6 30 30
22 69 47 58 2 7 0 0.00 M M 14.2 25 20 M M 3 32 20
23 67 51 59 3 6 0 0.00 M M 10.2 16 10 M M 9 21 20
24 75 58 67 10 0 2 0.19 M M 5.8 13 210 M M 7 1 16 240
25 79 56 68 11 0 3 T M M 7.4 20 160 M M 2 1 27 170
26 75 62 69 12 0 4 0.09 M M 10.9 23 220 M M 7 123 27 220
27 85 59 72 14 0 7 0.55 M M 4.8 30 350 M M 8 123 33 360
28 86 61 74 16 0 9 0.42 M M 14.2 39 260 M M 5 123 51 260
29 66 48 57 -1 8 0 0.00 M M 7.4 20 330 M M 0 28 330
30 76 38 57 -1 8 0 0.00 M M 6.0 15 180 M M 3 1 20 150
31 82 60 71 12 0 6 0.43 M M 8.2 28 280 M M 8 13 36 270
================================================================================
SM 2122 1407 275 31 3.00 M 259.7 M 132
================================================================================
AV 68.5 45.4 8.4 FASTST M M 4 MAX(MPH)
MISC ----> 39 260 51 260
================================================================================
NOTES:
# LAST OF SEVERAL OCCURRENCES
COLUMN 17 PEAK WIND IN M.P.H.
PRELIMINARY LOCAL CLIMATOLOGICAL DATA (WS FORM: F-6) , PAGE 2
STATION: FAYETTEVILLE REGL AIRPORT NC
MONTH: MARCH
YEAR: 2021
LATITUDE: 35 0 N
LONGITUDE: 78 53 W
[TEMPERATURE DATA] [PRECIPITATION DATA] SYMBOLS USED IN COLUMN 16
AVERAGE MONTHLY: 56.9 TOTAL FOR MONTH: 3.00 1 = FOG OR MIST
DPTR FM NORMAL: 2.6 DPTR FM NORMAL: -0.55 2 = FOG REDUCING VISIBILITY
HIGHEST: 86 ON 28 GRTST 24HR 0.97 ON 27-28 TO 1/4 MILE OR LESS
LOWEST: 27 ON 8 3 = THUNDER
SNOW, ICE PELLETS, HAIL 4 = ICE PELLETS
TOTAL MONTH: M 5 = HAIL
GRTST 24HR M ON M 6 = FREEZING RAIN OR DRIZZLE
GRTST DEPTH: M ON M 7 = DUSTSTORM OR SANDSTORM:
VSBY 1/2 MILE OR LESS
8 = SMOKE OR HAZE
[NO. OF DAYS WITH] [WEATHER - DAYS WITH] 9 = BLOWING SNOW
X = TORNADO
MAX 32 OR BELOW: 0 0.01 INCH OR MORE: 9
MAX 90 OR ABOVE: 0 0.10 INCH OR MORE: 7
MIN 32 OR BELOW: 3 0.50 INCH OR MORE: 2
MIN 0 OR BELOW: 0 1.00 INCH OR MORE: 0
[HDD (BASE 65) ]
TOTAL THIS MO. 275 CLEAR (SCALE 0-3) 13
DPTR FM NORMAL -69 PTCLDY (SCALE 4-7) 14
TOTAL FM JUL 1 2329 CLOUDY (SCALE 8-10) 4
DPTR FM NORMAL -239
[CDD (BASE 65) ]
TOTAL THIS MO. 31
DPTR FM NORMAL 19 [PRESSURE DATA]
TOTAL FM JAN 1 33 HIGHEST SLP 30.54 ON 8
DPTR FM NORMAL 17 LOWEST SLP 29.58 ON 19
[REMARKS]
#FINAL-03-21#