000
CXUS54 KFWD 010730
CF6GVT
PRELIMINARY LOCAL CLIMATOLOGICAL DATA (WS FORM: F-6)
STATION: GREENVILLE
MONTH: JUNE
YEAR: 2021
LATITUDE: 33 4 N
LONGITUDE: 96 4 W
TEMPERATURE IN F: :PCPN: SNOW: WIND :SUNSHINE: SKY :PK WND
================================================================================
1 2 3 4 5 6A 6B 7 8 9 10 11 12 13 14 15 16 17 18
12Z AVG MX 2MIN
DY MAX MIN AVG DEP HDD CDD WTR SNW DPTH SPD SPD DIR MIN PSBL S-S WX SPD DR
================================================================================
1 73 65 69 -8 0 4 0.92 M M 5.8 13 280 M M 10 1 M M
2 80 59 70 -8 0 5 0.00 M M 4.6 13 320 M M 3 M M
3 82 60 71 -7 0 6 0.00 M M 3.2 7 160 M M 2 1 M M
4 80 64 72 -6 0 7 0.00 M M 4.6 9 150 M M 2 M M
5 86 68 77 -1 0 12 0.37 M M 3.5 9 150 M M 7 138 16 160
6 87 65 76 -3 0 11 1.03 M M 7.5 12 130 M M 4 13 16 150
7 79 69 74 -5 0 9 0.52 M M 7.8 14 180 M M 6 1 17 220
8 84 69 77 -2 0 12 0.42 M M 8.2 15 180 M M 5 1 18 180
9 90 74 82 3 0 17 0.00 M M 8.4 16 180 M M 6 1 17 190
10 89 76 83 3 0 18 0.00 M M 8.9 15 200 M M 7 20 200
11 90 74 82 2 0 17 0.00 M M 10.6 18 200 M M 5 24 200
12 89 68 79 -1 0 14 0.52 M M 5.4 18 300 M M 2 49 210
13 96 71 84 4 0 19 0.00 M M 2.8 8 310 M M 1 18 M M
14 94 74 84 4 0 19 0.00 M M 4.9 9 10 M M 1 M M
15 94 71 83 2 0 18 0.00 M M 2.8 7 70 M M 1 M M
16 94 68 81 0 0 16 0.00 M M 1.9 7 160 M M 0 1 M M
17 95 71 83 2 0 18 0.00 M M 3.3 8 200 M M 0 1 M M
18 91 71 81 0 0 16 0.00 M M 5.2 9 140 M M 1 1 M M
19 92 65 79 -2 0 14 0.00 M M 5.0 12 140 M M 0 1 16 200
20 94 71 83 1 0 18 0.00 M M 11.1 17 170 M M 1 26 150
21 92 68 80 -2 0 15 0.55 M M 10.0 15 180 M M 7 32 20
22 84 65 75 -7 0 10 0.00 M M 6.4 10 100 M M 1 18 80
23 93 69 81 -1 0 16 0.00 M M 8.1 14 140 M M 6 M M
24 94 77 86 4 0 21 0.00 M M 12.5 22 190 M M 2 27 190
25 94 77 86 4 0 21 0.00 M M 12.0 17 180 M M 6 8 23 160
26 93 76 85 2 0 20 0.00 M M 12.3 20 160 M M 6 24 160
27 90 72 81 -2 0 16 0.13 M M 8.2 17 150 M M 4 31 140
28 85 71 78 -5 0 13 0.11 M M 6.3 20 130 M M 6 1 39 130
29 87 73 80 -3 0 15 0.15 M M 7.1 13 150 M M 7 1 M M
30 90 71 81 -2 0 16 0.07 M M 3.5 8 140 M M 3 M M
================================================================================
SM 2661 2092 0 433 4.79 M 201.9 M 112
================================================================================
AV 88.7 69.7 6.7 FASTST M M 4 MAX(MPH)
MISC ----> 22 190 49 210
================================================================================
NOTES:
# LAST OF SEVERAL OCCURRENCES
COLUMN 17 PEAK WIND IN M.P.H.
PRELIMINARY LOCAL CLIMATOLOGICAL DATA (WS FORM: F-6) , PAGE 2
STATION: GREENVILLE
MONTH: JUNE
YEAR: 2021
LATITUDE: 33 4 N
LONGITUDE: 96 4 W
[TEMPERATURE DATA] [PRECIPITATION DATA] SYMBOLS USED IN COLUMN 16
AVERAGE MONTHLY: 79.2 TOTAL FOR MONTH: 4.79 1 = FOG OR MIST
DPTR FM NORMAL: -1.4 DPTR FM NORMAL: 0.61 2 = FOG REDUCING VISIBILITY
HIGHEST: 96 ON 13 GRTST 24HR 1.03 ON 6- 6 TO 1/4 MILE OR LESS
LOWEST: 59 ON 2 3 = THUNDER
SNOW, ICE PELLETS, HAIL 4 = ICE PELLETS
TOTAL MONTH: M 5 = HAIL
GRTST 24HR M ON M 6 = FREEZING RAIN OR DRIZZLE
GRTST DEPTH: M ON M 7 = DUSTSTORM OR SANDSTORM:
VSBY 1/2 MILE OR LESS
8 = SMOKE OR HAZE
[NO. OF DAYS WITH] [WEATHER - DAYS WITH] 9 = BLOWING SNOW
X = TORNADO
MAX 32 OR BELOW: 0 0.01 INCH OR MORE: 11
MAX 90 OR ABOVE: 17 0.10 INCH OR MORE: 10
MIN 32 OR BELOW: 0 0.50 INCH OR MORE: 5
MIN 0 OR BELOW: 0 1.00 INCH OR MORE: 1
[HDD (BASE 65) ]
TOTAL THIS MO. 0 CLEAR (SCALE 0-3) 15
DPTR FM NORMAL 0 PTCLDY (SCALE 4-7) 14
TOTAL FM JUL 1 2364 CLOUDY (SCALE 8-10) 1
DPTR FM NORMAL -39
[CDD (BASE 65) ]
TOTAL THIS MO. 433
DPTR FM NORMAL -35 [PRESSURE DATA]
TOTAL FM JAN 1 661 HIGHEST SLP M ON M
DPTR FM NORMAL -192 LOWEST SLP M ON M
[REMARKS]
#FINAL-06-21#