000
CXUS52 KMHX 012130
CF6HSE
PRELIMINARY LOCAL CLIMATOLOGICAL DATA (WS FORM: F-6)
STATION: CAPE HATTERAS NC
MONTH: DECEMBER
YEAR: 2023
LATITUDE: 35 13 N
LONGITUDE: 75 37 W
TEMPERATURE IN F: :PCPN: SNOW: WIND :SUNSHINE: SKY :PK WND
================================================================================
1 2 3 4 5 6A 6B 7 8 9 10 11 12 13 14 15 16 17 18
12Z AVG MX 2MIN
DY MAX MIN AVG DEP HDD CDD WTR SNW DPTH SPD SPD DIR MIN PSBL S-S WX SPD DR
================================================================================
1 70 42 56 1 9 0 0.00 0.0 0 9.3 21 190 M M 4 30 200
2 70 64 67 12 0 2 0.01 0.0 0 7.1 16 200 M M 8 1 23 200
3 71 63 67 13 0 2 0.43 0.0 0 7.8 15 240 M M 3 1 24 240
4 66 44 55 1 10 0 0.00 0.0 0 4.1 13 270 M M 0 20 250
5 59 44 52 -2 13 0 0.00 0.0 0 7.2 14 40 M M 2 26 10
6 54 43 49 -5 16 0 0.02 0.0 0 8.4 16 330 M M 3 1 32 350
7 49 41 45 -9 20 0 0.00 0.0 0 6.7 13 250 M M 0 24 330
8 57 44 51 -3 14 0 0.00 0.0 0 4.2 9 290 M M 0 18 270
9 68 44 56 3 9 0 0.00 0.0 0 4.3 14 180 M M 6 1 18 180
10 71 64 68 15 0 3 0.99 0.0 0 17.1 30 190 M M 7 138 40 180
11 71 44 58 5 7 0 1.44 0.0 0 10.0 26 300 M M 8 13 39 310
12 52 41 47 -6 18 0 0.00 0.0 0 4.9 10 30 M M 0 8 17 40
13 54 38 46 -7 19 0 0.00 0.0 0 3.8 7 20 M M 0 13 20
14 50 43 47 -5 18 0 0.00 0.0 0 8.5 15 30 M M 0 26 360
15 52 38 45 -7 20 0 0.00 0.0 0 3.9 8 320 M M 0 11 360
16 61 37 49 -3 16 0 0.00 0.0 0 5.8 10 40 M M 1 16 50
17 71 53 62 10 3 0 1.69 0.0 0 23.7 47 140 M M 9 18 64 160
18 72 53 63 11 2 0 0.11 0.0 0 15.0 44 170 M M 5 18 63 170
19 53 40 47 -5 18 0 0.00 0.0 0 9.9 22 310 M M 2 34 310
20 46 39 43 -8 22 0 0.00 0.0 0 6.9 10 10 M M 1 20 10
21 52 43 48 -3 17 0 0.00 0.0 0 5.8 10 20 M M 0 18 360
22 52 40 46 -5 19 0 0.00 0.0 0 4.2 9 40 M M 0 15 40
23 59 42 51 0 14 0 0.00 0.0 0 5.5 10 70 M M 0 15 60
24 65 47 56 5 9 0 0.00 0.0 0 4.7 8 70 M M 0 12 30
25 67 52 60 10 5 0 0.00 0.0 0 6.3 12 80 M M 4 17 50
26 68 55 62 12 3 0 0.00 0.0 0 8.0 16 120 M M 6 18 22 110
27 63 57 60 10 5 0 2.38 0.0 0 11.8 23 130 M M 9 1 32 140
28 59 52 56 6 9 0 0.00 0.0 0 7.5 12 260 M M 4 1 22 260
29 57 44 51 1 14 0 0.00 0.0 0 8.7 21 240 M M 3 18 35 240
30 49 43 46 -4 19 0 0.00 0.0 0 10.6 17 270 M M 2 30 260
31 52 41 47 -3 18 0 0.00 0.0 0 5.7 12 290 M M 0 19 270
================================================================================
SM 1860 1435 366 7 7.07 0.0 247.4 M 87
================================================================================
AV 60.0 46.3 8.0 FASTST M M 3 MAX(MPH)
MISC ----> 47 140 64 160
================================================================================
NOTES:
# LAST OF SEVERAL OCCURRENCES
COLUMN 17 PEAK WIND IN M.P.H.
PRELIMINARY LOCAL CLIMATOLOGICAL DATA (WS FORM: F-6) , PAGE 2
STATION: CAPE HATTERAS NC
MONTH: DECEMBER
YEAR: 2023
LATITUDE: 35 13 N
LONGITUDE: 75 37 W
[TEMPERATURE DATA] [PRECIPITATION DATA] SYMBOLS USED IN COLUMN 16
AVERAGE MONTHLY: 53.1 TOTAL FOR MONTH: 7.07 1 = FOG OR MIST
DPTR FM NORMAL: 1.0 DPTR FM NORMAL: 2.34 2 = FOG REDUCING VISIBILITY
HIGHEST: 72 ON 18 GRTST 24HR 2.43 ON 10-11 TO 1/4 MILE OR LESS
LOWEST: 37 ON 16 3 = THUNDER
SNOW, ICE PELLETS, HAIL 4 = ICE PELLETS
TOTAL MONTH: 0.0 INCH 5 = HAIL
GRTST 24HR 0.0 6 = FREEZING RAIN OR DRIZZLE
GRTST DEPTH: 0 7 = DUSTSTORM OR SANDSTORM:
VSBY 1/2 MILE OR LESS
8 = SMOKE OR HAZE
[NO. OF DAYS WITH] [WEATHER - DAYS WITH] 9 = BLOWING SNOW
X = TORNADO
MAX 32 OR BELOW: 0 0.01 INCH OR MORE: 8
MAX 90 OR ABOVE: 0 0.10 INCH OR MORE: 6
MIN 32 OR BELOW: 0 0.50 INCH OR MORE: 4
MIN 0 OR BELOW: 0 1.00 INCH OR MORE: 3
[HDD (BASE 65) ]
TOTAL THIS MO. 366 CLEAR (SCALE 0-3) 19
DPTR FM NORMAL -40 PTCLDY (SCALE 4-7) 10
TOTAL FM JUL 1 639 CLOUDY (SCALE 8-10) 2
DPTR FM NORMAL -32
[CDD (BASE 65) ]
TOTAL THIS MO. 7
DPTR FM NORMAL 1 [PRESSURE DATA]
TOTAL FM JAN 1 1587 HIGHEST SLP 30.70 ON 14
DPTR FM NORMAL -540 LOWEST SLP 29.06 ON 18
[REMARKS]
#FINAL-12-23#