000
CXUS53 KICT 021529
CF6ICT
PRELIMINARY LOCAL CLIMATOLOGICAL DATA (WS FORM: F-6)
STATION: WICHITA EISENHOWER NATIONAL
MONTH: AUGUST
YEAR: 2020
LATITUDE: 37 39 N
LONGITUDE: 97 25 W
TEMPERATURE IN F: :PCPN: SNOW: WIND :SUNSHINE: SKY :PK WND
================================================================================
1 2 3 4 5 6A 6B 7 8 9 10 11 12 13 14 15 16 17 18
12Z AVG MX 2MIN
DY MAX MIN AVG DEP HDD CDD WTR SNW DPTH SPD SPD DIR MIN PSBL S-S WX SPD DR
================================================================================
1 87 64 76 -5 0 11 0.00 0.0 0 6.4 14 10 M M 5 26 340
2 84 68 76 -5 0 11 0.00 0.0 0 10.5 20 360 M M 3 34 330
3 84 61 73 -8 0 8 0.00 0.0 0 8.5 16 40 M M 3 27 10
4 82 61 72 -9 0 7 0.00 0.0 0 9.4 16 110 M M 4 23 110
5 87 63 75 -6 0 10 0.03 0.0 0 8.6 17 110 M M 4 22 110
6 83 68 76 -5 0 11 0.00 0.0 0 10.4 18 190 M M 5 23 150
7 94 73 84 3 0 19 0.02 0.0 0 18.0 31 170 M M 5 13 40 170
8 99 75 87 6 0 22 0.00 0.0 0 15.0 24 190 M M 4 33 200
9 100 76 88 7 0 23 0.01 0.0 0 13.2 23 180 M M 5 29 180
10 90 71 81 0 0 16 0.71 0.0 0 10.9 32 280 M M 8 3 44 280
11 89 70 80 -1 0 15 T 0.0 0 10.0 32 220 M M 4 41 230
12 89 70 80 -1 0 15 0.03 0.0 0 10.4 25 110 M M 7 13 32 110
13 92 72 82 1 0 17 T 0.0 0 10.3 21 150 M M 6 29 120
14 93 74 84 3 0 19 0.00 0.0 0 7.8 17 130 M M 4 23 120
15 98 75 87 7 0 22 0.00 0.0 0 9.3 21 90 M M 6 35 50
16 87 70 79 -1 0 14 0.00 0.0 0 7.4 30 30 M M 7 36 30
17 95 68 82 2 0 17 0.00 0.0 0 7.9 18 30 M M 3 25 30
18 90 60 75 -5 0 10 T 0.0 0 4.8 14 90 M M 3 8 17 80
19 87 61 74 -6 0 9 0.00 0.0 0 6.2 14 150 M M 4 17 100
20 89 61 75 -5 0 10 0.00 0.0 0 7.2 14 150 M M 3 21 190
21 84 63 74 -6 0 9 T 0.0 0 6.9 17 180 M M 4 21 190
22 93 61 77 -3 0 12 0.00 0.0 0 7.8 16 140 M M 1 8 22 210
23 95 61 78 -1 0 13 0.00 0.0 0 8.6 18 210 M M 1 23 200
24 96 62 79 0 0 14 0.00 0.0 0 9.2 17 200 M M 0 18 25 190
25 95 65 80 1 0 15 0.00 0.0 0 8.5 18 180 M M 1 8 27 180
26 95 65 80 1 0 15 0.00 0.0 0 10.2 23 160 M M 2 30 200
27 93 65 79 1 0 14 0.00 0.0 0 8.0 18 190 M M 2 32 190
28 99 67 83 5 0 18 0.00 0.0 0 7.5 15 130 M M 2 18 22 150
29 82 69 76 -2 0 11 0.25 0.0 0 10.4 26 290 M M 7 13 36 30
30 87 66 77 -1 0 12 0.00 0.0 0 7.6 16 140 M M 4 23 130
31 83 68 76 -1 0 11 0.00 0.0 0 11.3 22 360 M M 7 28 20
================================================================================
SM 2801 2073 0 430 1.05 0.0 288.2 M 124
================================================================================
AV 90.4 66.9 9.3 FASTST M M 4 MAX(MPH)
MISC ----> # 32 280 44 280
================================================================================
NOTES:
# LAST OF SEVERAL OCCURRENCES
COLUMN 17 PEAK WIND IN M.P.H.
PRELIMINARY LOCAL CLIMATOLOGICAL DATA (WS FORM: F-6) , PAGE 2
STATION: WICHITA EISENHOWER NATIONAL
MONTH: AUGUST
YEAR: 2020
LATITUDE: 37 39 N
LONGITUDE: 97 25 W
[TEMPERATURE DATA] [PRECIPITATION DATA] SYMBOLS USED IN COLUMN 16
AVERAGE MONTHLY: 78.6 TOTAL FOR MONTH: 1.05 1 = FOG OR MIST
DPTR FM NORMAL: -1.4 DPTR FM NORMAL: -2.66 2 = FOG REDUCING VISIBILITY
HIGHEST: 100 ON 9 GRTST 24HR 0.71 ON 10-10 TO 1/4 MILE OR LESS
LOWEST: 60 ON 18 3 = THUNDER
SNOW, ICE PELLETS, HAIL 4 = ICE PELLETS
TOTAL MONTH: 0.0 INCH 5 = HAIL
GRTST 24HR 0.0 6 = FREEZING RAIN OR DRIZZLE
GRTST DEPTH: 0 7 = DUSTSTORM OR SANDSTORM:
VSBY 1/2 MILE OR LESS
8 = SMOKE OR HAZE
[NO. OF DAYS WITH] [WEATHER - DAYS WITH] 9 = BLOWING SNOW
X = TORNADO
MAX 32 OR BELOW: 0 0.01 INCH OR MORE: 6
MAX 90 OR ABOVE: 16 0.10 INCH OR MORE: 2
MIN 32 OR BELOW: 0 0.50 INCH OR MORE: 1
MIN 0 OR BELOW: 0 1.00 INCH OR MORE: 0
[HDD (BASE 65) ]
TOTAL THIS MO. 0 CLEAR (SCALE 0-3) 11
DPTR FM NORMAL -1 PTCLDY (SCALE 4-7) 20
TOTAL FM JUL 1 0 CLOUDY (SCALE 8-10) 0
DPTR FM NORMAL 0
[CDD (BASE 65) ]
TOTAL THIS MO. 430
DPTR FM NORMAL -35 [PRESSURE DATA]
TOTAL FM JAN 1 1550 HIGHEST SLP 30.19 ON 16
DPTR FM NORMAL 123 LOWEST SLP 29.62 ON 31
[REMARKS]
#FINAL-08-20#