000
CXUS54 KFWD 072148
CF6INJ
PRELIMINARY LOCAL CLIMATOLOGICAL DATA (WS FORM: F-6)
STATION: HILLSBORO
MONTH: JUNE
YEAR: 2022
LATITUDE: 32 0 N
LONGITUDE: 97 6 W
TEMPERATURE IN F: :PCPN: SNOW: WIND :SUNSHINE: SKY :PK WND
================================================================================
1 2 3 4 5 6A 6B 7 8 9 10 11 12 13 14 15 16 17 18
12Z AVG MX 2MIN
DY MAX MIN AVG DEP HDD CDD WTR SNW DPTH SPD SPD DIR MIN PSBL S-S WX SPD DR
================================================================================
1 93 75 84 7 0 19 0.00 M M 7.7 13 150 M M 6 25 90
2 87 66 77 0 0 12 0.04 M M 8.3 20 310 M M 2 32 310
3 86 67 77 -1 0 12 0.10 M M 6.2 12 70 M M 4 24 40
4 88 67 78 0 0 13 0.03 M M 5.1 10 110 M M 3 16 110
5 93 72 83 5 0 18 0.00 M M 12.2 18 150 M M 0 25 160
6 97 75 86 8 0 21 0.00 M M 15.9 21 160 M M 2 26 150
7 96 76 86 8 0 21 0.00 M M 13.3 17 130 M M 3 25 170
8 92 75 84 6 0 19 0.00 M M 9.4 17 170 M M 3 24 170
9 96 75 86 7 0 21 0.00 M M 7.0 12 110 M M 4 1 16 120
10 100 73 87 8 0 22 0.00 M M 5.7 14 110 M M 0 17 110
11 101 76 89 10 0 24 0.00 M M 8.9 14 220 M M 0 18 200
12 M M M M M M 0.00 M M M M M M M M M M
13 100 77 89 10 0 24 0.00 M M 16.0 22 150 M M 0 8 26 200
14 98 77 88 8 0 23 0.00 M M 18.7 25 160 M M 2 36 150
15 98 78 88 8 0 23 0.00 M M 15.3 22 180 M M 3 31 180
16 99 76 88 8 0 23 0.00 M M 8.9 14 150 M M 0 23 150
17 99 75 87 7 0 22 0.00 M M 6.5 12 100 M M 1 18 160
18 98 76 87 7 0 22 0.00 M M 6.4 13 140 M M 1 21 110
19 100 76 88 8 0 23 0.00 M M 5.9 16 140 M M 2 22 140
20 101 75 88 8 0 23 0.00 M M 8.9 15 100 M M 1 21 180
21 100 80 90 9 0 25 0.00 M M 8.2 13 130 M M 0 20 130
22 100 78 89 8 0 24 0.00 M M 5.4 13 110 M M 1 18 110
23 99 78 89 8 0 24 0.00 M M 4.4 6 210 M M 0 M M
24 102 M M M M M 0.00 M M 11.5 12 160 M M 0 21 160
25 M M M M M M M M M M M M M M M M M
26 83 79 81 0 0 16 0.60 M M 10.7 21 330 M M 5 3 10 10
27 97 74 86 5 0 21 0.00 M M 7.8 17 90 M M 2 26 90
28 94 74 84 2 0 19 0.00 M M 7.9 15 50 M M 2 23 360
29 96 71 84 2 0 19 0.00 M M 7.5 13 90 M M 0 18 20
30 99 75 87 5 0 22 0.00 M M 7.5 14 130 M M 1 20 130
================================================================================
SM 2692 2016 0 555 0.77 M 257.2 M 48
================================================================================
AV 96.1 74.7 9.2 FASTST M M 2 MAX(MPH)
MISC ----> 25 160 36 150
================================================================================
NOTES:
# LAST OF SEVERAL OCCURRENCES
COLUMN 17 PEAK WIND IN M.P.H.
PRELIMINARY LOCAL CLIMATOLOGICAL DATA (WS FORM: F-6) , PAGE 2
STATION: HILLSBORO
MONTH: JUNE
YEAR: 2022
LATITUDE: 32 0 N
LONGITUDE: 97 6 W
[TEMPERATURE DATA] [PRECIPITATION DATA] SYMBOLS USED IN COLUMN 16
AVERAGE MONTHLY: 85.4 TOTAL FOR MONTH: 0.77 1 = FOG OR MIST
DPTR FM NORMAL: 5.7 DPTR FM NORMAL: -3.57 2 = FOG REDUCING VISIBILITY
HIGHEST: 102 ON 24 GRTST 24HR 0.60 ON 26-26 TO 1/4 MILE OR LESS
LOWEST: 66 ON 2 3 = THUNDER
SNOW, ICE PELLETS, HAIL 4 = ICE PELLETS
TOTAL MONTH: M 5 = HAIL
GRTST 24HR M ON M 6 = FREEZING RAIN OR DRIZZLE
GRTST DEPTH: M ON M 7 = DUSTSTORM OR SANDSTORM:
VSBY 1/2 MILE OR LESS
8 = SMOKE OR HAZE
[NO. OF DAYS WITH] [WEATHER - DAYS WITH] 9 = BLOWING SNOW
X = TORNADO
MAX 32 OR BELOW: 0 0.01 INCH OR MORE: 4
MAX 90 OR ABOVE: 24 0.10 INCH OR MORE: 2
MIN 32 OR BELOW: 0 0.50 INCH OR MORE: 1
MIN 0 OR BELOW: 0 1.00 INCH OR MORE: 0
[HDD (BASE 65) ]
TOTAL THIS MO. 0 CLEAR (SCALE 0-3) 24
DPTR FM NORMAL 0 PTCLDY (SCALE 4-7) 4
TOTAL FM JUL 1 1715 CLOUDY (SCALE 8-10) 2
DPTR FM NORMAL -499
[CDD (BASE 65) ]
TOTAL THIS MO. 555
DPTR FM NORMAL 115 [PRESSURE DATA]
TOTAL FM JAN 1 1147 HIGHEST SLP M ON M
DPTR FM NORMAL 311 LOWEST SLP M ON M
[REMARKS]
#FINAL-06-22#