000
CXUS54 KMAF 012022
CF6INK
PRELIMINARY LOCAL CLIMATOLOGICAL DATA (WS FORM: F-6)
STATION: WINK
MONTH: AUGUST
YEAR: 2022
LATITUDE: 31 46 N
LONGITUDE: 103 12 W
TEMPERATURE IN F: :PCPN: SNOW: WIND :SUNSHINE: SKY :PK WND
================================================================================
1 2 3 4 5 6A 6B 7 8 9 10 11 12 13 14 15 16 17 18
12Z AVG MX 2MIN
DY MAX MIN AVG DEP HDD CDD WTR SNW DPTH SPD SPD DIR MIN PSBL S-S WX SPD DR
================================================================================
1 102 76 89 4 0 24 0.00 M M 14.2 24 150 M M 0 28 150
2 102 76 89 4 0 24 0.00 M M 13.2 22 140 M M 0 27 140
3 106 78 92 7 0 27 0.00 M M 11.5 20 150 M M 0 24 150
4 103 79 91 6 0 26 0.00 M M 9.8 20 120 M M 0 26 150
5 102 78 90 5 0 25 0.00 M M 11.6 22 130 M M 0 30 140
6 98 75 87 2 0 22 0.00 M M 13.6 28 140 M M 0 33 160
7 97 75 86 1 0 21 0.00 M M 13.4 22 130 M M 0 32 140
8 99 76 88 3 0 23 0.00 M M 13.0 22 160 M M 0 26 150
9 98 74 86 1 0 21 0.00 M M 10.8 21 120 M M 0 27 150
10 92 75 84 -1 0 19 0.00 M M 10.0 33 100 M M 0 3 39 100
11 96 72 84 0 0 19 T M M 10.2 28 330 M M 2 3 35 320
12 98 68 83 -1 0 18 0.00 M M 5.6 18 70 M M 1 22 70
13 97 74 86 2 0 21 0.00 M M 7.1 14 140 M M 1 16 80
14 99 75 87 3 0 22 0.00 M M 8.2 16 100 M M 1 24 70
15 91 73 82 -2 0 17 0.00 M M 13.9 24 140 M M 0 30 150
16 80 69 75 -9 0 10 0.69 M M 9.1 24 160 M M 4 138 32 140
17 89 71 80 -4 0 15 0.00 M M 9.3 23 80 M M 2 3 27 90
18 91 72 82 -2 0 17 0.00 M M 8.9 17 80 M M 3 22 80
19 93 70 82 -2 0 17 0.07 M M 7.4 32 120 M M 2 3 38 120
20 91 70 81 -2 0 16 1.02 M M 9.7 30 230 M M 4 13 37 210
21 87 70 79 -4 0 14 T M M 7.0 16 310 M M 1 1 20 300
22 86 70 78 -5 0 13 0.00 M M 11.0 22 40 M M 5 26 50
23 87 70 79 -4 0 14 0.00 M M 7.9 15 60 M M 5 19 70
24 90 69 80 -3 0 15 0.00 M M 7.7 18 60 M M 1 24 60
25 87 71 79 -3 0 14 0.01 M M 8.4 17 350 M M 5 3 22 330
26 91 69 80 -2 0 15 0.00 M M 7.3 17 170 M M 1 21 150
27 95 70 83 1 0 18 0.00 M M 10.1 17 160 M M 0 23 140
28 99 70 85 3 0 20 T M M 12.7 39 110 M M 1 38 52 140
29 94 67 81 -1 0 16 0.19 M M 10.8 33 360 M M 2 13 39 10
30 82 66 74 -7 0 9 0.34 M M 10.8 23 40 M M 6 1 29 90
31 76 68 72 -9 0 7 0.44 M M 6.5 15 80 M M 7 138 17 90
================================================================================
SM 2898 2236 0 559 2.76 M 310.7 M 54
================================================================================
AV 93.5 72.1 10.0 FASTST M M 2 MAX(MPH)
MISC ----> 39 110 52 140
================================================================================
NOTES:
# LAST OF SEVERAL OCCURRENCES
COLUMN 17 PEAK WIND IN M.P.H.
PRELIMINARY LOCAL CLIMATOLOGICAL DATA (WS FORM: F-6) , PAGE 2
STATION: WINK
MONTH: AUGUST
YEAR: 2022
LATITUDE: 31 46 N
LONGITUDE: 103 12 W
[TEMPERATURE DATA] [PRECIPITATION DATA] SYMBOLS USED IN COLUMN 16
AVERAGE MONTHLY: 82.8 TOTAL FOR MONTH: 2.76 1 = FOG OR MIST
DPTR FM NORMAL: -0.8 DPTR FM NORMAL: 1.38 2 = FOG REDUCING VISIBILITY
HIGHEST: 106 ON 3 GRTST 24HR 1.06 ON 19-20 TO 1/4 MILE OR LESS
LOWEST: 66 ON 30 3 = THUNDER
SNOW, ICE PELLETS, HAIL 4 = ICE PELLETS
TOTAL MONTH: 0.0 INCH 5 = HAIL
GRTST 24HR M ON M 6 = FREEZING RAIN OR DRIZZLE
GRTST DEPTH: 0 7 = DUSTSTORM OR SANDSTORM:
VSBY 1/2 MILE OR LESS
8 = SMOKE OR HAZE
[NO. OF DAYS WITH] [WEATHER - DAYS WITH] 9 = BLOWING SNOW
X = TORNADO
MAX 32 OR BELOW: 0 0.01 INCH OR MORE: 7
MAX 90 OR ABOVE: 23 0.10 INCH OR MORE: 5
MIN 32 OR BELOW: 0 0.50 INCH OR MORE: 2
MIN 0 OR BELOW: 0 1.00 INCH OR MORE: 1
[HDD (BASE 65) ]
TOTAL THIS MO. 0 CLEAR (SCALE 0-3) 24
DPTR FM NORMAL 0 PTCLDY (SCALE 4-7) 7
TOTAL FM JUL 1 0 CLOUDY (SCALE 8-10) 0
DPTR FM NORMAL 0
[CDD (BASE 65) ]
TOTAL THIS MO. 559
DPTR FM NORMAL -17 [PRESSURE DATA]
TOTAL FM JAN 1 2413 HIGHEST SLP 30.06 ON 31
DPTR FM NORMAL 219 LOWEST SLP 29.58 ON 28
[REMARKS]
#FINAL-08-22#