000
CXUS53 KIND 010600
CF6LAF
PRELIMINARY LOCAL CLIMATOLOGICAL DATA (WS FORM: F-6)
STATION: LAFAYETTE IN
MONTH: JULY
YEAR: 2023
LATITUDE: 40 25 N
LONGITUDE: 86 56 W
TEMPERATURE IN F: :PCPN: SNOW: WIND :SUNSHINE: SKY :PK WND
================================================================================
1 2 3 4 5 6A 6B 7 8 9 10 11 12 13 14 15 16 17 18
12Z AVG MX 2MIN
DY MAX MIN AVG DEP HDD CDD WTR SNW DPTH SPD SPD DIR MIN PSBL S-S WX SPD DR
================================================================================
1 85 69 77 4 0 12 0.71 M M 3.6 16 240 M M 5 13 28 240
2 85 67 76 2 0 11 0.02 M M 6.4 18 290 M M 7 138 25 210
3 87 65 76 2 0 11 0.01 M M 6.7 15 340 M M 4 1 22 320
4 90 64 77 3 0 12 0.00 M M 3.0 13 290 M M 1 18 17 290
5 90 67 79 5 0 14 0.28 M M 4.4 25 280 M M 1 13 34 260
6 85 68 77 3 0 12 0.00 M M 5.0 16 360 M M 6 1 23 290
7 83 60 72 -2 0 7 0.00 M M 2.1 13 290 M M 2 12 17 290
8 76 59 68 -6 0 3 1.07 M M 5.3 17 350 M M 7 13 23 340
9 82 56 69 -5 0 4 0.00 M M 2.3 12 280 M M 1 12 16 290
10 83 57 70 -4 0 5 0.00 M M 3.6 12 270 M M 2 12 17 270
11 86 61 74 0 0 9 0.00 M M 5.3 17 230 M M 0 1 27 260
12 84 70 77 3 0 12 0.00 M M 4.2 15 200 M M 3 26 180
13 79 64 72 -2 0 7 0.00 M M 3.7 14 340 M M 5 1 21 330
14 89 60 75 1 0 10 0.00 M M 3.7 12 190 M M 1 12 17 180
15 83 67 75 1 0 10 1.72 M M 5.6 29 320 M M 6 13 43 320
16 83 63 73 -1 0 8 0.00 M M 5.2 15 270 M M 5 18 21 250
17 80 63 72 -2 0 7 T M M 3.9 13 290 M M 5 1238 16 280
18 80 62 71 -3 0 6 T M M 3.4 10 330 M M 3 1 14 20
19 83 56 70 -4 0 5 0.00 M M 1.1 9 200 M M 1 13 230
20 87 66 77 3 0 12 0.96 M M 6.0 29 160 M M 5 13 48 150
21 80 60 70 -4 0 5 0.00 M M 5.6 13 350 M M 3 1 21 360
22 82 58 70 -4 0 5 0.00 M M 1.6 9 290 M M 2 12 280
23 83 58 71 -3 0 6 0.17 M M 3.6 14 290 M M 2 13 19 300
24 86 65 76 2 0 11 0.00 M M 2.5 12 360 M M 1 1 18 310
25 86 63 75 1 0 10 0.00 M M 2.5 10 150 M M 0 18 15 170
26 89 71 80 6 0 15 T M M 6.4 20 220 M M 3 3 30 230
27 94 72 83 10 0 18 0.00 M M 2.6 9 230 M M 1 1 13 230
28 90 70 80 7 0 15 0.56 M M 5.0 25 260 M M 2 13 42 270
29 83 65 74 1 0 9 0.97 M M 6.9 36 310 M M 5 13 51 320
30 84 61 73 0 0 8 0.00 M M 4.6 15 280 M M 1 1 23 290
31 81 56 69 -4 0 4 0.00 M M 3.8 13 10 M M 0 19 360
================================================================================
SM 2618 1963 0 283 6.47 M 129.6 M 90
================================================================================
AV 84.5 63.3 4.2 FASTST M M 3 MAX(MPH)
MISC ----> 36 310 51 320
================================================================================
NOTES:
# LAST OF SEVERAL OCCURRENCES
COLUMN 17 PEAK WIND IN M.P.H.
PRELIMINARY LOCAL CLIMATOLOGICAL DATA (WS FORM: F-6) , PAGE 2
STATION: LAFAYETTE IN
MONTH: JULY
YEAR: 2023
LATITUDE: 40 25 N
LONGITUDE: 86 56 W
[TEMPERATURE DATA] [PRECIPITATION DATA] SYMBOLS USED IN COLUMN 16
AVERAGE MONTHLY: 73.9 TOTAL FOR MONTH: 6.47 1 = FOG OR MIST
DPTR FM NORMAL: 0.3 DPTR FM NORMAL: 2.39 2 = FOG REDUCING VISIBILITY
HIGHEST: 94 ON 27 GRTST 24HR 1.72 ON 15-15 TO 1/4 MILE OR LESS
LOWEST: 56 ON 31,19 3 = THUNDER
SNOW, ICE PELLETS, HAIL 4 = ICE PELLETS
TOTAL MONTH: M 5 = HAIL
GRTST 24HR M ON M 6 = FREEZING RAIN OR DRIZZLE
GRTST DEPTH: M ON M 7 = DUSTSTORM OR SANDSTORM:
VSBY 1/2 MILE OR LESS
8 = SMOKE OR HAZE
[NO. OF DAYS WITH] [WEATHER - DAYS WITH] 9 = BLOWING SNOW
X = TORNADO
MAX 32 OR BELOW: 0 0.01 INCH OR MORE: 10
MAX 90 OR ABOVE: 4 0.10 INCH OR MORE: 8
MIN 32 OR BELOW: 0 0.50 INCH OR MORE: 6
MIN 0 OR BELOW: 0 1.00 INCH OR MORE: 2
[HDD (BASE 65) ]
TOTAL THIS MO. 0 CLEAR (SCALE 0-3) 17
DPTR FM NORMAL -3 PTCLDY (SCALE 4-7) 14
TOTAL FM JUL 1 0 CLOUDY (SCALE 8-10) 0
DPTR FM NORMAL 0
[CDD (BASE 65) ]
TOTAL THIS MO. 283
DPTR FM NORMAL 13 [PRESSURE DATA]
TOTAL FM JAN 1 536 HIGHEST SLP M ON M
DPTR FM NORMAL -1 LOWEST SLP 29.70 ON 2
[REMARKS]
#FINAL-07-23#