000
CXUS54 KBRO 010900
CF6MFE
PRELIMINARY LOCAL CLIMATOLOGICAL DATA (WS FORM: F-6)
STATION: MCALLEN
MONTH: JULY
YEAR: 2020
LATITUDE: 26 10 N
LONGITUDE: 98 14 W
TEMPERATURE IN F: :PCPN: SNOW: WIND :SUNSHINE: SKY :PK WND
================================================================================
1 2 3 4 5 6A 6B 7 8 9 10 11 12 13 14 15 16 17 18
12Z AVG MX 2MIN
DY MAX MIN AVG DEP HDD CDD WTR SNW DPTH SPD SPD DIR MIN PSBL S-S WX SPD DR
================================================================================
1 98 80 89 3 0 24 0.00 0.0 0 15.7 24 130 M M 5 18 31 140
2 98 77 88 2 0 23 0.00 0.0 0 14.6 23 140 M M 4 29 150
3 98 76 87 1 0 22 0.00 0.0 0 10.4 18 150 M M 1 1 23 130
4 99 76 88 2 0 23 0.00 0.0 0 10.7 18 130 M M 0 23 130
5 101 78 90 4 0 25 0.00 0.0 0 14.6 21 140 M M 1 27 150
6 98 80 89 3 0 24 0.00 0.0 0 15.8 23 130 M M 1 31 130
7 98 81 90 4 0 25 0.00 0.0 0 15.7 25 130 M M 5 30 120
8 98 80 89 3 0 24 0.00 0.0 0 17.1 29 130 M M 5 36 130
9 100 81 91 5 0 26 0.00 0.0 0 17.1 28 130 M M 3 18 34 130
10 100 82 91 5 0 26 0.00 0.0 0 16.0 24 130 M M 1 33 130
11 101 80 91 5 0 26 0.00 0.0 0 12.4 20 140 M M 1 28 140
12 104 80 92 6 0 27 0.00 0.0 0 11.7 22 130 M M 1 26 130
13 103 77 90 4 0 25 0.00 0.0 0 14.4 23 130 M M 0 29 140
14 101 78 90 3 0 25 0.00 0.0 0 17.0 25 130 M M 1 8 33 130
15 100 81 91 4 0 26 0.00 0.0 0 17.7 26 140 M M 2 36 140
16 99 80 90 3 0 25 0.00 0.0 0 15.3 24 120 M M 4 30 120
17 99 80 90 3 0 25 0.00 0.0 0 13.9 25 130 M M 3 33 120
18 96 76 86 -1 0 21 0.01 0.0 0 11.8 23 80 M M 4 29 80
19 98 77 88 1 0 23 0.00 0.0 0 9.0 20 110 M M 1 25 100
20 99 77 88 1 0 23 0.00 0.0 0 6.8 20 90 M M 1 24 80
21 100 77 89 2 0 24 0.00 0.0 0 9.3 20 140 M M 2 25 130
22 100 77 89 2 0 24 0.00 0.0 0 8.9 22 110 M M 1 27 110
23 100 79 90 3 0 25 0.00 0.0 0 8.2 22 60 M M 1 30 50
24 101 78 90 3 0 25 T 0.0 0 5.8 16 80 M M 2 1 22 80
25 90 76 83 -4 0 18 3.78 0.0 0 17.5 36 190 M M 5 1 59 260
26 83 74 79 -8 0 14 4.52 0.0 0 19.9 39 140 M M 8 13 54 150
27 90 78 84 -3 0 19 T 0.0 0 9.1 22 70 M M 4 3 27 70
28 87 77 82 -5 0 17 0.00 0.0 0 6.1 21 120 M M 2 3 25 130
29 85 77 81 -6 0 16 T 0.0 0 8.9 18 160 M M 1 23 150
30 93 77 85 -2 0 20 0.00 0.0 0 12.3 22 130 M M 4 1 29 160
31 94 80 87 0 0 22 0.00 0.0 0 12.3 20 130 M M 4 26 120
================================================================================
SM 3011 2427 0 712 8.31 0.0 396.0 M 78
================================================================================
AV 97.1 78.3 12.8 FASTST M M 3 MAX(MPH)
MISC ----> # 39 140 # 59 260
================================================================================
NOTES:
# LAST OF SEVERAL OCCURRENCES
COLUMN 17 PEAK WIND IN M.P.H.
PRELIMINARY LOCAL CLIMATOLOGICAL DATA (WS FORM: F-6) , PAGE 2
STATION: MCALLEN
MONTH: JULY
YEAR: 2020
LATITUDE: 26 10 N
LONGITUDE: 98 14 W
[TEMPERATURE DATA] [PRECIPITATION DATA] SYMBOLS USED IN COLUMN 16
AVERAGE MONTHLY: 87.7 TOTAL FOR MONTH: 8.31 1 = FOG OR MIST
DPTR FM NORMAL: 1.0 DPTR FM NORMAL: 6.31 2 = FOG REDUCING VISIBILITY
HIGHEST: 104 ON 12 GRTST 24HR 4.52 ON 26-26 TO 1/4 MILE OR LESS
LOWEST: 74 ON 26 3 = THUNDER
SNOW, ICE PELLETS, HAIL 4 = ICE PELLETS
TOTAL MONTH: 0.0 INCH 5 = HAIL
GRTST 24HR 0.0 6 = FREEZING RAIN OR DRIZZLE
GRTST DEPTH: 0 7 = DUSTSTORM OR SANDSTORM:
VSBY 1/2 MILE OR LESS
8 = SMOKE OR HAZE
[NO. OF DAYS WITH] [WEATHER - DAYS WITH] 9 = BLOWING SNOW
X = TORNADO
MAX 32 OR BELOW: 0 0.01 INCH OR MORE: 3
MAX 90 OR ABOVE: 28 0.10 INCH OR MORE: 2
MIN 32 OR BELOW: 0 0.50 INCH OR MORE: 2
MIN 0 OR BELOW: 0 1.00 INCH OR MORE: 2
[HDD (BASE 65) ]
TOTAL THIS MO. 0 CLEAR (SCALE 0-3) 18
DPTR FM NORMAL 0 PTCLDY (SCALE 4-7) 12
TOTAL FM JUL 1 0 CLOUDY (SCALE 8-10) 1
DPTR FM NORMAL 0
[CDD (BASE 65) ]
TOTAL THIS MO. 712
DPTR FM NORMAL 38 [PRESSURE DATA]
TOTAL FM JAN 1 3026 HIGHEST SLP 30.02 ON 16
DPTR FM NORMAL 469 LOWEST SLP 29.33 ON 25
[REMARKS]
#FINAL-07-20#